CRAN Package Check Results for Package metabolic

Last updated on 2025-10-21 09:48:37 CEST.

Flavor Version Tinstall Tcheck Ttotal Status Flags
r-devel-linux-x86_64-debian-clang 0.1.2 13.54 112.17 125.71 OK
r-devel-linux-x86_64-debian-gcc 0.1.2 10.54 80.67 91.21 NOTE
r-devel-linux-x86_64-fedora-clang 0.1.2 195.88 OK
r-devel-linux-x86_64-fedora-gcc 0.1.2 174.91 OK
r-devel-windows-x86_64 0.1.2 15.00 110.00 125.00 OK
r-patched-linux-x86_64 0.1.2 14.36 99.91 114.27 OK
r-release-linux-x86_64 0.1.2 14.66 100.00 114.66 OK
r-release-macos-arm64 0.1.2 44.00 OK
r-release-macos-x86_64 0.1.2 77.00 OK
r-release-windows-x86_64 0.1.2 17.00 111.00 128.00 OK
r-oldrel-macos-arm64 0.1.2 48.00 OK
r-oldrel-macos-x86_64 0.1.2 64.00 OK
r-oldrel-windows-x86_64 0.1.2 21.00 136.00 157.00 OK

Check Details

Version: 0.1.2
Check: HTML version of manual
Result: NOTE Found the following HTML validation problems: detect_sensitivity.html:46:1 (detect_sensitivity.Rd:10): Warning: missing </ul> before </div> Flavor: r-devel-linux-x86_64-debian-gcc