Last updated on 2025-10-22 09:50:40 CEST.
Flavor | Version | Tinstall | Tcheck | Ttotal | Status | Flags |
---|---|---|---|---|---|---|
r-devel-linux-x86_64-debian-clang | 0.3.1 | 10.65 | 106.53 | 117.18 | NOTE | |
r-devel-linux-x86_64-debian-gcc | 0.3.1 | 7.45 | 78.34 | 85.79 | NOTE | |
r-devel-linux-x86_64-fedora-clang | 0.3.1 | 58.00 | 126.08 | 184.08 | OK | |
r-devel-linux-x86_64-fedora-gcc | 0.3.1 | 21.00 | 159.11 | 180.11 | OK | |
r-devel-windows-x86_64 | 0.3.1 | 11.00 | 106.00 | 117.00 | OK | |
r-patched-linux-x86_64 | 0.3.1 | 9.79 | 97.67 | 107.46 | OK | |
r-release-linux-x86_64 | 0.3.1 | 9.29 | 97.42 | 106.71 | OK | |
r-release-macos-arm64 | 0.3.1 | 5.00 | 56.00 | 61.00 | OK | |
r-release-macos-x86_64 | 0.3.1 | 9.00 | 96.00 | 105.00 | OK | |
r-release-windows-x86_64 | 0.3.1 | 14.00 | 108.00 | 122.00 | OK | |
r-oldrel-macos-arm64 | 0.3.1 | 5.00 | 60.00 | 65.00 | OK | |
r-oldrel-macos-x86_64 | 0.3.1 | 13.00 | 122.00 | 135.00 | OK | |
r-oldrel-windows-x86_64 | 0.3.1 | 15.00 | 132.00 | 147.00 | OK |
Version: 0.3.1
Check: HTML version of manual
Result: NOTE
Found the following HTML validation problems:
download_EML_data.html:66:1 (download_EML_data.Rd:20): Warning: missing </ul> before </div>
download_ISO_data.html:66:1 (download_ISO_data.Rd:20): Warning: missing </ul> before </div>
Flavors: r-devel-linux-x86_64-debian-clang, r-devel-linux-x86_64-debian-gcc