Last updated on 2025-10-22 09:50:40 CEST.
Flavor | Version | Tinstall | Tcheck | Ttotal | Status | Flags |
---|---|---|---|---|---|---|
r-devel-linux-x86_64-debian-clang | 2.0-3 | 46.58 | 410.29 | 456.87 | NOTE | |
r-devel-linux-x86_64-debian-gcc | 2.0-3 | 31.98 | 276.83 | 308.81 | NOTE | |
r-devel-linux-x86_64-fedora-clang | 2.0-3 | 270.00 | 450.16 | 720.16 | OK | |
r-devel-linux-x86_64-fedora-gcc | 2.0-3 | 105.00 | 580.07 | 685.07 | OK | |
r-devel-windows-x86_64 | 2.0-3 | 46.00 | 330.00 | 376.00 | OK | |
r-patched-linux-x86_64 | 2.0-3 | 44.83 | 389.10 | 433.93 | NOTE | |
r-release-linux-x86_64 | 2.0-3 | 48.31 | 394.50 | 442.81 | NOTE | |
r-release-macos-arm64 | 2.0-3 | 19.00 | 138.00 | 157.00 | OK | |
r-release-macos-x86_64 | 2.0-3 | 47.00 | 304.00 | 351.00 | OK | |
r-release-windows-x86_64 | 2.0-3 | 45.00 | 333.00 | 378.00 | OK | |
r-oldrel-macos-arm64 | 2.0-3 | 10.00 | 76.00 | 86.00 | OK | |
r-oldrel-macos-x86_64 | 2.0-3 | 30.00 | 228.00 | 258.00 | OK | |
r-oldrel-windows-x86_64 | 2.0-3 | 64.00 | 462.00 | 526.00 | OK |
Version: 2.0-3
Check: for unstated dependencies in ‘demo’
Result: NOTE
'library' or 'require' call not declared from: ‘xts’
Flavors: r-devel-linux-x86_64-debian-clang, r-devel-linux-x86_64-debian-gcc, r-patched-linux-x86_64, r-release-linux-x86_64