Last updated on 2025-10-22 09:50:40 CEST.
Flavor | Version | Tinstall | Tcheck | Ttotal | Status | Flags |
---|---|---|---|---|---|---|
r-devel-linux-x86_64-debian-clang | 0.1-4 | 6.71 | 63.71 | 70.42 | NOTE | |
r-devel-linux-x86_64-debian-gcc | 0.1-4 | 4.88 | 46.63 | 51.51 | NOTE | |
r-devel-linux-x86_64-fedora-clang | 0.1-4 | 20.00 | 93.89 | 113.89 | OK | |
r-devel-linux-x86_64-fedora-gcc | 0.1-4 | 15.00 | 88.18 | 103.18 | OK | |
r-devel-windows-x86_64 | 0.1-4 | 8.00 | 69.00 | 77.00 | OK | |
r-patched-linux-x86_64 | 0.1-4 | 6.74 | 62.21 | 68.95 | OK | |
r-release-linux-x86_64 | 0.1-4 | 7.94 | 61.41 | 69.35 | OK | |
r-release-macos-arm64 | 0.1-4 | 4.00 | 32.00 | 36.00 | OK | |
r-release-macos-x86_64 | 0.1-4 | 7.00 | 56.00 | 63.00 | OK | |
r-release-windows-x86_64 | 0.1-4 | 8.00 | 72.00 | 80.00 | OK | |
r-oldrel-macos-arm64 | 0.1-4 | 4.00 | 30.00 | 34.00 | OK | |
r-oldrel-macos-x86_64 | 0.1-4 | 5.00 | 44.00 | 49.00 | OK | |
r-oldrel-windows-x86_64 | 0.1-4 | 11.00 | 88.00 | 99.00 | OK |
Version: 0.1-4
Check: CRAN incoming feasibility
Result: NOTE
Maintainer: ‘Cai Li <cai.li.stats@gmail.com>’
No Authors@R field in DESCRIPTION.
Please add one, modifying
Authors@R: c(person(given = "Cai",
family = "Li",
role = c("aut", "cre"),
email = "cai.li.stats@gmail.com"),
person(given = "Luo",
family = "Xiao",
role = "aut"))
as necessary.
Flavors: r-devel-linux-x86_64-debian-clang, r-devel-linux-x86_64-debian-gcc