Last updated on 2025-10-21 09:48:37 CEST.
Flavor | Version | Tinstall | Tcheck | Ttotal | Status | Flags |
---|---|---|---|---|---|---|
r-devel-linux-x86_64-debian-clang | 0.2.0 | 7.57 | 69.22 | 76.79 | NOTE | |
r-devel-linux-x86_64-debian-gcc | 0.2.0 | 5.82 | 52.65 | 58.47 | NOTE | |
r-devel-linux-x86_64-fedora-clang | 0.2.0 | 118.95 | OK | |||
r-devel-linux-x86_64-fedora-gcc | 0.2.0 | 127.33 | OK | |||
r-devel-windows-x86_64 | 0.2.0 | 8.00 | 77.00 | 85.00 | OK | |
r-patched-linux-x86_64 | 0.2.0 | 6.75 | 66.09 | 72.84 | OK | |
r-release-linux-x86_64 | 0.2.0 | 7.68 | 65.58 | 73.26 | OK | |
r-release-macos-arm64 | 0.2.0 | 51.00 | OK | |||
r-release-macos-x86_64 | 0.2.0 | 105.00 | OK | |||
r-release-windows-x86_64 | 0.2.0 | 9.00 | 78.00 | 87.00 | OK | |
r-oldrel-macos-arm64 | 0.2.0 | 43.00 | OK | |||
r-oldrel-macos-x86_64 | 0.2.0 | 81.00 | OK | |||
r-oldrel-windows-x86_64 | 0.2.0 | 11.00 | 94.00 | 105.00 | OK |
Version: 0.2.0
Check: CRAN incoming feasibility
Result: NOTE
Maintainer: ‘Nathan Carr <nathan.carr@maxar.com>’
No Authors@R field in DESCRIPTION.
Please add one, modifying
Authors@R: person(given = "Nathan",
family = "Carr",
role = c("aut", "cre"),
email = "nathan.carr@maxar.com")
as necessary.
Flavors: r-devel-linux-x86_64-debian-clang, r-devel-linux-x86_64-debian-gcc
Version: 0.2.0
Check: HTML version of manual
Result: NOTE
Found the following HTML validation problems:
Interface.html:334:1 (Interface.Rd:219): Warning: missing </ul> before </div>
Interface.html:123:1 (Interface.Rd:64): Warning: <h5> anchor "Usage" already defined
Interface.html:135:1 (Interface.Rd:74): Warning: <h5> anchor "Arguments" already defined
Interface.html:180:1 (Interface.Rd:108): Warning: <h5> anchor "Usage" already defined
Interface.html:197:1 (Interface.Rd:123): Warning: <h5> anchor "Arguments" already defined
Interface.html:232:1 (Interface.Rd:152): Warning: <h5> anchor "Returns" already defined
Interface.html:252:1 (Interface.Rd:165): Warning: <h5> anchor "Usage" already defined
Interface.html:267:1 (Interface.Rd:178): Warning: <h5> anchor "Arguments" already defined
Interface.html:294:1 (Interface.Rd:199): Warning: <h5> anchor "Returns" already defined
Interface.html:311:1 (Interface.Rd:208): Warning: <h5> anchor "Usage" already defined
Interface.html:317:1 (Interface.Rd:212): Warning: <h5> anchor "Arguments" already defined
Flavor: r-devel-linux-x86_64-debian-gcc