Last updated on 2025-10-22 09:50:40 CEST.
Flavor | Version | Tinstall | Tcheck | Ttotal | Status | Flags |
---|---|---|---|---|---|---|
r-devel-linux-x86_64-debian-clang | 3.18.0 | 36.38 | 252.62 | 289.00 | NOTE | |
r-devel-linux-x86_64-debian-gcc | 3.18.0 | 27.16 | 167.25 | 194.41 | NOTE | |
r-devel-linux-x86_64-fedora-clang | 3.18.0 | 112.00 | 347.78 | 459.78 | OK | |
r-devel-linux-x86_64-fedora-gcc | 3.18.0 | 83.00 | 347.70 | 430.70 | OK | |
r-devel-windows-x86_64 | 3.18.0 | 43.00 | 296.00 | 339.00 | OK | |
r-patched-linux-x86_64 | 3.18.0 | 43.93 | 237.47 | 281.40 | OK | |
r-release-linux-x86_64 | 3.18.0 | 35.49 | 236.48 | 271.97 | OK | |
r-release-macos-arm64 | 3.18.0 | 15.00 | 95.00 | 110.00 | OK | |
r-release-macos-x86_64 | 3.18.0 | 25.00 | 157.00 | 182.00 | OK | |
r-release-windows-x86_64 | 3.18.0 | 46.00 | 295.00 | 341.00 | OK | |
r-oldrel-macos-arm64 | 3.18.0 | 15.00 | 95.00 | 110.00 | OK | |
r-oldrel-macos-x86_64 | 3.18.0 | 21.00 | 162.00 | 183.00 | OK | |
r-oldrel-windows-x86_64 | 3.18.0 | 56.00 | 374.00 | 430.00 | OK |
Version: 3.18.0
Check: HTML version of manual
Result: NOTE
Found the following HTML validation problems:
getqbar.html:46:1 (getqbar.Rd:10): Warning: missing </ul> before </div>
Flavors: r-devel-linux-x86_64-debian-clang, r-devel-linux-x86_64-debian-gcc