Last updated on 2025-10-21 09:48:38 CEST.
Flavor | Version | Tinstall | Tcheck | Ttotal | Status | Flags |
---|---|---|---|---|---|---|
r-devel-linux-x86_64-debian-clang | 0.1.0 | 14.48 | 67.40 | 81.88 | NOTE | |
r-devel-linux-x86_64-debian-gcc | 0.1.0 | 10.14 | 50.82 | 60.96 | NOTE | |
r-devel-linux-x86_64-fedora-clang | 0.1.0 | 129.61 | NOTE | |||
r-devel-linux-x86_64-fedora-gcc | 0.1.0 | 116.90 | NOTE | |||
r-devel-windows-x86_64 | 0.1.0 | 14.00 | 81.00 | 95.00 | NOTE | |
r-patched-linux-x86_64 | 0.1.0 | 14.07 | 62.60 | 76.67 | NOTE | |
r-release-linux-x86_64 | 0.1.0 | 12.54 | 62.03 | 74.57 | NOTE | |
r-release-macos-arm64 | 0.1.0 | 34.00 | NOTE | |||
r-release-macos-x86_64 | 0.1.0 | 62.00 | NOTE | |||
r-release-windows-x86_64 | 0.1.0 | 15.00 | 77.00 | 92.00 | NOTE | |
r-oldrel-macos-arm64 | 0.1.0 | 37.00 | OK | |||
r-oldrel-macos-x86_64 | 0.1.0 | 49.00 | OK | |||
r-oldrel-windows-x86_64 | 0.1.0 | 21.00 | 97.00 | 118.00 | OK |
Version: 0.1.0
Check: DESCRIPTION meta-information
Result: NOTE
Missing dependency on R >= 4.1.0 because package code uses the pipe
|> or function shorthand \(...) syntax added in R 4.1.0.
File(s) using such syntax:
‘cylinder-bundle-compartment.R’ ‘cylinder-bundle-geometry.R’
‘samplers.R’ ‘utils.R’
Flavors: r-devel-linux-x86_64-debian-clang, r-devel-linux-x86_64-debian-gcc, r-devel-linux-x86_64-fedora-clang, r-devel-linux-x86_64-fedora-gcc, r-devel-windows-x86_64, r-patched-linux-x86_64, r-release-linux-x86_64, r-release-macos-arm64, r-release-macos-x86_64, r-release-windows-x86_64
Version: 0.1.0
Check: HTML version of manual
Result: NOTE
Found the following HTML validation problems:
CylinderBundleCompartment.html:142:1 (CylinderBundleCompartment.Rd:111): Warning: <h5> anchor "Usage" already defined
CylinderBundleCompartment.html:156:1 (CylinderBundleCompartment.Rd:123): Warning: <h5> anchor "Arguments" already defined
CylinderBundleCompartment.html:187:1 (CylinderBundleCompartment.Rd:148): Warning: <h5> anchor "Returns" already defined
CylinderBundleCompartment.html:225:1 (CylinderBundleCompartment.Rd:177): Warning: <h5> anchor "Usage" already defined
CylinderBundleCompartment.html:231:1 (CylinderBundleCompartment.Rd:181): Warning: <h5> anchor "Arguments" already defined
CylinderCompartment.html:109:1 (CylinderCompartment.Rd:77): Warning: <h5> anchor "Usage" already defined
CylinderCompartment.html:123:1 (CylinderCompartment.Rd:89): Warning: <h5> anchor "Arguments" already defined
CylinderCompartment.html:154:1 (CylinderCompartment.Rd:114): Warning: <h5> anchor "Returns" already defined
CylinderCompartment.html:191:1 (CylinderCompartment.Rd:142): Warning: <h5> anchor "Usage" already defined
CylinderCompartment.html:197:1 (CylinderCompartment.Rd:146): Warning: <h5> anchor "Arguments" already defined
CylinderRadialCompartment.html:98:1 (CylinderRadialCompartment.Rd:83): Warning: <h5> anchor "Usage" already defined
CylinderRadialCompartment.html:111:1 (CylinderRadialCompartment.Rd:94): Warning: <h5> anchor "Arguments" already defined
CylinderRadialCompartment.html:139:1 (CylinderRadialCompartment.Rd:116): Warning: <h5> anchor "Returns" already defined
CylinderRadialCompartment.html:193:1 (CylinderRadialCompartment.Rd:161): Warning: <h5> anchor "Usage" already defined
CylinderRadialCompartment.html:199:1 (CylinderRadialCompartment.Rd:165): Warning: <h5> anchor "Arguments" already defined
Flavor: r-devel-linux-x86_64-debian-gcc