Last updated on 2025-10-22 09:50:40 CEST.
Flavor | Version | Tinstall | Tcheck | Ttotal | Status | Flags |
---|---|---|---|---|---|---|
r-devel-linux-x86_64-debian-clang | 0.1.0 | 7.76 | 101.26 | 109.02 | NOTE | |
r-devel-linux-x86_64-debian-gcc | 0.1.0 | 4.68 | 74.06 | 78.74 | NOTE | |
r-devel-linux-x86_64-fedora-clang | 0.1.0 | 23.00 | 148.50 | 171.50 | OK | |
r-devel-linux-x86_64-fedora-gcc | 0.1.0 | 15.00 | 160.21 | 175.21 | OK | |
r-devel-windows-x86_64 | 0.1.0 | 8.00 | 113.00 | 121.00 | OK | |
r-patched-linux-x86_64 | 0.1.0 | 7.72 | 96.09 | 103.81 | OK | |
r-release-linux-x86_64 | 0.1.0 | 7.10 | 95.42 | 102.52 | OK | |
r-release-macos-arm64 | 0.1.0 | 4.00 | 56.00 | 60.00 | OK | |
r-release-macos-x86_64 | 0.1.0 | 10.00 | 126.00 | 136.00 | OK | |
r-release-windows-x86_64 | 0.1.0 | 10.00 | 115.00 | 125.00 | OK | |
r-oldrel-macos-arm64 | 0.1.0 | 4.00 | 48.00 | 52.00 | OK | |
r-oldrel-macos-x86_64 | 0.1.0 | 5.00 | 74.00 | 79.00 | OK | |
r-oldrel-windows-x86_64 | 0.1.0 | 11.00 | 143.00 | 154.00 | OK |
Version: 0.1.0
Check: HTML version of manual
Result: NOTE
Found the following HTML validation problems:
three_peaks.html:46:1 (three_peaks.Rd:10): Warning: missing </ul> before </div>
Flavors: r-devel-linux-x86_64-debian-clang, r-devel-linux-x86_64-debian-gcc