Last updated on 2025-10-21 09:48:38 CEST.
Flavor | Version | Tinstall | Tcheck | Ttotal | Status | Flags |
---|---|---|---|---|---|---|
r-devel-linux-x86_64-debian-clang | 0.11.0 | 9.96 | 65.16 | 75.12 | OK | |
r-devel-linux-x86_64-debian-gcc | 0.11.0 | 6.52 | 47.26 | 53.78 | NOTE | |
r-devel-linux-x86_64-fedora-clang | 0.11.0 | 112.98 | OK | |||
r-devel-linux-x86_64-fedora-gcc | 0.11.0 | 102.44 | OK | |||
r-devel-windows-x86_64 | 0.11.0 | 14.00 | 78.00 | 92.00 | OK | |
r-patched-linux-x86_64 | 0.11.0 | 10.49 | 58.68 | 69.17 | OK | |
r-release-linux-x86_64 | 0.11.0 | 8.92 | 58.54 | 67.46 | OK | |
r-release-macos-arm64 | 0.11.0 | 33.00 | OK | |||
r-release-macos-x86_64 | 0.11.0 | 57.00 | OK | |||
r-release-windows-x86_64 | 0.11.0 | 14.00 | 80.00 | 94.00 | OK | |
r-oldrel-macos-arm64 | 0.11.0 | 38.00 | OK | |||
r-oldrel-macos-x86_64 | 0.11.0 | 68.00 | OK | |||
r-oldrel-windows-x86_64 | 0.11.0 | 19.00 | 94.00 | 113.00 | OK |
Version: 0.11.0
Check: HTML version of manual
Result: NOTE
Found the following HTML validation problems:
as_learner.OMLFlow.html:60:1 (as_learner.OMLFlow.Rd:15): Warning: missing </ul> before </div>
oml_collection.html:181:1 (oml_collection.Rd:131): Warning: <h5> anchor "Usage" already defined
oml_collection.html:197:1 (oml_collection.Rd:141): Warning: <h5> anchor "Usage" already defined
oml_collection.html:213:1 (oml_collection.Rd:151): Warning: <h5> anchor "Usage" already defined
oml_collection.html:219:1 (oml_collection.Rd:155): Warning: <h5> anchor "Arguments" already defined
oml_data.html:247:1 (oml_data.Rd:179): Warning: <h5> anchor "Usage" already defined
oml_data.html:263:1 (oml_data.Rd:189): Warning: <h5> anchor "Usage" already defined
oml_data.html:279:1 (oml_data.Rd:199): Warning: <h5> anchor "Usage" already defined
oml_data.html:285:1 (oml_data.Rd:203): Warning: <h5> anchor "Arguments" already defined
oml_data.html:309:1 (oml_data.Rd:217): Warning: <h5> anchor "Usage" already defined
oml_data.html:315:1 (oml_data.Rd:221): Warning: <h5> anchor "Arguments" already defined
oml_flow.html:138:1 (oml_flow.Rd:95): Warning: <h5> anchor "Usage" already defined
oml_flow.html:154:1 (oml_flow.Rd:105): Warning: <h5> anchor "Usage" already defined
oml_flow.html:170:1 (oml_flow.Rd:115): Warning: <h5> anchor "Usage" already defined
oml_flow.html:176:1 (oml_flow.Rd:119): Warning: <h5> anchor "Arguments" already defined
oml_object.html:173:1 (oml_object.Rd:104): Warning: missing </ul> before </div>
oml_object.html:134:1 (oml_object.Rd:83): Warning: <h5> anchor "Usage" already defined
oml_object.html:150:1 (oml_object.Rd:93): Warning: <h5> anchor "Usage" already defined
oml_object.html:156:1 (oml_object.Rd:97): Warning: <h5> anchor "Arguments" already defined
oml_run.html:204:1 (oml_run.Rd:146): Warning: <h5> anchor "Usage" already defined
oml_run.html:220:1 (oml_run.Rd:156): Warning: <h5> anchor "Usage" already defined
oml_run.html:236:1 (oml_run.Rd:166): Warning: <h5> anchor "Usage" already defined
oml_run.html:242:1 (oml_run.Rd:170): Warning: <h5> anchor "Arguments" already defined
oml_task.html:182:1 (oml_task.Rd:137): Warning: <h5> anchor "Usage" already defined
oml_task.html:198:1 (oml_task.Rd:147): Warning: <h5> anchor "Usage" already defined
oml_task.html:214:1 (oml_task.Rd:157): Warning: <h5> anchor "Usage" already defined
oml_task.html:220:1 (oml_task.Rd:161): Warning: <h5> anchor "Arguments" already defined
publish_collection.html:92:1 (publish_collection.Rd:43): Warning: missing </ul> before </div>
publish_data.html:121:1 (publish_data.Rd:62): Warning: missing </ul> before </div>
publish_task.html:85:1 (publish_task.Rd:38): Warning: missing </ul> before </div>
write_arff.html:68:1 (write_arff.Rd:17): Warning: missing </ul> before </div>
Flavor: r-devel-linux-x86_64-debian-gcc