CRAN Package Check Results for Package mlrCPO

Last updated on 2025-10-21 09:48:38 CEST.

Flavor Version Tinstall Tcheck Ttotal Status Flags
r-devel-linux-x86_64-debian-clang 0.3.8 25.72 387.10 412.82 OK
r-devel-linux-x86_64-debian-gcc 0.3.8 18.00 266.74 284.74 NOTE
r-devel-linux-x86_64-fedora-clang 0.3.8 676.13 OK
r-devel-linux-x86_64-fedora-gcc 0.3.8 632.34 OK
r-devel-windows-x86_64 0.3.8 28.00 391.00 419.00 OK
r-patched-linux-x86_64 0.3.8 38.78 364.85 403.63 OK
r-release-linux-x86_64 0.3.8 26.99 372.06 399.05 OK
r-release-macos-arm64 0.3.8 161.00 OK
r-release-macos-x86_64 0.3.8 332.00 OK
r-release-windows-x86_64 0.3.8 30.00 395.00 425.00 OK
r-oldrel-macos-arm64 0.3.8 165.00 OK
r-oldrel-macos-x86_64 0.3.8 315.00 OK
r-oldrel-windows-x86_64 0.3.8 42.00 511.00 553.00 OK

Check Details

Version: 0.3.8
Check: HTML version of manual
Result: NOTE Found the following HTML validation problems: cpoTemplate.html:116:1 (cpoTemplate.Rd:62): Warning: missing </ul> before </div> Flavor: r-devel-linux-x86_64-debian-gcc