Last updated on 2025-07-05 09:49:29 CEST.
Flavor | Version | Tinstall | Tcheck | Ttotal | Status | Flags |
---|---|---|---|---|---|---|
r-devel-linux-x86_64-debian-clang | 4.0.0 | 63.78 | 34.94 | 98.72 | OK | |
r-devel-linux-x86_64-debian-gcc | 4.0.0 | 43.40 | 26.01 | 69.41 | OK | |
r-devel-linux-x86_64-fedora-clang | 4.0.0 | 166.59 | OK | |||
r-devel-linux-x86_64-fedora-gcc | 4.0.0 | 164.33 | OK | |||
r-devel-windows-x86_64 | 4.0.0 | 326.00 | 110.00 | 436.00 | OK | |
r-patched-linux-x86_64 | 4.0.0 | 59.24 | 32.87 | 92.11 | OK | |
r-release-linux-x86_64 | 4.0.0 | 57.36 | 32.51 | 89.87 | OK | |
r-release-macos-arm64 | 4.0.0 | 56.00 | OK | |||
r-release-macos-x86_64 | 4.0.0 | 75.00 | OK | |||
r-release-windows-x86_64 | 4.0.0 | 348.00 | 114.00 | 462.00 | OK | |
r-oldrel-macos-arm64 | 4.0.0 | 58.00 | OK | |||
r-oldrel-macos-x86_64 | 4.0.0 | 98.00 | OK | |||
r-oldrel-windows-x86_64 | 4.0.0 | 398.00 | 139.00 | 537.00 | NOTE |
Version: 4.0.0
Check: installed package size
Result: NOTE
installed size is 6.7Mb
sub-directories of 1Mb or more:
libs 6.6Mb
Flavor: r-oldrel-windows-x86_64