Last updated on 2025-10-22 09:50:41 CEST.
Flavor | Version | Tinstall | Tcheck | Ttotal | Status | Flags |
---|---|---|---|---|---|---|
r-devel-linux-x86_64-debian-clang | 1.0 | 54.63 | 169.72 | 224.35 | NOTE | |
r-devel-linux-x86_64-debian-gcc | 1.0 | 35.11 | 114.83 | 149.94 | NOTE | |
r-devel-linux-x86_64-fedora-clang | 1.0 | 115.00 | 264.16 | 379.16 | OK | |
r-devel-linux-x86_64-fedora-gcc | 1.0 | 98.00 | 257.70 | 355.70 | OK | |
r-devel-windows-x86_64 | 1.0 | 65.00 | 178.00 | 243.00 | OK | |
r-patched-linux-x86_64 | 1.0 | 55.80 | 156.89 | 212.69 | OK | |
r-release-linux-x86_64 | 1.0 | 51.07 | 156.02 | 207.09 | OK | |
r-release-macos-arm64 | 1.0 | 18.00 | 64.00 | 82.00 | OK | |
r-release-macos-x86_64 | 1.0 | 21.00 | 152.00 | 173.00 | OK | |
r-release-windows-x86_64 | 1.0 | 64.00 | 177.00 | 241.00 | OK | |
r-oldrel-macos-arm64 | 1.0 | 22.00 | 82.00 | 104.00 | OK | |
r-oldrel-macos-x86_64 | 1.0 | 26.00 | 133.00 | 159.00 | OK | |
r-oldrel-windows-x86_64 | 1.0 | 74.00 | 224.00 | 298.00 | OK |
Version: 1.0
Check: HTML version of manual
Result: NOTE
Found the following HTML validation problems:
hmrfout.html:61:1 (hmrfout.Rd:21): Warning: missing </ul> before </div>
mrfout.html:61:1 (mrfout.Rd:21): Warning: missing </ul> before </div>
Flavors: r-devel-linux-x86_64-debian-clang, r-devel-linux-x86_64-debian-gcc