Last updated on 2025-10-21 09:48:38 CEST.
Flavor | Version | Tinstall | Tcheck | Ttotal | Status | Flags |
---|---|---|---|---|---|---|
r-devel-linux-x86_64-debian-clang | 1.6.1 | 98.47 | 143.77 | 242.24 | OK | |
r-devel-linux-x86_64-debian-gcc | 1.6.1 | 63.87 | 94.16 | 158.03 | NOTE | |
r-devel-linux-x86_64-fedora-clang | 1.6.1 | 445.92 | OK | |||
r-devel-linux-x86_64-fedora-gcc | 1.6.1 | 390.52 | OK | |||
r-devel-windows-x86_64 | 1.6.1 | 143.00 | 195.00 | 338.00 | OK | |
r-patched-linux-x86_64 | 1.6.1 | 104.43 | 136.33 | 240.76 | OK | |
r-release-linux-x86_64 | 1.6.1 | 105.73 | 135.32 | 241.05 | OK | |
r-release-macos-arm64 | 1.6.1 | 89.00 | OK | |||
r-release-macos-x86_64 | 1.6.1 | 152.00 | OK | |||
r-release-windows-x86_64 | 1.6.1 | 160.00 | 198.00 | 358.00 | OK | |
r-oldrel-macos-arm64 | 1.6.1 | 93.00 | NOTE | |||
r-oldrel-macos-x86_64 | 1.6.1 | 155.00 | NOTE | |||
r-oldrel-windows-x86_64 | 1.6.1 | 165.00 | 237.00 | 402.00 | OK |
Version: 1.6.1
Check: HTML version of manual
Result: NOTE
Found the following HTML validation problems:
as.list-mrgsims-method.html:51:1 (as.list-mrgsims-method.Rd:12): Warning: missing </ul> before </div>
env_get.html:52:1 (env_get.Rd:15): Warning: missing </ul> before </div>
env_ls.html:51:1 (env_ls.Rd:12): Warning: missing </ul> before </div>
env_update.html:54:1 (env_update.Rd:14): Warning: missing </ul> before </div>
ev_dplyr.html:57:1 (ev_dplyr.Rd:18): Warning: missing </ul> before </div>
ev_extract.html:62:1 (ev_extract.Rd:19): Warning: missing </ul> before </div>
file_show.html:58:1 (file_show.Rd:16): Warning: missing </ul> before </div>
matlist.html:83:1 (matlist.Rd:41): Warning: missing </ul> before </div>
matlist_ops.html:55:1 (matlist_ops.Rd:14): Warning: missing </ul> before </div>
mod.html:53:1 (mod.Rd:15): Warning: missing </ul> before </div>
mrgmod_extract.html:68:1 (mrgmod_extract.Rd:22): Warning: missing </ul> before </div>
mvgauss.html:54:1 (mvgauss.Rd:14): Warning: missing </ul> before </div>
numericlist-class.html:46:1 (numericlist-class.Rd:12): Warning: missing </ul> before </div>
numericlist.html:103:1 (numericlist.Rd:48): Warning: missing </ul> before </div>
numerics_only.html:56:1 (numerics_only.Rd:16): Warning: missing </ul> before </div>
obsaug.html:57:1 (obsaug.Rd:17): Warning: missing </ul> before </div>
plot_batch_mrgsims.html:96:1 (plot_batch_mrgsims.Rd:41): Warning: missing </ul> before </div>
show-cmt_list-method.html:47:1 (show-cmt_list-method.Rd:10): Warning: missing </ul> before </div>
show-mrgmod-method.html:47:1 (show-mrgmod-method.Rd:10): Warning: missing </ul> before </div>
show-parameter_list-method.html:47:1 (show-parameter_list-method.Rd:10): Warning: missing </ul> before </div>
summary.mrgmod.html:51:1 (summary.mrgmod.Rd:12): Warning: missing </ul> before </div>
tgrid_ops.html:78:1 (tgrid_ops.Rd:38): Warning: missing </ul> before </div>
touch_funs.html:50:1 (touch_funs.Rd:12): Warning: missing </ul> before </div>
Flavor: r-devel-linux-x86_64-debian-gcc
Version: 1.6.1
Check: installed package size
Result: NOTE
installed size is 7.5Mb
sub-directories of 1Mb or more:
libs 5.5Mb
Flavors: r-oldrel-macos-arm64, r-oldrel-macos-x86_64