Last updated on 2025-10-22 09:50:41 CEST.
Flavor | Version | Tinstall | Tcheck | Ttotal | Status | Flags |
---|---|---|---|---|---|---|
r-devel-linux-x86_64-debian-clang | 0.6.0 | 3.53 | 40.50 | 44.03 | NOTE | |
r-devel-linux-x86_64-debian-gcc | 0.6.0 | 2.52 | 31.83 | 34.35 | NOTE | |
r-devel-linux-x86_64-fedora-clang | 0.6.0 | 70.15 | OK | |||
r-devel-linux-x86_64-fedora-gcc | 0.6.0 | 78.62 | OK | |||
r-devel-windows-x86_64 | 0.6.0 | 5.00 | 57.00 | 62.00 | OK | |
r-patched-linux-x86_64 | 0.6.0 | 2.48 | 39.39 | 41.87 | OK | |
r-release-linux-x86_64 | 0.6.0 | 3.50 | 38.94 | 42.44 | OK | |
r-release-macos-arm64 | 0.6.0 | 2.00 | 30.00 | 32.00 | OK | |
r-release-macos-x86_64 | 0.6.0 | 3.00 | 51.00 | 54.00 | OK | |
r-release-windows-x86_64 | 0.6.0 | 6.00 | 60.00 | 66.00 | OK | |
r-oldrel-macos-arm64 | 0.6.0 | 2.00 | 28.00 | 30.00 | OK | |
r-oldrel-macos-x86_64 | 0.6.0 | 3.00 | 41.00 | 44.00 | OK | |
r-oldrel-windows-x86_64 | 0.6.0 | 7.00 | 68.00 | 75.00 | OK |
Version: 0.6.0
Check: HTML version of manual
Result: NOTE
Found the following HTML validation problems:
dot-check_lengths.html:47:1 (dot-check_lengths.Rd:11): Warning: missing </ul> before </div>
msaROutput.html:54:1 (msaROutput.Rd:14): Warning: missing </ul> before </div>
renderMsaR.html:54:1 (renderMsaR.Rd:14): Warning: missing </ul> before </div>
Flavors: r-devel-linux-x86_64-debian-clang, r-devel-linux-x86_64-debian-gcc