Last updated on 2025-10-22 09:50:41 CEST.
Flavor | Version | Tinstall | Tcheck | Ttotal | Status | Flags |
---|---|---|---|---|---|---|
r-devel-linux-x86_64-debian-clang | 1.1.0 | 4.04 | 117.50 | 121.54 | NOTE | |
r-devel-linux-x86_64-debian-gcc | 1.1.0 | 2.90 | 82.69 | 85.59 | NOTE | |
r-devel-linux-x86_64-fedora-clang | 1.1.0 | 12.00 | 177.59 | 189.59 | OK | |
r-devel-linux-x86_64-fedora-gcc | 1.1.0 | 193.36 | OK | |||
r-devel-windows-x86_64 | 1.1.0 | 6.00 | 268.00 | 274.00 | OK | |
r-patched-linux-x86_64 | 1.1.0 | 4.31 | 111.10 | 115.41 | OK | |
r-release-linux-x86_64 | 1.1.0 | 3.73 | 110.98 | 114.71 | OK | |
r-release-macos-arm64 | 1.1.0 | 2.00 | 55.00 | 57.00 | OK | |
r-release-macos-x86_64 | 1.1.0 | 3.00 | 114.00 | 117.00 | OK | |
r-release-windows-x86_64 | 1.1.0 | 7.00 | 269.00 | 276.00 | OK | |
r-oldrel-macos-arm64 | 1.1.0 | 2.00 | 58.00 | 60.00 | OK | |
r-oldrel-macos-x86_64 | 1.1.0 | 4.00 | 115.00 | 119.00 | OK | |
r-oldrel-windows-x86_64 | 1.1.0 | 7.00 | 349.00 | 356.00 | OK |
Version: 1.1.0
Check: HTML version of manual
Result: NOTE
Found the following HTML validation problems:
cat_parallel.html:46:1 (cat_parallel.Rd:10): Warning: missing </ul> before </div>
Flavors: r-devel-linux-x86_64-debian-clang, r-devel-linux-x86_64-debian-gcc