Last updated on 2025-10-21 09:48:39 CEST.
Flavor | Version | Tinstall | Tcheck | Ttotal | Status | Flags |
---|---|---|---|---|---|---|
r-devel-linux-x86_64-debian-clang | 0.8 | 25.71 | 285.45 | 311.16 | OK | |
r-devel-linux-x86_64-debian-gcc | 0.8 | 19.96 | 205.19 | 225.15 | NOTE | |
r-devel-linux-x86_64-fedora-clang | 0.8 | 502.81 | OK | |||
r-devel-linux-x86_64-fedora-gcc | 0.8 | 526.92 | OK | |||
r-devel-windows-x86_64 | 0.8 | 32.00 | 308.00 | 340.00 | OK | |
r-patched-linux-x86_64 | 0.8 | 29.04 | 282.57 | 311.61 | OK | |
r-release-linux-x86_64 | 0.8 | 27.27 | 280.39 | 307.66 | OK | |
r-release-macos-arm64 | 0.8 | 163.00 | OK | |||
r-release-macos-x86_64 | 0.8 | 335.00 | OK | |||
r-release-windows-x86_64 | 0.8 | 33.00 | 302.00 | 335.00 | OK | |
r-oldrel-macos-arm64 | 0.8 | 140.00 | OK | |||
r-oldrel-macos-x86_64 | 0.8 | 232.00 | OK | |||
r-oldrel-windows-x86_64 | 0.8 | 40.00 | 403.00 | 443.00 | OK |
Version: 0.8
Check: HTML version of manual
Result: NOTE
Found the following HTML validation problems:
cox_obj_function.html:89:1 (cox_obj_function.Rd:37): Warning: missing </ul> before </div>
dev_function.html:59:1 (dev_function.Rd:17): Warning: missing </ul> before </div>
get_eta.html:60:1 (get_eta.Rd:18): Warning: missing </ul> before </div>
obj_function.html:94:1 (obj_function.Rd:40): Warning: missing </ul> before </div>
reshape_x_to_xlist.html:51:1 (reshape_x_to_xlist.Rd:13): Warning: missing </ul> before </div>
Flavor: r-devel-linux-x86_64-debian-gcc