CRAN Package Check Results for Package mvngGrAd

Last updated on 2025-10-22 09:50:42 CEST.

Flavor Version Tinstall Tcheck Ttotal Status Flags
r-devel-linux-x86_64-debian-clang 0.1.6 3.24 34.17 37.41 NOTE
r-devel-linux-x86_64-debian-gcc 0.1.6 2.41 27.24 29.65 NOTE
r-devel-linux-x86_64-fedora-clang 0.1.6 55.70 OK
r-devel-linux-x86_64-fedora-gcc 0.1.6 66.10 OK
r-devel-windows-x86_64 0.1.6 3.00 69.00 72.00 OK
r-patched-linux-x86_64 0.1.6 2.77 32.55 35.32 OK
r-release-linux-x86_64 0.1.6 2.63 32.78 35.41 OK
r-release-macos-arm64 0.1.6 2.00 25.00 27.00 OK
r-release-macos-x86_64 0.1.6 3.00 54.00 57.00 OK
r-release-windows-x86_64 0.1.6 4.00 66.00 70.00 OK
r-oldrel-macos-arm64 0.1.6 2.00 23.00 25.00 OK
r-oldrel-macos-x86_64 0.1.6 2.00 38.00 40.00 OK
r-oldrel-windows-x86_64 0.1.6 4.00 61.00 65.00 OK

Check Details

Version: 0.1.6
Check: CRAN incoming feasibility
Result: NOTE Maintainer: ‘Frank Technow <mvnggrad@fastmail.com>’ No Authors@R field in DESCRIPTION. Please add one, modifying Authors@R: person(given = "Frank", family = "Technow", role = c("aut", "cre"), email = "mvnggrad@fastmail.com") as necessary. Flavors: r-devel-linux-x86_64-debian-clang, r-devel-linux-x86_64-debian-gcc