CRAN Package Check Results for Package nLTT

Last updated on 2025-10-21 09:48:39 CEST.

Flavor Version Tinstall Tcheck Ttotal Status Flags
r-devel-linux-x86_64-debian-clang 1.4.10 2.80 85.05 87.85 OK
r-devel-linux-x86_64-debian-gcc 1.4.10 1.82 64.08 65.90 NOTE
r-devel-linux-x86_64-fedora-clang 1.4.10 138.57 OK
r-devel-linux-x86_64-fedora-gcc 1.4.10 145.87 OK
r-devel-windows-x86_64 1.4.10 4.00 101.00 105.00 OK
r-patched-linux-x86_64 1.4.10 3.30 81.39 84.69 OK
r-release-linux-x86_64 1.4.10 2.69 80.91 83.60 OK
r-release-macos-arm64 1.4.10 48.00 OK
r-release-macos-x86_64 1.4.10 86.00 OK
r-release-windows-x86_64 1.4.10 4.00 103.00 107.00 OK
r-oldrel-macos-arm64 1.4.10 48.00 OK
r-oldrel-macos-x86_64 1.4.10 120.00 OK
r-oldrel-windows-x86_64 1.4.10 6.00 120.00 126.00 OK

Check Details

Version: 1.4.10
Check: HTML version of manual
Result: NOTE Found the following HTML validation problems: check_phylogenies.html:49:1 (check_phylogenies.Rd:13): Warning: missing </ul> before </div> check_step_type.html:57:1 (check_step_type.Rd:16): Warning: missing </ul> before </div> Flavor: r-devel-linux-x86_64-debian-gcc