CRAN Package Check Results for Package netSEM

Last updated on 2025-10-22 09:50:42 CEST.

Flavor Version Tinstall Tcheck Ttotal Status Flags
r-devel-linux-x86_64-debian-clang 0.6.2 8.96 86.66 95.62 NOTE
r-devel-linux-x86_64-debian-gcc 0.6.2 6.13 64.15 70.28 NOTE
r-devel-linux-x86_64-fedora-clang 0.6.2 24.00 122.78 146.78 NOTE
r-devel-linux-x86_64-fedora-gcc 0.6.2 19.00 142.96 161.96 NOTE
r-devel-windows-x86_64 0.6.2 11.00 103.00 114.00 NOTE
r-patched-linux-x86_64 0.6.2 8.01 82.06 90.07 NOTE
r-release-linux-x86_64 0.6.2 8.86 83.68 92.54 NOTE
r-release-macos-arm64 0.6.2 5.00 118.00 123.00 NOTE
r-release-macos-x86_64 0.6.2 8.00 127.00 135.00 NOTE
r-release-windows-x86_64 0.6.2 11.00 106.00 117.00 NOTE
r-oldrel-macos-arm64 0.6.2 4.00 54.00 58.00 NOTE
r-oldrel-macos-x86_64 0.6.2 6.00 75.00 81.00 NOTE
r-oldrel-windows-x86_64 0.6.2 14.00 124.00 138.00 NOTE

Check Details

Version: 0.6.2
Check: Rd files
Result: NOTE checkRd: (-1) PVmodule.Rd:27: Lost braces; missing escapes or markup? 27 | In the resulting netSEM model, time was used as a proxy for damp heat exposure stress (S) variable and $P_{max}$ (maximum power generated by the modules) was used as the performance level response ($R$) variable, several mechanistic variables ($M$) were obtained through chemical evaluation methods, including FTIR and TGA on EVA encapsulant. | ^ checkRd: (-1) netSEMp1.Rd:55: Lost braces 55 | For example, in the quadratic functional form y ~ b0 + b1x + b2x^2, the three P-values correspond two those of \\hat{b0}, \\hat{b1} and \\hat{b2}, respectively. | ^ checkRd: (-1) netSEMp1.Rd:55: Lost braces 55 | For example, in the quadratic functional form y ~ b0 + b1x + b2x^2, the three P-values correspond two those of \\hat{b0}, \\hat{b1} and \\hat{b2}, respectively. | ^ checkRd: (-1) netSEMp1.Rd:55: Lost braces 55 | For example, in the quadratic functional form y ~ b0 + b1x + b2x^2, the three P-values correspond two those of \\hat{b0}, \\hat{b1} and \\hat{b2}, respectively. | ^ Flavors: r-devel-linux-x86_64-debian-clang, r-devel-linux-x86_64-debian-gcc, r-devel-linux-x86_64-fedora-clang, r-devel-linux-x86_64-fedora-gcc, r-devel-windows-x86_64, r-patched-linux-x86_64, r-release-linux-x86_64, r-release-macos-arm64, r-release-macos-x86_64, r-release-windows-x86_64, r-oldrel-macos-arm64, r-oldrel-macos-x86_64, r-oldrel-windows-x86_64