Last updated on 2025-10-21 09:48:39 CEST.
Flavor | Version | Tinstall | Tcheck | Ttotal | Status | Flags |
---|---|---|---|---|---|---|
r-devel-linux-x86_64-debian-clang | 0.5.1 | 2.45 | 24.00 | 26.45 | OK | |
r-devel-linux-x86_64-debian-gcc | 0.5.1 | 1.78 | 19.41 | 21.19 | NOTE | |
r-devel-linux-x86_64-fedora-clang | 0.5.1 | 41.12 | OK | |||
r-devel-linux-x86_64-fedora-gcc | 0.5.1 | 54.14 | OK | |||
r-devel-windows-x86_64 | 0.5.1 | 3.00 | 45.00 | 48.00 | OK | |
r-patched-linux-x86_64 | 0.5.1 | 2.34 | 22.94 | 25.28 | OK | |
r-release-linux-x86_64 | 0.5.1 | 2.48 | 23.09 | 25.57 | OK | |
r-release-macos-arm64 | 0.5.1 | 26.00 | OK | |||
r-release-macos-x86_64 | 0.5.1 | 41.00 | OK | |||
r-release-windows-x86_64 | 0.5.1 | 4.00 | 45.00 | 49.00 | OK | |
r-oldrel-macos-arm64 | 0.5.1 | 22.00 | OK | |||
r-oldrel-macos-x86_64 | 0.5.1 | 37.00 | OK | |||
r-oldrel-windows-x86_64 | 0.5.1 | 4.00 | 50.00 | 54.00 | OK |
Version: 0.5.1
Check: HTML version of manual
Result: NOTE
Found the following HTML validation problems:
news.html:124:1 (news.Rd:72): Warning: <h5> anchor "Usage" already defined
news.html:140:1 (news.Rd:82): Warning: <h5> anchor "Usage" already defined
news.html:146:1 (news.Rd:86): Warning: <h5> anchor "Returns" already defined
news.html:163:1 (news.Rd:95): Warning: <h5> anchor "Usage" already defined
news.html:169:1 (news.Rd:99): Warning: <h5> anchor "Arguments" already defined
news.html:195:1 (news.Rd:115): Warning: <h5> anchor "Usage" already defined
news.html:201:1 (news.Rd:119): Warning: <h5> anchor "Arguments" already defined
news.html:224:1 (news.Rd:132): Warning: <h5> anchor "Usage" already defined
news.html:230:1 (news.Rd:136): Warning: <h5> anchor "Arguments" already defined
news.html:253:1 (news.Rd:149): Warning: <h5> anchor "Usage" already defined
news.html:259:1 (news.Rd:153): Warning: <h5> anchor "Arguments" already defined
news.html:282:1 (news.Rd:166): Warning: <h5> anchor "Usage" already defined
news.html:288:1 (news.Rd:170): Warning: <h5> anchor "Arguments" already defined
Flavor: r-devel-linux-x86_64-debian-gcc