Last updated on 2025-10-22 09:50:42 CEST.
Flavor | Version | Tinstall | Tcheck | Ttotal | Status | Flags |
---|---|---|---|---|---|---|
r-devel-linux-x86_64-debian-clang | 1.3.2 | 13.80 | 207.23 | 221.03 | OK | |
r-devel-linux-x86_64-debian-gcc | 1.3.2 | 10.49 | 142.75 | 153.24 | OK | |
r-devel-linux-x86_64-fedora-clang | 1.3.2 | 81.00 | 257.42 | 338.42 | OK | |
r-devel-linux-x86_64-fedora-gcc | 1.3.2 | 34.00 | 314.11 | 348.11 | OK | |
r-devel-windows-x86_64 | 1.3.2 | 15.00 | 191.00 | 206.00 | OK | |
r-patched-linux-x86_64 | 1.3.2 | 15.02 | 190.45 | 205.47 | OK | |
r-release-linux-x86_64 | 1.3.2 | 11.49 | 193.32 | 204.81 | OK | |
r-release-macos-arm64 | 1.3.2 | 7.00 | 91.00 | 98.00 | OK | |
r-release-macos-x86_64 | 1.3.2 | 11.00 | 152.00 | 163.00 | OK | |
r-release-windows-x86_64 | 1.3.2 | 15.00 | 184.00 | 199.00 | OK | |
r-oldrel-macos-arm64 | 1.3.2 | 6.00 | 95.00 | 101.00 | NOTE | |
r-oldrel-macos-x86_64 | 1.3.2 | 13.00 | 159.00 | 172.00 | NOTE | |
r-oldrel-windows-x86_64 | 1.3.2 | 20.00 | 229.00 | 249.00 | NOTE |
Version: 1.3.2
Check: installed package size
Result: NOTE
installed size is 7.4Mb
sub-directories of 1Mb or more:
data 1.6Mb
doc 5.1Mb
Flavors: r-oldrel-macos-arm64, r-oldrel-macos-x86_64, r-oldrel-windows-x86_64