CRAN Package Check Results for Package nhs.predict

Last updated on 2025-10-27 08:50:00 CET.

Flavor Version Tinstall Tcheck Ttotal Status Flags
r-devel-linux-x86_64-debian-clang 1.4.0 2.29 23.81 26.10 NOTE
r-devel-linux-x86_64-debian-gcc 1.4.0 1.62 18.59 20.21 NOTE
r-devel-linux-x86_64-fedora-clang 1.4.0 39.09 OK
r-devel-linux-x86_64-fedora-gcc 1.4.0 37.45 OK
r-devel-windows-x86_64 1.4.0 3.00 46.00 49.00 OK
r-patched-linux-x86_64 1.4.0 2.43 22.37 24.80 OK
r-release-linux-x86_64 1.4.0 2.31 22.47 24.78 OK
r-release-macos-arm64 1.4.0 2.00 17.00 19.00 OK
r-release-macos-x86_64 1.4.0 2.00 30.00 32.00 OK
r-release-windows-x86_64 1.4.0 3.00 62.00 65.00 OK
r-oldrel-macos-arm64 1.4.0 1.00 15.00 16.00 OK
r-oldrel-macos-x86_64 1.4.0 2.00 23.00 25.00 OK
r-oldrel-windows-x86_64 1.4.0 3.00 45.00 48.00 OK

Check Details

Version: 1.4.0
Check: CRAN incoming feasibility
Result: NOTE Maintainer: ‘Giovanni Tramonti <giovanni.tramonti@ed.ac.uk>’ No Authors@R field in DESCRIPTION. Please add one, modifying Authors@R: person(given = "Giovanni", family = "Tramonti", role = c("aut", "cre"), email = "giovanni.tramonti@ed.ac.uk") as necessary. Flavors: r-devel-linux-x86_64-debian-clang, r-devel-linux-x86_64-debian-gcc