Last updated on 2025-10-21 09:48:39 CEST.
Flavor | Version | Tinstall | Tcheck | Ttotal | Status | Flags |
---|---|---|---|---|---|---|
r-devel-linux-x86_64-debian-clang | 0.3.6 | 46.92 | 437.72 | 484.64 | OK | |
r-devel-linux-x86_64-debian-gcc | 0.3.6 | 33.23 | 315.82 | 349.05 | NOTE | |
r-devel-linux-x86_64-fedora-clang | 0.3.6 | 807.01 | NOTE | |||
r-devel-linux-x86_64-fedora-gcc | 0.3.6 | 776.37 | NOTE | |||
r-devel-windows-x86_64 | 0.3.6 | 56.00 | 387.00 | 443.00 | OK | |
r-patched-linux-x86_64 | 0.3.6 | 43.47 | 418.26 | 461.73 | OK | |
r-release-linux-x86_64 | 0.3.6 | 42.25 | 413.91 | 456.16 | OK | |
r-release-macos-arm64 | 0.3.6 | 150.00 | OK | |||
r-release-macos-x86_64 | 0.3.6 | 7.00 | ERROR | |||
r-release-windows-x86_64 | 0.3.6 | 43.00 | 478.00 | 521.00 | OK | |
r-oldrel-macos-arm64 | 0.3.6 | 188.00 | OK | |||
r-oldrel-macos-x86_64 | 0.3.6 | 359.00 | OK | |||
r-oldrel-windows-x86_64 | 0.3.6 | 56.00 | 497.00 | 553.00 | OK |
Version: 0.3.6
Check: HTML version of manual
Result: NOTE
Found the following HTML validation problems:
print.pamrML.html:51:1 (print.pamrML.Rd:12): Warning: missing </ul> before </div>
print.summary.mcrPlot.html:56:1 (print.summary.mcrPlot.Rd:15): Warning: missing </ul> before </div>
summary.mcrPlot.html:52:1 (summary.mcrPlot.Rd:13): Warning: missing </ul> before </div>
Flavors: r-devel-linux-x86_64-debian-gcc, r-devel-linux-x86_64-fedora-clang, r-devel-linux-x86_64-fedora-gcc
Version: 0.3.6
Check: package dependencies
Result: ERROR
Package required but not available: ‘MLInterfaces’
See section ‘The DESCRIPTION file’ in the ‘Writing R Extensions’
manual.
Flavor: r-release-macos-x86_64