Last updated on 2025-10-21 09:48:39 CEST.
Flavor | Version | Tinstall | Tcheck | Ttotal | Status | Flags |
---|---|---|---|---|---|---|
r-devel-linux-x86_64-debian-clang | 0.1.0 | 6.23 | 34.67 | 40.90 | OK | |
r-devel-linux-x86_64-debian-gcc | 0.1.0 | 4.25 | 27.19 | 31.44 | NOTE | |
r-devel-linux-x86_64-fedora-clang | 0.1.0 | 61.06 | OK | |||
r-devel-linux-x86_64-fedora-gcc | 0.1.0 | 58.27 | OK | |||
r-devel-windows-x86_64 | 0.1.0 | 8.00 | 54.00 | 62.00 | OK | |
r-patched-linux-x86_64 | 0.1.0 | 7.55 | 31.77 | 39.32 | OK | |
r-release-linux-x86_64 | 0.1.0 | 6.21 | 32.07 | 38.28 | OK | |
r-release-macos-arm64 | 0.1.0 | 23.00 | OK | |||
r-release-macos-x86_64 | 0.1.0 | 39.00 | OK | |||
r-release-windows-x86_64 | 0.1.0 | 7.00 | 56.00 | 63.00 | OK | |
r-oldrel-macos-arm64 | 0.1.0 | 28.00 | OK | |||
r-oldrel-macos-x86_64 | 0.1.0 | 45.00 | OK | |||
r-oldrel-windows-x86_64 | 0.1.0 | 10.00 | 61.00 | 71.00 | OK |
Version: 0.1.0
Check: HTML version of manual
Result: NOTE
Found the following HTML validation problems:
BlocksChildrenEndpoint.html:95:1 (BlocksChildrenEndpoint.Rd:91): Warning: <h5> anchor "Usage" already defined
BlocksChildrenEndpoint.html:101:1 (BlocksChildrenEndpoint.Rd:95): Warning: <h5> anchor "Arguments" already defined
BlocksChildrenEndpoint.html:136:1 (BlocksChildrenEndpoint.Rd:117): Warning: <h5> anchor "Usage" already defined
BlocksChildrenEndpoint.html:142:1 (BlocksChildrenEndpoint.Rd:121): Warning: <h5> anchor "Arguments" already defined
BlocksChildrenEndpoint.html:159:1 (BlocksChildrenEndpoint.Rd:132): Warning: <h5> anchor "Details" already defined
BlocksEndpoint.html:110:1 (BlocksEndpoint.Rd:84): Warning: <h5> anchor "Usage" already defined
BlocksEndpoint.html:116:1 (BlocksEndpoint.Rd:88): Warning: <h5> anchor "Arguments" already defined
BlocksEndpoint.html:146:1 (BlocksEndpoint.Rd:105): Warning: <h5> anchor "Usage" already defined
BlocksEndpoint.html:152:1 (BlocksEndpoint.Rd:109): Warning: <h5> anchor "Arguments" already defined
BlocksEndpoint.html:172:1 (BlocksEndpoint.Rd:123): Warning: <h5> anchor "Details" already defined
BlocksEndpoint.html:189:1 (BlocksEndpoint.Rd:133): Warning: <h5> anchor "Usage" already defined
BlocksEndpoint.html:195:1 (BlocksEndpoint.Rd:137): Warning: <h5> anchor "Arguments" already defined
BlocksEndpoint.html:208:1 (BlocksEndpoint.Rd:144): Warning: <h5> anchor "Details" already defined
CommentsEndpoint.html:95:1 (CommentsEndpoint.Rd:67): Warning: <h5> anchor "Usage" already defined
CommentsEndpoint.html:107:1 (CommentsEndpoint.Rd:77): Warning: <h5> anchor "Arguments" already defined
CommentsEndpoint.html:145:1 (CommentsEndpoint.Rd:102): Warning: <h5> anchor "Usage" already defined
CommentsEndpoint.html:151:1 (CommentsEndpoint.Rd:106): Warning: <h5> anchor "Arguments" already defined
CommentsEndpoint.html:169:1 (CommentsEndpoint.Rd:118): Warning: <h5> anchor "Details" already defined
DatabasesEndpoint.html:101:1 (DatabasesEndpoint.Rd:136): Warning: <h5> anchor "Usage" already defined
DatabasesEndpoint.html:107:1 (DatabasesEndpoint.Rd:140): Warning: <h5> anchor "Arguments" already defined
DatabasesEndpoint.html:143:1 (DatabasesEndpoint.Rd:163): Warning: <h5> anchor "Usage" already defined
DatabasesEndpoint.html:157:1 (DatabasesEndpoint.Rd:175): Warning: <h5> anchor "Arguments" already defined
DatabasesEndpoint.html:185:1 (DatabasesEndpoint.Rd:197): Warning: <h5> anchor "Details" already defined
DatabasesEndpoint.html:202:1 (DatabasesEndpoint.Rd:207): Warning: <h5> anchor "Usage" already defined
DatabasesEndpoint.html:208:1 (DatabasesEndpoint.Rd:211): Warning: <h5> anchor "Arguments" already defined
DatabasesEndpoint.html:221:1 (DatabasesEndpoint.Rd:218): Warning: <h5> anchor "Details" already defined
DatabasesEndpoint.html:238:1 (DatabasesEndpoint.Rd:228): Warning: <h5> anchor "Usage" already defined
DatabasesEndpoint.html:249:1 (DatabasesEndpoint.Rd:237): Warning: <h5> anchor "Arguments" already defined
DatabasesEndpoint.html:268:1 (DatabasesEndpoint.Rd:250): Warning: <h5> anchor "Details" already defined
NotionClient.html:225:1 (NotionClient.Rd:184): Warning: <h5> anchor "Usage" already defined
NotionClient.html:248:1 (NotionClient.Rd:197): Warning: <h5> anchor "Usage" already defined
NotionClient.html:264:1 (NotionClient.Rd:207): Warning: <h5> anchor "Usage" already defined
NotionClient.html:276:1 (NotionClient.Rd:217): Warning: <h5> anchor "Arguments" already defined
NotionClient.html:312:1 (NotionClient.Rd:242): Warning: <h3> anchor "Methods" already defined
NotionClient.html:316:1 (NotionClient.Rd:243): Warning: <h4> anchor "Public-methods" already defined
NotionClient.html:343:1 (NotionClient.Rd:260): Warning: <h4> anchor "Method-+E2+80+98new+28+29+E2+80+99" already defined
NotionClient.html:349:1 (NotionClient.Rd:262): Warning: <h5> anchor "Usage" already defined
NotionClient.html:360:1 (NotionClient.Rd:271): Warning: <h5> anchor "Arguments" already defined
NotionClient.html:383:1 (NotionClient.Rd:288): Warning: <h4> anchor "Method-+E2+80+98request+28+29+E2+80+99" already defined
NotionClient.html:392:1 (NotionClient.Rd:293): Warning: <h5> anchor "Usage" already defined
NotionClient.html:398:1 (NotionClient.Rd:297): Warning: <h5> anchor "Returns" already defined
NotionClient.html:409:1 (NotionClient.Rd:304): Warning: <h4> anchor "Method-+E2+80+98print+28+29+E2+80+99" already defined
NotionClient.html:415:1 (NotionClient.Rd:306): Warning: <h5> anchor "Usage" already defined
PagesEndpoint.html:107:1 (PagesEndpoint.Rd:76): Warning: <h5> anchor "Usage" already defined
PagesEndpoint.html:119:1 (PagesEndpoint.Rd:86): Warning: <h5> anchor "Arguments" already defined
PagesEndpoint.html:157:1 (PagesEndpoint.Rd:111): Warning: <h5> anchor "Usage" already defined
PagesEndpoint.html:163:1 (PagesEndpoint.Rd:115): Warning: <h5> anchor "Arguments" already defined
PagesEndpoint.html:179:1 (PagesEndpoint.Rd:125): Warning: <h5> anchor "Details" already defined
PagesPropertiesEndpoint.html:95:1 (PagesPropertiesEndpoint.Rd:70): Warning: <h5> anchor "Usage" already defined
PagesPropertiesEndpoint.html:106:1 (PagesPropertiesEndpoint.Rd:79): Warning: <h5> anchor "Arguments" already defined
PagesPropertiesEndpoint.html:143:1 (PagesPropertiesEndpoint.Rd:103): Warning: <h5> anchor "Usage" already defined
PagesPropertiesEndpoint.html:155:1 (PagesPropertiesEndpoint.Rd:113): Warning: <h5> anchor "Arguments" already defined
PagesPropertiesEndpoint.html:177:1 (PagesPropertiesEndpoint.Rd:129): Warning: <h5> anchor "Details" already defined
UsersEndpoint.html:98:1 (UsersEndpoint.Rd:66): Warning: <h5> anchor "Usage" already defined
UsersEndpoint.html:104:1 (UsersEndpoint.Rd:70): Warning: <h5> anchor "Arguments" already defined
UsersEndpoint.html:137:1 (UsersEndpoint.Rd:90): Warning: <h5> anchor "Usage" already defined
UsersEndpoint.html:143:1 (UsersEndpoint.Rd:94): Warning: <h5> anchor "Arguments" already defined
UsersEndpoint.html:156:1 (UsersEndpoint.Rd:101): Warning: <h5> anchor "Details" already defined
UsersEndpoint.html:173:1 (UsersEndpoint.Rd:111): Warning: <h5> anchor "Usage" already defined
UsersEndpoint.html:179:1 (UsersEndpoint.Rd:115): Warning: <h5> anchor "Details" already defined
vcr_example_helpers.html:49:1 (vcr_example_helpers.Rd:14): Warning: missing </ul> before </div>
Flavor: r-devel-linux-x86_64-debian-gcc