Last updated on 2025-10-22 09:50:42 CEST.
Flavor | Version | Tinstall | Tcheck | Ttotal | Status | Flags |
---|---|---|---|---|---|---|
r-devel-linux-x86_64-debian-clang | 3.0 | 10.77 | 75.31 | 86.08 | NOTE | |
r-devel-linux-x86_64-debian-gcc | 3.0 | 6.03 | 54.41 | 60.44 | NOTE | |
r-devel-linux-x86_64-fedora-clang | 3.0 | 53.00 | 85.40 | 138.40 | OK | |
r-devel-linux-x86_64-fedora-gcc | 3.0 | 43.00 | 90.61 | 133.61 | OK | |
r-devel-windows-x86_64 | 3.0 | 11.00 | 91.00 | 102.00 | OK | |
r-patched-linux-x86_64 | 3.0 | 10.95 | 71.95 | 82.90 | OK | |
r-release-linux-x86_64 | 3.0 | 9.33 | 72.03 | 81.36 | OK | |
r-release-macos-arm64 | 3.0 | 5.00 | 41.00 | 46.00 | OK | |
r-release-macos-x86_64 | 3.0 | 13.00 | 76.00 | 89.00 | OK | |
r-release-windows-x86_64 | 3.0 | 11.00 | 96.00 | 107.00 | OK | |
r-oldrel-macos-arm64 | 3.0 | 4.00 | 29.00 | 33.00 | OK | |
r-oldrel-macos-x86_64 | 3.0 | 6.00 | 46.00 | 52.00 | OK | |
r-oldrel-windows-x86_64 | 3.0 | 16.00 | 112.00 | 128.00 | OK |
Version: 3.0
Check: CRAN incoming feasibility
Result: NOTE
Maintainer: ‘Kerstin Rubarth <kerstin.rubarth@charite.de>’
No Authors@R field in DESCRIPTION.
Please add one, modifying
Authors@R: c(person(given = "Frank",
family = "Konietschke",
role = c("aut", "cre")),
person(given = "Kimihiro",
family = "Noguchi",
role = "ctr"),
person(given = "Kerstin",
family = "Rubarth",
role = "cre",
email = "kerstin.rubarth@charite.de"))
as necessary.
Package CITATION file contains call(s) to old-style personList() or
as.personList(). Please use c() on person objects instead.
Package CITATION file contains call(s) to old-style citEntry(). Please
use bibentry() instead.
Flavors: r-devel-linux-x86_64-debian-clang, r-devel-linux-x86_64-debian-gcc