Last updated on 2025-10-21 09:48:39 CEST.
Flavor | Version | Tinstall | Tcheck | Ttotal | Status | Flags |
---|---|---|---|---|---|---|
r-devel-linux-x86_64-debian-clang | 0.3.15 | 12.86 | 165.21 | 178.07 | OK | |
r-devel-linux-x86_64-debian-gcc | 0.3.15 | 8.26 | 112.48 | 120.74 | NOTE | |
r-devel-linux-x86_64-fedora-clang | 0.3.15 | 275.00 | OK | |||
r-devel-linux-x86_64-fedora-gcc | 0.3.15 | 611.09 | OK | |||
r-devel-windows-x86_64 | 0.3.15 | 13.00 | 154.00 | 167.00 | OK | |
r-patched-linux-x86_64 | 0.3.15 | 11.60 | 155.52 | 167.12 | OK | |
r-release-linux-x86_64 | 0.3.15 | 10.88 | 156.37 | 167.25 | OK | |
r-release-macos-arm64 | 0.3.15 | 149.00 | OK | |||
r-release-macos-x86_64 | 0.3.15 | 272.00 | OK | |||
r-release-windows-x86_64 | 0.3.15 | 14.00 | 157.00 | 171.00 | OK | |
r-oldrel-macos-arm64 | 0.3.15 | 148.00 | OK | |||
r-oldrel-macos-x86_64 | 0.3.15 | 343.00 | OK | |||
r-oldrel-windows-x86_64 | 0.3.15 | 17.00 | 209.00 | 226.00 | OK |
Version: 0.3.15
Check: HTML version of manual
Result: NOTE
Found the following HTML validation problems:
resid_boot.html:50:1 (resid_boot.Rd:12): Warning: missing </ul> before </div>
resid_pboot.html:50:1 (resid_pboot.Rd:12): Warning: missing </ul> before </div>
resid_perm.html:50:1 (resid_perm.Rd:12): Warning: missing </ul> before </div>
resid_rotate.html:50:1 (resid_rotate.Rd:12): Warning: missing </ul> before </div>
resid_sigma.html:54:1 (resid_sigma.Rd:14): Warning: missing </ul> before </div>
rorschach.html:63:1 (rorschach.Rd:17): Warning: missing </ul> before </div>
Flavor: r-devel-linux-x86_64-debian-gcc