CRAN Package Check Results for Package oaPlots

Last updated on 2025-10-22 09:50:43 CEST.

Flavor Version Tinstall Tcheck Ttotal Status Flags
r-devel-linux-x86_64-debian-clang 0.0.25 6.14 67.30 73.44 NOTE
r-devel-linux-x86_64-debian-gcc 0.0.25 4.05 48.30 52.35 NOTE
r-devel-linux-x86_64-fedora-clang 0.0.25 13.00 98.70 111.70 OK
r-devel-linux-x86_64-fedora-gcc 0.0.25 12.00 96.98 108.98 OK
r-devel-windows-x86_64 0.0.25 8.00 80.00 88.00 OK
r-patched-linux-x86_64 0.0.25 6.34 62.74 69.08 OK
r-release-linux-x86_64 0.0.25 5.62 62.90 68.52 OK
r-release-macos-arm64 0.0.25 3.00 27.00 30.00 OK
r-release-macos-x86_64 0.0.25 5.00 46.00 51.00 OK
r-release-windows-x86_64 0.0.25 8.00 79.00 87.00 OK
r-oldrel-macos-arm64 0.0.25 3.00 28.00 31.00 OK
r-oldrel-macos-x86_64 0.0.25 4.00 38.00 42.00 OK
r-oldrel-windows-x86_64 0.0.25 10.00 98.00 108.00 OK

Check Details

Version: 0.0.25
Check: CRAN incoming feasibility
Result: NOTE Maintainer: ‘Jason Waddell <jason.waddell@openanalytics.eu>’ No Authors@R field in DESCRIPTION. Please add one, modifying Authors@R: c(person(given = "Jason", family = "Waddell", role = c("aut", "cre"), email = "jason.waddell@openanalytics.eu"), person(given = "Willem", family = "Ligtenberg", role = "aut")) as necessary. Flavors: r-devel-linux-x86_64-debian-clang, r-devel-linux-x86_64-debian-gcc