Last updated on 2025-10-21 09:48:40 CEST.
Flavor | Version | Tinstall | Tcheck | Ttotal | Status | Flags |
---|---|---|---|---|---|---|
r-devel-linux-x86_64-debian-clang | 0.7.5 | 133.26 | 172.32 | 305.58 | OK | |
r-devel-linux-x86_64-debian-gcc | 0.7.5 | 78.10 | 116.28 | 194.38 | NOTE | |
r-devel-linux-x86_64-fedora-clang | 0.7.5 | 601.36 | OK | |||
r-devel-linux-x86_64-fedora-gcc | 0.7.5 | 472.05 | OK | |||
r-devel-windows-x86_64 | 0.7.5 | 150.00 | 216.00 | 366.00 | OK | |
r-patched-linux-x86_64 | 0.7.5 | 115.85 | 160.59 | 276.44 | OK | |
r-release-linux-x86_64 | 0.7.5 | 118.37 | 158.41 | 276.78 | OK | |
r-release-macos-arm64 | 0.7.5 | 87.00 | OK | |||
r-release-macos-x86_64 | 0.7.5 | 173.00 | OK | |||
r-release-windows-x86_64 | 0.7.5 | 148.00 | 212.00 | 360.00 | OK | |
r-oldrel-macos-arm64 | 0.7.5 | 112.00 | NOTE | |||
r-oldrel-macos-x86_64 | 0.7.5 | 173.00 | NOTE | |||
r-oldrel-windows-x86_64 | 0.7.5 | 185.00 | 275.00 | 460.00 | OK |
Version: 0.7.5
Check: HTML version of manual
Result: NOTE
Found the following HTML validation problems:
Dictionary.html:144:1 (Dictionary.Rd:156): Warning: <h5> anchor "Usage" already defined
Dictionary.html:150:1 (Dictionary.Rd:160): Warning: <h5> anchor "Arguments" already defined
Dictionary.html:187:1 (Dictionary.Rd:180): Warning: <h5> anchor "Usage" already defined
Dictionary.html:193:1 (Dictionary.Rd:184): Warning: <h5> anchor "Arguments" already defined
Dictionary.html:223:1 (Dictionary.Rd:204): Warning: <h5> anchor "Usage" already defined
Dictionary.html:229:1 (Dictionary.Rd:208): Warning: <h5> anchor "Arguments" already defined
Dictionary.html:254:1 (Dictionary.Rd:223): Warning: <h5> anchor "Usage" already defined
Simulator.html:178:1 (Simulator.Rd:154): Warning: <h5> anchor "Usage" already defined
Simulator.html:194:1 (Simulator.Rd:164): Warning: <h5> anchor "Usage" already defined
Simulator.html:200:1 (Simulator.Rd:168): Warning: <h5> anchor "Arguments" already defined
Simulator.html:235:1 (Simulator.Rd:188): Warning: <h5> anchor "Usage" already defined
Simulator.html:245:1 (Simulator.Rd:196): Warning: <h5> anchor "Arguments" already defined
Storage.html:155:1 (Storage.Rd:129): Warning: <h5> anchor "Usage" already defined
Storage.html:200:1 (Storage.Rd:162): Warning: <h5> anchor "Usage" already defined
Storage.html:213:1 (Storage.Rd:173): Warning: <h5> anchor "Arguments" already defined
Storage.html:265:1 (Storage.Rd:210): Warning: <h5> anchor "Usage" already defined
Storage.html:278:1 (Storage.Rd:221): Warning: <h5> anchor "Arguments" already defined
Storage.html:330:1 (Storage.Rd:258): Warning: <h5> anchor "Usage" already defined
Storage.html:341:1 (Storage.Rd:267): Warning: <h5> anchor "Arguments" already defined
Storage.html:387:1 (Storage.Rd:298): Warning: <h5> anchor "Usage" already defined
Storage.html:397:1 (Storage.Rd:306): Warning: <h5> anchor "Arguments" already defined
Storage.html:440:1 (Storage.Rd:334): Warning: <h5> anchor "Usage" already defined
Storage.html:446:1 (Storage.Rd:338): Warning: <h5> anchor "Arguments" already defined
Flavor: r-devel-linux-x86_64-debian-gcc
Version: 0.7.5
Check: installed package size
Result: NOTE
installed size is 9.5Mb
sub-directories of 1Mb or more:
libs 8.9Mb
Flavors: r-oldrel-macos-arm64, r-oldrel-macos-x86_64