CRAN Package Check Results for Package ofGEM

Last updated on 2025-07-04 09:49:57 CEST.

Flavor Version Tinstall Tcheck Ttotal Status Flags
r-devel-linux-x86_64-debian-clang 1.0 2.25 23.67 25.92 NOTE
r-devel-linux-x86_64-debian-gcc 1.0 1.85 19.29 21.14 NOTE
r-devel-linux-x86_64-fedora-clang 1.0 41.23 OK
r-devel-linux-x86_64-fedora-gcc 1.0 37.57 OK
r-devel-windows-x86_64 1.0 3.00 45.00 48.00 OK
r-patched-linux-x86_64 1.0 2.18 22.40 24.58 OK
r-release-linux-x86_64 1.0 1.83 22.10 23.93 OK
r-release-macos-arm64 1.0 18.00 OK
r-release-macos-x86_64 1.0 27.00 OK
r-release-windows-x86_64 1.0 5.00 46.00 51.00 OK
r-oldrel-macos-arm64 1.0 17.00 OK
r-oldrel-macos-x86_64 1.0 33.00 OK
r-oldrel-windows-x86_64 1.0 3.00 50.00 53.00 OK

Check Details

Version: 1.0
Check: CRAN incoming feasibility
Result: NOTE Maintainer: ‘Jiebiao Wang <randel.wang@gmail.com>’ No Authors@R field in DESCRIPTION. Please add one, modifying Authors@R: c(person(given = "Jiebiao", family = "Wang", role = c("aut", "cre"), email = "randel.wang@gmail.com"), person(given = "Qianying", family = "Liu", role = "aut"), person(given = c("Lin", "S."), family = "Chen", role = "aut")) as necessary. Flavors: r-devel-linux-x86_64-debian-clang, r-devel-linux-x86_64-debian-gcc