CRAN Package Check Results for Package onc.api

Last updated on 2025-10-21 09:48:40 CEST.

Flavor Version Tinstall Tcheck Ttotal Status Flags
r-devel-linux-x86_64-debian-clang 2.0.1.0 3.80 30.54 34.34 NOTE
r-devel-linux-x86_64-debian-gcc 2.0.1.0 2.45 23.22 25.67 NOTE
r-devel-linux-x86_64-fedora-clang 2.0.1.0 50.11 NOTE
r-devel-linux-x86_64-fedora-gcc 2.0.1.0 47.66 NOTE
r-devel-windows-x86_64 2.0.1.0 17.00 54.00 71.00 NOTE
r-patched-linux-x86_64 2.0.1.0 3.93 28.63 32.56 NOTE
r-release-linux-x86_64 2.0.1.0 3.44 28.59 32.03 NOTE
r-release-macos-arm64 2.0.1.0 18.00 NOTE
r-release-macos-x86_64 2.0.1.0 31.00 NOTE
r-release-windows-x86_64 2.0.1.0 6.00 63.00 69.00 NOTE
r-oldrel-macos-arm64 2.0.1.0 19.00 NOTE
r-oldrel-macos-x86_64 2.0.1.0 26.00 NOTE
r-oldrel-windows-x86_64 2.0.1.0 7.00 64.00 71.00 NOTE

Check Details

Version: 2.0.1.0
Check: Rd files
Result: NOTE checkRd: (-1) dot-discoveryRequest.Rd:15-16: Lost braces 15 | \item{service}{One of {"locations", "deployments", "deviceCategories", "devices", | ^ checkRd: (-1) dot-discoveryRequest.Rd:18: Lost braces; missing escapes or markup? 18 | \item{method}{One of {"get", "getTree"}} | ^ checkRd: (-1) dot-saveAsFile.Rd:19: Lost braces; missing escapes or markup? 19 | (numeric) Result code from {0: done, -1: error, -2: fileExists} | ^ Flavors: r-devel-linux-x86_64-debian-clang, r-devel-linux-x86_64-debian-gcc, r-devel-linux-x86_64-fedora-clang, r-devel-linux-x86_64-fedora-gcc, r-devel-windows-x86_64, r-patched-linux-x86_64, r-release-linux-x86_64, r-release-macos-arm64, r-release-macos-x86_64, r-release-windows-x86_64, r-oldrel-macos-arm64, r-oldrel-macos-x86_64, r-oldrel-windows-x86_64

Version: 2.0.1.0
Check: HTML version of manual
Result: NOTE Found the following HTML validation problems: dot-log.html:50:1 (dot-log.Rd:12): Warning: missing </ul> before </div> dot-prettyPrint.html:63:1 (dot-prettyPrint.Rd:19): Warning: missing </ul> before </div> dot-print.html:56:1 (dot-print.Rd:15): Warning: missing </ul> before </div> dot-printErrorMessage.html:47:1 (dot-printErrorMessage.Rd:10): Warning: missing </ul> before </div> dot-printProductOrderStats.html:56:1 (dot-printProductOrderStats.Rd:15): Warning: missing </ul> before </div> dot-printProductRequest.html:54:1 (dot-printProductRequest.Rd:14): Warning: missing </ul> before </div> Flavor: r-devel-linux-x86_64-debian-gcc

Version: 2.0.1.0
Check: dependencies in R code
Result: NOTE Namespaces in Imports field not imported from: ‘crayon’ ‘testthat’ All declared Imports should be used. Flavors: r-devel-linux-x86_64-fedora-clang, r-devel-linux-x86_64-fedora-gcc