Last updated on 2025-10-21 09:48:40 CEST.
Flavor | Version | Tinstall | Tcheck | Ttotal | Status | Flags |
---|---|---|---|---|---|---|
r-devel-linux-x86_64-debian-clang | 0.1.4 | 30.82 | 301.36 | 332.18 | NOTE | |
r-devel-linux-x86_64-debian-gcc | 0.1.4 | 22.69 | 190.65 | 213.34 | NOTE | |
r-devel-linux-x86_64-fedora-clang | 0.1.4 | 585.52 | NOTE | |||
r-devel-linux-x86_64-fedora-gcc | 0.1.4 | 565.84 | NOTE | |||
r-devel-windows-x86_64 | 0.1.4 | 39.00 | 257.00 | 296.00 | NOTE | |
r-patched-linux-x86_64 | 0.1.4 | 32.84 | 267.86 | 300.70 | NOTE | |
r-release-linux-x86_64 | 0.1.4 | 30.18 | 279.80 | 309.98 | NOTE | |
r-release-macos-arm64 | 0.1.4 | 144.00 | NOTE | |||
r-release-macos-x86_64 | 0.1.4 | 381.00 | NOTE | |||
r-release-windows-x86_64 | 0.1.4 | 40.00 | 260.00 | 300.00 | NOTE | |
r-oldrel-macos-arm64 | 0.1.4 | 96.00 | NOTE | |||
r-oldrel-macos-x86_64 | 0.1.4 | 148.00 | NOTE | |||
r-oldrel-windows-x86_64 | 0.1.4 | 46.00 | 355.00 | 401.00 | NOTE |
Version: 0.1.4
Check: CRAN incoming feasibility
Result: NOTE
Maintainer: ‘Gabriel Okasa <okasa.gabriel@gmail.com>’
No Authors@R field in DESCRIPTION.
Please add one, modifying
Authors@R: c(person(given = "Gabriel",
family = "Okasa",
role = c("aut", "cre"),
email = "okasa.gabriel@gmail.com"),
person(given = "Michael",
family = "Lechner",
role = "ctb"))
as necessary.
Package CITATION file contains call(s) to old-style personList() or
as.personList(). Please use c() on person objects instead.
Package CITATION file contains call(s) to old-style citEntry(). Please
use bibentry() instead.
The Description field contains
Lechner & Okasa (2019) <arXiv:1907.02436>. The Ordered Forest flexibly
2017) <arXiv:1508.04409>.
Please refer to arXiv e-prints via their arXiv DOI <doi:10.48550/arXiv.YYMM.NNNNN>.
Flavors: r-devel-linux-x86_64-debian-clang, r-devel-linux-x86_64-debian-gcc
Version: 0.1.4
Check: Rd files
Result: NOTE
checkRd: (-1) orf.Rd:74: Lost braces
74 | matrix of covariates \code{X} and a vector of outcomes 'code{Y} to the \code{orf}
| ^
Flavors: r-devel-linux-x86_64-debian-clang, r-devel-linux-x86_64-debian-gcc, r-devel-linux-x86_64-fedora-clang, r-devel-linux-x86_64-fedora-gcc, r-devel-windows-x86_64, r-patched-linux-x86_64, r-release-linux-x86_64, r-release-macos-arm64, r-release-macos-x86_64, r-release-windows-x86_64, r-oldrel-macos-arm64, r-oldrel-macos-x86_64, r-oldrel-windows-x86_64
Version: 0.1.4
Check: HTML version of manual
Result: NOTE
Found the following HTML validation problems:
check_X.html:46:1 (check_X.Rd:10): Warning: missing </ul> before </div>
check_newdata.html:50:1 (check_newdata.Rd:12): Warning: missing </ul> before </div>
get_honest_C.html:59:1 (get_honest_C.Rd:16): Warning: missing </ul> before </div>
get_weights_C.html:55:1 (get_weights_C.Rd:14): Warning: missing </ul> before </div>
margins_output.html:47:1 (margins_output.Rd:10): Warning: missing </ul> before </div>
margins_output_latex.html:47:1 (margins_output_latex.Rd:10): Warning: missing </ul> before </div>
pred_honest_C.html:59:1 (pred_honest_C.Rd:16): Warning: missing </ul> before </div>
pred_weights_C.html:59:1 (pred_weights_C.Rd:16): Warning: missing </ul> before </div>
Flavor: r-devel-linux-x86_64-debian-gcc