CRAN Package Check Results for Package origami

Last updated on 2025-10-22 09:50:43 CEST.

Flavor Version Tinstall Tcheck Ttotal Status Flags
r-devel-linux-x86_64-debian-clang 1.0.7 2.80 77.83 80.63 NOTE
r-devel-linux-x86_64-debian-gcc 1.0.7 2.11 57.37 59.48 NOTE
r-devel-linux-x86_64-fedora-clang 1.0.7 129.93 OK
r-devel-linux-x86_64-fedora-gcc 1.0.7 138.84 OK
r-devel-windows-x86_64 1.0.7 4.00 92.00 96.00 OK
r-patched-linux-x86_64 1.0.7 3.07 73.96 77.03 OK
r-release-linux-x86_64 1.0.7 2.98 75.03 78.01 OK
r-release-macos-arm64 1.0.7 2.00 47.00 49.00 OK
r-release-macos-x86_64 1.0.7 3.00 68.00 71.00 OK
r-release-windows-x86_64 1.0.7 4.00 93.00 97.00 OK
r-oldrel-macos-arm64 1.0.7 2.00 35.00 37.00 OK
r-oldrel-macos-x86_64 1.0.7 3.00 56.00 59.00 OK
r-oldrel-windows-x86_64 1.0.7 6.00 113.00 119.00 OK

Check Details

Version: 1.0.7
Check: HTML version of manual
Result: NOTE Found the following HTML validation problems: check_id_and_time.html:52:1 (check_id_and_time.Rd:14): Warning: missing </ul> before </div> id_folds_to_folds.html:52:1 (id_folds_to_folds.Rd:13): Warning: missing </ul> before </div> wrap_in_try.html:50:1 (wrap_in_try.Rd:12): Warning: missing </ul> before </div> Flavors: r-devel-linux-x86_64-debian-clang, r-devel-linux-x86_64-debian-gcc