Last updated on 2025-10-22 09:50:43 CEST.
Flavor | Version | Tinstall | Tcheck | Ttotal | Status | Flags |
---|---|---|---|---|---|---|
r-devel-linux-x86_64-debian-clang | 5.5 | 1.91 | 20.80 | 22.71 | NOTE | |
r-devel-linux-x86_64-debian-gcc | 5.5 | 1.86 | 16.67 | 18.53 | NOTE | |
r-devel-linux-x86_64-fedora-clang | 5.5 | 31.67 | OK | |||
r-devel-linux-x86_64-fedora-gcc | 5.5 | 31.41 | OK | |||
r-devel-windows-x86_64 | 5.5 | 4.00 | 42.00 | 46.00 | OK | |
r-patched-linux-x86_64 | 5.5 | 2.70 | 19.09 | 21.79 | OK | |
r-release-linux-x86_64 | 5.5 | 2.29 | 18.90 | 21.19 | OK | |
r-release-macos-arm64 | 5.5 | 1.00 | 14.00 | 15.00 | OK | |
r-release-macos-x86_64 | 5.5 | 3.00 | 23.00 | 26.00 | OK | |
r-release-windows-x86_64 | 5.5 | 5.00 | 143.00 | 148.00 | OK | |
r-oldrel-macos-arm64 | 5.5 | 1.00 | 17.00 | 18.00 | OK | |
r-oldrel-macos-x86_64 | 5.5 | 2.00 | 25.00 | 27.00 | OK | |
r-oldrel-windows-x86_64 | 5.5 | 4.00 | 47.00 | 51.00 | OK |
Version: 5.5
Check: HTML version of manual
Result: NOTE
Found the following HTML validation problems:
zsum.html:46:1 (zsum.Rd:10): Warning: missing </ul> before </div>
zsumgra.html:46:1 (zsumgra.Rd:10): Warning: missing </ul> before </div>
zsummin.html:46:1 (zsummin.Rd:10): Warning: missing </ul> before </div>
Flavors: r-devel-linux-x86_64-debian-clang, r-devel-linux-x86_64-debian-gcc