Last updated on 2025-10-21 09:48:40 CEST.
Flavor | Version | Tinstall | Tcheck | Ttotal | Status | Flags |
---|---|---|---|---|---|---|
r-devel-linux-x86_64-debian-clang | 5.6 | 5.38 | 55.30 | 60.68 | NOTE | |
r-devel-linux-x86_64-debian-gcc | 5.6 | 3.89 | 43.43 | 47.32 | NOTE | |
r-devel-linux-x86_64-fedora-clang | 5.6 | 89.71 | OK | |||
r-devel-linux-x86_64-fedora-gcc | 5.6 | 102.65 | OK | |||
r-devel-windows-x86_64 | 5.6 | 8.00 | 75.00 | 83.00 | OK | |
r-patched-linux-x86_64 | 5.6 | 5.71 | 52.96 | 58.67 | OK | |
r-release-linux-x86_64 | 5.6 | 4.37 | 53.28 | 57.65 | OK | |
r-release-macos-arm64 | 5.6 | 43.00 | OK | |||
r-release-macos-x86_64 | 5.6 | 70.00 | OK | |||
r-release-windows-x86_64 | 5.6 | 7.00 | 75.00 | 82.00 | OK | |
r-oldrel-macos-arm64 | 5.6 | 36.00 | OK | |||
r-oldrel-macos-x86_64 | 5.6 | 54.00 | OK | |||
r-oldrel-windows-x86_64 | 5.6 | 9.00 | 87.00 | 96.00 | OK |
Version: 5.6
Check: CRAN incoming feasibility
Result: NOTE
Maintainer: ‘Manuel Munoz-Marquez <manuel.munoz@uca.es>’
No Authors@R field in DESCRIPTION.
Please add one, modifying
Authors@R: person(given = "Manuel",
family = "Munoz-Marquez",
role = c("aut", "cre"),
email = "manuel.munoz@uca.es")
as necessary.
Flavors: r-devel-linux-x86_64-debian-clang, r-devel-linux-x86_64-debian-gcc
Version: 5.6
Check: HTML version of manual
Result: NOTE
Found the following HTML validation problems:
zsum.html:46:1 (zsum.Rd:11): Warning: missing </ul> before </div>
zsumgra.html:46:1 (zsumgra.Rd:11): Warning: missing </ul> before </div>
zsummin.html:46:1 (zsummin.Rd:11): Warning: missing </ul> before </div>
Flavor: r-devel-linux-x86_64-debian-gcc