CRAN Package Check Results for Package ottr

Last updated on 2025-10-22 09:50:43 CEST.

Flavor Version Tinstall Tcheck Ttotal Status Flags
r-devel-linux-x86_64-debian-clang 1.5.3 5.53 29.67 35.20 NOTE
r-devel-linux-x86_64-debian-gcc 1.5.3 3.33 22.63 25.96 NOTE
r-devel-linux-x86_64-fedora-clang 1.5.3 51.51 OK
r-devel-linux-x86_64-fedora-gcc 1.5.3 11.00 37.72 48.72 OK
r-devel-windows-x86_64 1.5.3 7.00 53.00 60.00 OK
r-patched-linux-x86_64 1.5.3 4.88 27.32 32.20 OK
r-release-linux-x86_64 1.5.3 5.48 27.29 32.77 OK
r-release-macos-arm64 1.5.3 3.00 20.00 23.00 OK
r-release-macos-x86_64 1.5.3 4.00 30.00 34.00 OK
r-release-windows-x86_64 1.5.3 6.00 57.00 63.00 OK
r-oldrel-macos-arm64 1.5.3 2.00 25.00 27.00 OK
r-oldrel-macos-x86_64 1.5.3 5.00 35.00 40.00 OK
r-oldrel-windows-x86_64 1.5.3 8.00 61.00 69.00 OK

Check Details

Version: 1.5.3
Check: HTML version of manual
Result: NOTE Found the following HTML validation problems: CheckCollector.html:161:1 (CheckCollector.Rd:81): Warning: missing </ul> before </div> CheckCollector.html:87:1 (CheckCollector.Rd:40): Warning: <h5> anchor "Usage" already defined CheckCollector.html:115:1 (CheckCollector.Rd:57): Warning: <h5> anchor "Usage" already defined CheckCollector.html:138:1 (CheckCollector.Rd:70): Warning: <h5> anchor "Usage" already defined CheckCollector.html:144:1 (CheckCollector.Rd:74): Warning: <h5> anchor "Arguments" already defined GradingResults.html:182:1 (GradingResults.Rd:97): Warning: missing </ul> before </div> GradingResults.html:113:1 (GradingResults.Rd:60): Warning: <h5> anchor "Usage" already defined GradingResults.html:136:1 (GradingResults.Rd:73): Warning: <h5> anchor "Usage" already defined GradingResults.html:142:1 (GradingResults.Rd:77): Warning: <h5> anchor "Returns" already defined GradingResults.html:159:1 (GradingResults.Rd:86): Warning: <h5> anchor "Usage" already defined GradingResults.html:165:1 (GradingResults.Rd:90): Warning: <h5> anchor "Arguments" already defined TestCase.html:128:1 (TestCase.Rd:82): Warning: <h5> anchor "Usage" already defined TestCase.html:134:1 (TestCase.Rd:86): Warning: <h5> anchor "Arguments" already defined TestCase.html:157:1 (TestCase.Rd:99): Warning: <h5> anchor "Usage" already defined TestCase.html:180:1 (TestCase.Rd:112): Warning: <h5> anchor "Usage" already defined TestCase.html:186:1 (TestCase.Rd:116): Warning: <h5> anchor "Arguments" already defined TestCaseResult.html:234:1 (TestCaseResult.Rd:124): Warning: missing </ul> before </div> TestCaseResult.html:118:1 (TestCaseResult.Rd:60): Warning: <h5> anchor "Usage" already defined TestCaseResult.html:141:1 (TestCaseResult.Rd:73): Warning: <h5> anchor "Usage" already defined TestCaseResult.html:147:1 (TestCaseResult.Rd:77): Warning: <h5> anchor "Returns" already defined TestCaseResult.html:164:1 (TestCaseResult.Rd:86): Warning: <h5> anchor "Usage" already defined TestCaseResult.html:170:1 (TestCaseResult.Rd:90): Warning: <h5> anchor "Returns" already defined TestCaseResult.html:188:1 (TestCaseResult.Rd:100): Warning: <h5> anchor "Usage" already defined TestCaseResult.html:194:1 (TestCaseResult.Rd:104): Warning: <h5> anchor "Returns" already defined TestCaseResult.html:211:1 (TestCaseResult.Rd:113): Warning: <h5> anchor "Usage" already defined TestCaseResult.html:217:1 (TestCaseResult.Rd:117): Warning: <h5> anchor "Arguments" already defined TestFileResult.html:232:1 (TestFileResult.Rd:122): Warning: missing </ul> before </div> TestFileResult.html:115:1 (TestFileResult.Rd:57): Warning: <h5> anchor "Usage" already defined TestFileResult.html:140:1 (TestFileResult.Rd:72): Warning: <h5> anchor "Usage" already defined TestFileResult.html:146:1 (TestFileResult.Rd:76): Warning: <h5> anchor "Returns" already defined TestFileResult.html:163:1 (TestFileResult.Rd:85): Warning: <h5> anchor "Usage" already defined TestFileResult.html:169:1 (TestFileResult.Rd:89): Warning: <h5> anchor "Returns" already defined TestFileResult.html:186:1 (TestFileResult.Rd:98): Warning: <h5> anchor "Usage" already defined TestFileResult.html:192:1 (TestFileResult.Rd:102): Warning: <h5> anchor "Returns" already defined TestFileResult.html:209:1 (TestFileResult.Rd:111): Warning: <h5> anchor "Usage" already defined TestFileResult.html:215:1 (TestFileResult.Rd:115): Warning: <h5> anchor "Arguments" already defined Flavors: r-devel-linux-x86_64-debian-clang, r-devel-linux-x86_64-debian-gcc