Last updated on 2025-10-21 09:48:40 CEST.
Flavor | Version | Tinstall | Tcheck | Ttotal | Status | Flags |
---|---|---|---|---|---|---|
r-devel-linux-x86_64-debian-clang | 0.2.5 | 4.18 | 41.85 | 46.03 | OK | |
r-devel-linux-x86_64-debian-gcc | 0.2.5 | 2.97 | 31.45 | 34.42 | NOTE | |
r-devel-linux-x86_64-fedora-clang | 0.2.5 | 72.85 | OK | |||
r-devel-linux-x86_64-fedora-gcc | 0.2.5 | 80.68 | OK | |||
r-devel-windows-x86_64 | 0.2.5 | 6.00 | 58.00 | 64.00 | OK | |
r-patched-linux-x86_64 | 0.2.5 | 4.10 | 38.80 | 42.90 | OK | |
r-release-linux-x86_64 | 0.2.5 | 3.68 | 38.41 | 42.09 | OK | |
r-release-macos-arm64 | 0.2.5 | 61.00 | OK | |||
r-release-macos-x86_64 | 0.2.5 | 68.00 | OK | |||
r-release-windows-x86_64 | 0.2.5 | 5.00 | 58.00 | 63.00 | OK | |
r-oldrel-macos-arm64 | 0.2.5 | 36.00 | OK | |||
r-oldrel-macos-x86_64 | 0.2.5 | 75.00 | OK | |||
r-oldrel-windows-x86_64 | 0.2.5 | 8.00 | 71.00 | 79.00 | OK |
Version: 0.2.5
Check: HTML version of manual
Result: NOTE
Found the following HTML validation problems:
config_extensions.html:46:1 (config_extensions.Rd:10): Warning: missing </ul> before </div>
Flavor: r-devel-linux-x86_64-debian-gcc