Last updated on 2025-10-22 09:50:43 CEST.
Flavor | Version | Tinstall | Tcheck | Ttotal | Status | Flags |
---|---|---|---|---|---|---|
r-devel-linux-x86_64-debian-clang | 0.9.0 | 17.04 | 122.61 | 139.65 | NOTE | |
r-devel-linux-x86_64-debian-gcc | 0.9.0 | 10.86 | 85.12 | 95.98 | NOTE | |
r-devel-linux-x86_64-fedora-clang | 0.9.0 | 37.00 | 178.38 | 215.38 | OK | |
r-devel-linux-x86_64-fedora-gcc | 0.9.0 | 35.00 | 173.65 | 208.65 | OK | |
r-devel-windows-x86_64 | 0.9.0 | 20.00 | 132.00 | 152.00 | OK | |
r-patched-linux-x86_64 | 0.9.0 | 15.11 | 116.00 | 131.11 | OK | |
r-release-linux-x86_64 | 0.9.0 | 15.50 | 115.32 | 130.82 | OK | |
r-release-macos-arm64 | 0.9.0 | 11.00 | 70.00 | 81.00 | OK | |
r-release-macos-x86_64 | 0.9.0 | 16.00 | 97.00 | 113.00 | OK | |
r-release-windows-x86_64 | 0.9.0 | 20.00 | 134.00 | 154.00 | OK | |
r-oldrel-macos-arm64 | 0.9.0 | 8.00 | 49.00 | 57.00 | OK | |
r-oldrel-macos-x86_64 | 0.9.0 | 12.00 | 76.00 | 88.00 | OK | |
r-oldrel-windows-x86_64 | 0.9.0 | 27.00 | 170.00 | 197.00 | OK |
Version: 0.9.0
Check: CRAN incoming feasibility
Result: NOTE
Maintainer: ‘Marion Brandolini-Bunlon <marion.brandolini-bunlon@inra.fr>’
No Authors@R field in DESCRIPTION.
Please add one, modifying
Authors@R: c(person(given = "Marion",
family = "Brandolini-Bunlon",
role = c("aut", "cre"),
email = "marion.brandolini-bunlon@inra.fr"),
person(given = "Stephanie",
family = "Bougeard",
role = "aut"),
person(given = "Melanie",
family = "Petera",
role = "aut"),
person(given = "Estelle",
family = "Pujos-Guillot",
role = "aut"))
as necessary.
Flavors: r-devel-linux-x86_64-debian-clang, r-devel-linux-x86_64-debian-gcc
Version: 0.9.0
Check: HTML version of manual
Result: NOTE
Found the following HTML validation problems:
ginv.html:56:1 (ginv.Rd:22): Warning: missing </ul> before </div>
inertie.html:50:1 (inertie.Rd:19): Warning: missing </ul> before </div>
Flavors: r-devel-linux-x86_64-debian-clang, r-devel-linux-x86_64-debian-gcc