Last updated on 2025-10-21 09:48:40 CEST.
Flavor | Version | Tinstall | Tcheck | Ttotal | Status | Flags |
---|---|---|---|---|---|---|
r-devel-linux-x86_64-debian-clang | 0.1.3 | 4.82 | 43.99 | 48.81 | NOTE | |
r-devel-linux-x86_64-debian-gcc | 0.1.3 | 3.68 | 32.48 | 36.16 | NOTE | |
r-devel-linux-x86_64-fedora-clang | 0.1.3 | 71.88 | NOTE | |||
r-devel-linux-x86_64-fedora-gcc | 0.1.3 | 68.30 | NOTE | |||
r-devel-windows-x86_64 | 0.1.3 | 8.00 | 66.00 | 74.00 | NOTE | |
r-patched-linux-x86_64 | 0.1.3 | 5.07 | 40.60 | 45.67 | NOTE | |
r-release-linux-x86_64 | 0.1.3 | 5.06 | 40.29 | 45.35 | NOTE | |
r-release-macos-arm64 | 0.1.3 | 24.00 | NOTE | |||
r-release-macos-x86_64 | 0.1.3 | 45.00 | NOTE | |||
r-release-windows-x86_64 | 0.1.3 | 9.00 | 67.00 | 76.00 | NOTE | |
r-oldrel-macos-arm64 | 0.1.3 | 26.00 | NOTE | |||
r-oldrel-macos-x86_64 | 0.1.3 | 35.00 | NOTE | |||
r-oldrel-windows-x86_64 | 0.1.3 | 11.00 | 75.00 | 86.00 | NOTE |
Version: 0.1.3
Check: package subdirectories
Result: NOTE
Problems with news in ‘NEWS.md’:
Cannot extract version info from the following section titles:
Changes
Flavors: r-devel-linux-x86_64-debian-clang, r-devel-linux-x86_64-debian-gcc, r-devel-linux-x86_64-fedora-clang, r-devel-linux-x86_64-fedora-gcc, r-devel-windows-x86_64, r-patched-linux-x86_64, r-release-linux-x86_64, r-release-macos-arm64, r-release-macos-x86_64, r-release-windows-x86_64, r-oldrel-macos-arm64, r-oldrel-macos-x86_64, r-oldrel-windows-x86_64
Version: 0.1.3
Check: HTML version of manual
Result: NOTE
Found the following HTML validation problems:
add_plugin_clean.html:59:1 (add_plugin_clean.Rd:16): Warning: missing </ul> before </div>
add_plugin_html.html:54:1 (add_plugin_html.Rd:14): Warning: missing </ul> before </div>
ease_lit.html:46:1 (ease_lit.Rd:10): Warning: missing </ul> before </div>
jsdoc.html:54:1 (jsdoc.Rd:16): Warning: missing </ul> before </div>
mockup.html:54:1 (mockup.Rd:23): Warning: missing </ul> before </div>
npm_run.html:46:1 (npm_run.Rd:10): Warning: missing </ul> before </div>
npx.html:46:1 (npx.Rd:10): Warning: missing </ul> before </div>
set_npm.html:49:1 (set_npm.Rd:10): Warning: missing </ul> before </div>
set_yarn.html:49:1 (set_yarn.Rd:10): Warning: missing </ul> before </div>
use_loader_file.html:47:1 (use_loader_file.Rd:10): Warning: missing </ul> before </div>
use_loader_pug.html:46:1 (use_loader_pug.Rd:10): Warning: missing </ul> before </div>
use_loader_svelte.html:46:1 (use_loader_svelte.Rd:10): Warning: missing </ul> before </div>
use_loader_ts.html:46:1 (use_loader_ts.Rd:10): Warning: missing </ul> before </div>
use_tailwind.html:47:1 (use_tailwind.Rd:10): Warning: missing </ul> before </div>
yarn_run.html:46:1 (yarn_run.Rd:10): Warning: missing </ul> before </div>
Flavor: r-devel-linux-x86_64-debian-gcc