Last updated on 2025-10-22 09:50:44 CEST.
Flavor | Version | Tinstall | Tcheck | Ttotal | Status | Flags |
---|---|---|---|---|---|---|
r-devel-linux-x86_64-debian-clang | 0.1-27 | 16.30 | 130.93 | 147.23 | NOTE | |
r-devel-linux-x86_64-debian-gcc | 0.1-27 | 10.65 | 90.01 | 100.66 | NOTE | |
r-devel-linux-x86_64-fedora-clang | 0.1-27 | 42.00 | 187.15 | 229.15 | OK | |
r-devel-linux-x86_64-fedora-gcc | 0.1-27 | 34.00 | 183.80 | 217.80 | OK | |
r-devel-windows-x86_64 | 0.1-27 | 19.00 | 135.00 | 154.00 | OK | |
r-patched-linux-x86_64 | 0.1-27 | 14.85 | 124.83 | 139.68 | OK | |
r-release-linux-x86_64 | 0.1-27 | 14.46 | 123.82 | 138.28 | OK | |
r-release-macos-arm64 | 0.1-27 | 6.00 | 47.00 | 53.00 | OK | |
r-release-macos-x86_64 | 0.1-27 | 13.00 | 94.00 | 107.00 | OK | |
r-release-windows-x86_64 | 0.1-27 | 19.00 | 137.00 | 156.00 | OK | |
r-oldrel-macos-arm64 | 0.1-27 | 5.00 | 44.00 | 49.00 | OK | |
r-oldrel-macos-x86_64 | 0.1-27 | 10.00 | 80.00 | 90.00 | OK | |
r-oldrel-windows-x86_64 | 0.1-27 | 25.00 | 171.00 | 196.00 | OK |
Version: 0.1-27
Check: HTML version of manual
Result: NOTE
Found the following HTML validation problems:
print.pairwiseCI.html:55:1 (print.pairwiseCI.Rd:16): Warning: missing </ul> before </div>
print.pairwiseTest.html:55:1 (print.pairwiseTest.Rd:13): Warning: missing </ul> before </div>
print.summary.pairwiseCI.html:51:1 (print.summary.pairwiseCI.Rd:13): Warning: missing </ul> before </div>
print.summary.pairwiseTest.html:51:1 (print.summary.pairwiseTest.Rd:13): Warning: missing </ul> before </div>
Flavors: r-devel-linux-x86_64-debian-clang, r-devel-linux-x86_64-debian-gcc