Last updated on 2025-10-21 09:48:40 CEST.
Flavor | Version | Tinstall | Tcheck | Ttotal | Status | Flags |
---|---|---|---|---|---|---|
r-devel-linux-x86_64-debian-clang | 2.1.7 | 46.76 | 417.71 | 464.47 | OK | |
r-devel-linux-x86_64-debian-gcc | 2.1.7 | 30.84 | 276.96 | 307.80 | NOTE | |
r-devel-linux-x86_64-fedora-clang | 2.1.7 | 5975.32 | ERROR | |||
r-devel-linux-x86_64-fedora-gcc | 2.1.7 | 5961.54 | ERROR | |||
r-devel-windows-x86_64 | 2.1.7 | 42.00 | 382.00 | 424.00 | OK | |
r-patched-linux-x86_64 | 2.1.7 | 47.22 | 398.84 | 446.06 | OK | |
r-release-linux-x86_64 | 2.1.7 | 40.77 | 400.66 | 441.43 | OK | |
r-release-macos-arm64 | 2.1.7 | 198.00 | OK | |||
r-release-macos-x86_64 | 2.1.7 | 440.00 | OK | |||
r-release-windows-x86_64 | 2.1.7 | 42.00 | 377.00 | 419.00 | OK | |
r-oldrel-macos-arm64 | 2.1.7 | 182.00 | OK | |||
r-oldrel-macos-x86_64 | 2.1.7 | 447.00 | NOTE | |||
r-oldrel-windows-x86_64 | 2.1.7 | 60.00 | 516.00 | 576.00 | OK |
Version: 2.1.7
Check: HTML version of manual
Result: NOTE
Found the following HTML validation problems:
PaleoPopModel.html:219:1 (PaleoPopModel.Rd:177): Warning: <h5> anchor "Usage" already defined
PaleoPopModel.html:225:1 (PaleoPopModel.Rd:181): Warning: <h5> anchor "Returns" already defined
PaleoPopModel.html:242:1 (PaleoPopModel.Rd:190): Warning: <h5> anchor "Usage" already defined
PaleoPopModel.html:248:1 (PaleoPopModel.Rd:194): Warning: <h5> anchor "Arguments" already defined
PaleoRegion.html:146:1 (PaleoRegion.Rd:104): Warning: <h5> anchor "Usage" already defined
PaleoRegion.html:152:1 (PaleoRegion.Rd:108): Warning: <h5> anchor "Arguments" already defined
PaleoRegion.html:182:1 (PaleoRegion.Rd:124): Warning: <h5> anchor "Usage" already defined
PaleoRegion.html:188:1 (PaleoRegion.Rd:128): Warning: <h5> anchor "Returns" already defined
PaleoRegion.html:205:1 (PaleoRegion.Rd:137): Warning: <h5> anchor "Usage" already defined
PaleoRegion.html:211:1 (PaleoRegion.Rd:141): Warning: <h5> anchor "Arguments" already defined
Flavor: r-devel-linux-x86_64-debian-gcc
Version: 2.1.7
Check: re-building of vignette outputs
Result: ERROR
Error(s) in re-building vignettes:
--- re-building ‘bison_example.Rmd’ using rmarkdown
OMP: Warning #96: Cannot form a team with 24 threads, using 2 instead.
OMP: Hint Consider unsetting KMP_DEVICE_THREAD_LIMIT (KMP_ALL_THREADS), KMP_TEAMS_THREAD_LIMIT, and OMP_THREAD_LIMIT (if any are set).
Flavor: r-devel-linux-x86_64-fedora-clang
Version: 2.1.7
Check: re-building of vignette outputs
Result: ERROR
Error(s) in re-building vignettes:
--- re-building ‘bison_example.Rmd’ using rmarkdown
Flavor: r-devel-linux-x86_64-fedora-gcc
Version: 2.1.7
Check: installed package size
Result: NOTE
installed size is 5.2Mb
sub-directories of 1Mb or more:
data 4.5Mb
Flavor: r-oldrel-macos-x86_64