CRAN Package Check Results for Package paradox

Last updated on 2025-10-21 09:48:40 CEST.

Flavor Version Tinstall Tcheck Ttotal Status Flags
r-devel-linux-x86_64-debian-clang 1.0.1 8.03 123.64 131.67 OK
r-devel-linux-x86_64-debian-gcc 1.0.1 4.52 83.93 88.45 NOTE
r-devel-linux-x86_64-fedora-clang 1.0.1 183.87 OK
r-devel-linux-x86_64-fedora-gcc 1.0.1 195.96 OK
r-devel-windows-x86_64 1.0.1 9.00 134.00 143.00 OK
r-patched-linux-x86_64 1.0.1 7.88 114.31 122.19 OK
r-release-linux-x86_64 1.0.1 8.10 115.32 123.42 OK
r-release-macos-arm64 1.0.1 65.00 OK
r-release-macos-x86_64 1.0.1 145.00 OK
r-release-windows-x86_64 1.0.1 9.00 134.00 143.00 OK
r-oldrel-macos-arm64 1.0.1 77.00 OK
r-oldrel-macos-x86_64 1.0.1 155.00 OK
r-oldrel-windows-x86_64 1.0.1 12.00 170.00 182.00 OK

Check Details

Version: 1.0.1
Check: HTML version of manual
Result: NOTE Found the following HTML validation problems: Design.html:232:1 (Design.Rd:128): Warning: missing </ul> before </div> Design.html:115:1 (Design.Rd:59): Warning: <h5> anchor "Usage" already defined Design.html:121:1 (Design.Rd:63): Warning: <h5> anchor "Arguments" already defined Design.html:144:1 (Design.Rd:76): Warning: <h5> anchor "Usage" already defined Design.html:150:1 (Design.Rd:80): Warning: <h5> anchor "Arguments" already defined Design.html:175:1 (Design.Rd:95): Warning: <h5> anchor "Usage" already defined Design.html:181:1 (Design.Rd:99): Warning: <h5> anchor "Arguments" already defined Design.html:209:1 (Design.Rd:117): Warning: <h5> anchor "Usage" already defined Design.html:215:1 (Design.Rd:121): Warning: <h5> anchor "Arguments" already defined ParamSet.html:340:1 (ParamSet.Rd:230): Warning: <h5> anchor "Usage" already defined ParamSet.html:346:1 (ParamSet.Rd:234): Warning: <h5> anchor "Arguments" already defined ParamSet.html:387:1 (ParamSet.Rd:261): Warning: <h5> anchor "Usage" already defined ParamSet.html:400:1 (ParamSet.Rd:272): Warning: <h5> anchor "Arguments" already defined ParamSet.html:426:1 (ParamSet.Rd:292): Warning: <h5> anchor "Returns" already defined ParamSet.html:444:1 (ParamSet.Rd:302): Warning: <h5> anchor "Usage" already defined ParamSet.html:450:1 (ParamSet.Rd:306): Warning: <h5> anchor "Arguments" already defined ParamSet.html:481:1 (ParamSet.Rd:327): Warning: <h5> anchor "Usage" already defined ParamSet.html:487:1 (ParamSet.Rd:331): Warning: <h5> anchor "Arguments" already defined ParamSet.html:516:1 (ParamSet.Rd:350): Warning: <h5> anchor "Usage" already defined ParamSet.html:522:1 (ParamSet.Rd:354): Warning: <h5> anchor "Arguments" already defined ParamSet.html:537:1 (ParamSet.Rd:363): Warning: <h5> anchor "Returns" already defined ParamSet.html:554:1 (ParamSet.Rd:372): Warning: <h5> anchor "Usage" already defined ParamSet.html:560:1 (ParamSet.Rd:376): Warning: <h5> anchor "Arguments" already defined ParamSet.html:574:1 (ParamSet.Rd:384): Warning: <h5> anchor "Returns" already defined ParamSet.html:592:1 (ParamSet.Rd:394): Warning: <h5> anchor "Usage" already defined ParamSet.html:598:1 (ParamSet.Rd:398): Warning: <h5> anchor "Arguments" already defined ParamSet.html:612:1 (ParamSet.Rd:406): Warning: <h5> anchor "Returns" already defined ParamSet.html:632:1 (ParamSet.Rd:418): Warning: <h5> anchor "Usage" already defined ParamSet.html:638:1 (ParamSet.Rd:422): Warning: <h5> anchor "Arguments" already defined ParamSet.html:656:1 (ParamSet.Rd:434): Warning: <h5> anchor "Returns" already defined ParamSet.html:676:1 (ParamSet.Rd:446): Warning: <h5> anchor "Usage" already defined ParamSet.html:682:1 (ParamSet.Rd:450): Warning: <h5> anchor "Arguments" already defined ParamSet.html:700:1 (ParamSet.Rd:462): Warning: <h5> anchor "Returns" already defined ParamSet.html:721:1 (ParamSet.Rd:475): Warning: <h5> anchor "Usage" already defined ParamSet.html:727:1 (ParamSet.Rd:479): Warning: <h5> anchor "Arguments" already defined ParamSet.html:750:1 (ParamSet.Rd:496): Warning: <h5> anchor "Returns" already defined ParamSet.html:768:1 (ParamSet.Rd:506): Warning: <h5> anchor "Usage" already defined ParamSet.html:774:1 (ParamSet.Rd:510): Warning: <h5> anchor "Arguments" already defined ParamSet.html:787:1 (ParamSet.Rd:517): Warning: <h5> anchor "Returns" already defined ParamSet.html:808:1 (ParamSet.Rd:530): Warning: <h5> anchor "Usage" already defined ParamSet.html:814:1 (ParamSet.Rd:534): Warning: <h5> anchor "Arguments" already defined ParamSet.html:830:1 (ParamSet.Rd:544): Warning: <h5> anchor "Returns" already defined ParamSet.html:851:1 (ParamSet.Rd:557): Warning: <h5> anchor "Usage" already defined ParamSet.html:862:1 (ParamSet.Rd:566): Warning: <h5> anchor "Arguments" already defined ParamSet.html:888:1 (ParamSet.Rd:586): Warning: <h5> anchor "Returns" already defined ParamSet.html:910:1 (ParamSet.Rd:600): Warning: <h5> anchor "Usage" already defined ParamSet.html:916:1 (ParamSet.Rd:604): Warning: <h5> anchor "Arguments" already defined ParamSet.html:932:1 (ParamSet.Rd:614): Warning: <h5> anchor "Returns" already defined ParamSet.html:949:1 (ParamSet.Rd:623): Warning: <h5> anchor "Usage" already defined ParamSet.html:955:1 (ParamSet.Rd:627): Warning: <h5> anchor "Arguments" already defined ParamSet.html:971:1 (ParamSet.Rd:637): Warning: <h5> anchor "Returns" already defined ParamSet.html:988:1 (ParamSet.Rd:646): Warning: <h5> anchor "Usage" already defined ParamSet.html:994:1 (ParamSet.Rd:650): Warning: <h5> anchor "Arguments" already defined ParamSet.html:1014:1 (ParamSet.Rd:664): Warning: <h5> anchor "Returns" already defined ParamSet.html:1031:1 (ParamSet.Rd:673): Warning: <h5> anchor "Usage" already defined ParamSet.html:1037:1 (ParamSet.Rd:677): Warning: <h5> anchor "Arguments" already defined ParamSet.html:1051:1 (ParamSet.Rd:685): Warning: <h5> anchor "Returns" already defined ParamSet.html:1068:1 (ParamSet.Rd:694): Warning: <h5> anchor "Usage" already defined ParamSet.html:1074:1 (ParamSet.Rd:698): Warning: <h5> anchor "Arguments" already defined ParamSet.html:1087:1 (ParamSet.Rd:705): Warning: <h5> anchor "Returns" already defined ParamSet.html:1104:1 (ParamSet.Rd:714): Warning: <h5> anchor "Usage" already defined ParamSet.html:1114:1 (ParamSet.Rd:722): Warning: <h5> anchor "Arguments" already defined ParamSet.html:1134:1 (ParamSet.Rd:736): Warning: <h5> anchor "Returns" already defined ParamSet.html:1151:1 (ParamSet.Rd:745): Warning: <h5> anchor "Usage" already defined ParamSet.html:1157:1 (ParamSet.Rd:749): Warning: <h5> anchor "Arguments" already defined ParamSet.html:1171:1 (ParamSet.Rd:757): Warning: <h5> anchor "Returns" already defined ParamSet.html:1189:1 (ParamSet.Rd:767): Warning: <h5> anchor "Usage" already defined ParamSet.html:1205:1 (ParamSet.Rd:777): Warning: <h5> anchor "Usage" already defined ParamSet.html:1211:1 (ParamSet.Rd:781): Warning: <h5> anchor "Arguments" already defined ParamSet.html:1234:1 (ParamSet.Rd:794): Warning: <h5> anchor "Usage" already defined ParamSet.html:1240:1 (ParamSet.Rd:798): Warning: <h5> anchor "Arguments" already defined ParamSet.html:1269:1 (ParamSet.Rd:817): Warning: <h5> anchor "Usage" already defined ParamSet.html:1275:1 (ParamSet.Rd:821): Warning: <h5> anchor "Arguments" already defined ParamSet.html:1298:1 (ParamSet.Rd:834): Warning: <h5> anchor "Usage" already defined ParamSet.html:1307:1 (ParamSet.Rd:841): Warning: <h5> anchor "Arguments" already defined ParamSet.html:1334:1 (ParamSet.Rd:858): Warning: <h5> anchor "Usage" already defined ParamSet.html:1340:1 (ParamSet.Rd:862): Warning: <h5> anchor "Arguments" already defined ParamSetCollection.html:360:1 (ParamSetCollection.Rd:223): Warning: missing </ul> before </div> ParamSetCollection.html:208:1 (ParamSetCollection.Rd:133): Warning: <h5> anchor "Usage" already defined ParamSetCollection.html:214:1 (ParamSetCollection.Rd:137): Warning: <h5> anchor "Arguments" already defined ParamSetCollection.html:246:1 (ParamSetCollection.Rd:159): Warning: <h5> anchor "Usage" already defined ParamSetCollection.html:252:1 (ParamSetCollection.Rd:163): Warning: <h5> anchor "Arguments" already defined ParamSetCollection.html:284:1 (ParamSetCollection.Rd:181): Warning: <h5> anchor "Usage" already defined ParamSetCollection.html:290:1 (ParamSetCollection.Rd:185): Warning: <h5> anchor "Arguments" already defined ParamSetCollection.html:304:1 (ParamSetCollection.Rd:193): Warning: <h5> anchor "Returns" already defined ParamSetCollection.html:321:1 (ParamSetCollection.Rd:202): Warning: <h5> anchor "Usage" already defined ParamSetCollection.html:337:1 (ParamSetCollection.Rd:212): Warning: <h5> anchor "Usage" already defined ParamSetCollection.html:343:1 (ParamSetCollection.Rd:216): Warning: <h5> anchor "Arguments" already defined Sampler.html:109:1 (Sampler.Rd:65): Warning: <h5> anchor "Usage" already defined Sampler.html:115:1 (Sampler.Rd:69): Warning: <h5> anchor "Arguments" already defined Sampler.html:145:1 (Sampler.Rd:85): Warning: <h5> anchor "Usage" already defined Sampler.html:151:1 (Sampler.Rd:89): Warning: <h5> anchor "Arguments" already defined Sampler.html:174:1 (Sampler.Rd:102): Warning: <h5> anchor "Usage" already defined Sampler.html:180:1 (Sampler.Rd:106): Warning: <h5> anchor "Arguments" already defined Sampler.html:203:1 (Sampler.Rd:119): Warning: <h5> anchor "Usage" already defined Sampler.html:209:1 (Sampler.Rd:123): Warning: <h5> anchor "Arguments" already defined Sampler1D.html:117:1 (Sampler1D.Rd:76): Warning: <h5> anchor "Usage" already defined Sampler1D.html:123:1 (Sampler1D.Rd:80): Warning: <h5> anchor "Arguments" already defined Sampler1DCateg.html:116:1 (Sampler1DCateg.Rd:75): Warning: <h5> anchor "Usage" already defined Sampler1DCateg.html:122:1 (Sampler1DCateg.Rd:79): Warning: <h5> anchor "Arguments" already defined Sampler1DNormal.html:124:1 (Sampler1DNormal.Rd:83): Warning: <h5> anchor "Usage" already defined Sampler1DNormal.html:130:1 (Sampler1DNormal.Rd:87): Warning: <h5> anchor "Arguments" already defined Sampler1DRfun.html:122:1 (Sampler1DRfun.Rd:81): Warning: <h5> anchor "Usage" already defined Sampler1DRfun.html:128:1 (Sampler1DRfun.Rd:85): Warning: <h5> anchor "Arguments" already defined Sampler1DUnif.html:100:1 (Sampler1DUnif.Rd:64): Warning: <h5> anchor "Usage" already defined Sampler1DUnif.html:106:1 (Sampler1DUnif.Rd:68): Warning: <h5> anchor "Arguments" already defined SamplerHierarchical.html:117:1 (SamplerHierarchical.Rd:76): Warning: <h5> anchor "Usage" already defined SamplerHierarchical.html:123:1 (SamplerHierarchical.Rd:80): Warning: <h5> anchor "Arguments" already defined SamplerJointIndep.html:112:1 (SamplerJointIndep.Rd:71): Warning: <h5> anchor "Usage" already defined SamplerJointIndep.html:118:1 (SamplerJointIndep.Rd:75): Warning: <h5> anchor "Arguments" already defined SamplerUnif.html:101:1 (SamplerUnif.Rd:65): Warning: <h5> anchor "Usage" already defined SamplerUnif.html:107:1 (SamplerUnif.Rd:69): Warning: <h5> anchor "Arguments" already defined psc.html:47:1 (psc.Rd:11): Warning: missing </ul> before </div> Flavor: r-devel-linux-x86_64-debian-gcc