Last updated on 2025-10-23 09:50:53 CEST.
| Flavor | Version | Tinstall | Tcheck | Ttotal | Status | Flags |
|---|---|---|---|---|---|---|
| r-devel-linux-x86_64-debian-clang | 2.0 | 1.66 | 23.48 | 25.14 | NOTE | |
| r-devel-linux-x86_64-debian-gcc | 2.0 | 1.37 | 17.87 | 19.24 | NOTE | |
| r-devel-linux-x86_64-fedora-clang | 2.0 | 37.12 | OK | |||
| r-devel-linux-x86_64-fedora-gcc | 2.0 | 34.02 | OK | |||
| r-devel-windows-x86_64 | 2.0 | 3.00 | 49.00 | 52.00 | OK | |
| r-patched-linux-x86_64 | 2.0 | 2.01 | 22.20 | 24.21 | OK | |
| r-release-linux-x86_64 | 2.0 | 1.82 | 21.96 | 23.78 | OK | |
| r-release-macos-arm64 | 2.0 | 1.00 | 14.00 | 15.00 | OK | |
| r-release-macos-x86_64 | 2.0 | 2.00 | 28.00 | 30.00 | OK | |
| r-release-windows-x86_64 | 2.0 | 3.00 | 43.00 | 46.00 | OK | |
| r-oldrel-macos-arm64 | 2.0 | 1.00 | 14.00 | 15.00 | OK | |
| r-oldrel-macos-x86_64 | 2.0 | 2.00 | 26.00 | 28.00 | OK | |
| r-oldrel-windows-x86_64 | 2.0 | 4.00 | 46.00 | 50.00 | OK |
Version: 2.0
Check: CRAN incoming feasibility
Result: NOTE
Maintainer: ‘Erin Conlon <econlon@umass.edu>’
No Authors@R field in DESCRIPTION.
Please add one, modifying
Authors@R: c(person(given = "Alexey",
family = "Miroshnikov",
role = "aut"),
person(given = "Erin",
family = "Conlon",
role = c("aut", "cre"),
email = "econlon@umass.edu"))
as necessary.
Flavors: r-devel-linux-x86_64-debian-clang, r-devel-linux-x86_64-debian-gcc