Last updated on 2025-10-21 09:48:40 CEST.
Flavor | Version | Tinstall | Tcheck | Ttotal | Status | Flags |
---|---|---|---|---|---|---|
r-devel-linux-x86_64-debian-clang | 2.6.0 | 15.41 | 325.21 | 340.62 | OK | |
r-devel-linux-x86_64-debian-gcc | 2.6.0 | 11.76 | 226.57 | 238.33 | NOTE | |
r-devel-linux-x86_64-fedora-clang | 2.6.0 | 579.60 | OK | |||
r-devel-linux-x86_64-fedora-gcc | 2.6.0 | 504.62 | OK | |||
r-devel-windows-x86_64 | 2.6.0 | 18.00 | 343.00 | 361.00 | OK | |
r-patched-linux-x86_64 | 2.6.0 | 16.98 | 309.18 | 326.16 | OK | |
r-release-linux-x86_64 | 2.6.0 | 15.57 | 311.24 | 326.81 | OK | |
r-release-macos-arm64 | 2.6.0 | 7.00 | ERROR | |||
r-release-macos-x86_64 | 2.6.0 | 256.00 | OK | |||
r-release-windows-x86_64 | 2.6.0 | 17.00 | 325.00 | 342.00 | OK | |
r-oldrel-macos-arm64 | 2.6.0 | 10.00 | ERROR | |||
r-oldrel-macos-x86_64 | 2.6.0 | 12.00 | ERROR | |||
r-oldrel-windows-x86_64 | 2.6.0 | 24.00 | 433.00 | 457.00 | OK |
Version: 2.6.0
Check: HTML version of manual
Result: NOTE
Found the following HTML validation problems:
create_HTML_report.html:70:1 (create_HTML_report.Rd:21): Warning: missing </ul> before </div>
Flavor: r-devel-linux-x86_64-debian-gcc
Version: 2.6.0
Check: package dependencies
Result: ERROR
Package required but not available: ‘org.Hs.eg.db’
See section ‘The DESCRIPTION file’ in the ‘Writing R Extensions’
manual.
Flavor: r-release-macos-arm64
Version: 2.6.0
Check: package dependencies
Result: ERROR
Package required and available but unsuitable version: ‘ggkegg’
See section ‘The DESCRIPTION file’ in the ‘Writing R Extensions’
manual.
Flavor: r-oldrel-macos-arm64
Version: 2.6.0
Check: package dependencies
Result: ERROR
Package required but not available: ‘ggkegg’
See section ‘The DESCRIPTION file’ in the ‘Writing R Extensions’
manual.
Flavor: r-oldrel-macos-x86_64