Last updated on 2025-10-23 09:50:53 CEST.
| Flavor | Version | Tinstall | Tcheck | Ttotal | Status | Flags |
|---|---|---|---|---|---|---|
| r-devel-linux-x86_64-debian-clang | 1.0.5 | 2.53 | 26.70 | 29.23 | NOTE | |
| r-devel-linux-x86_64-debian-gcc | 1.0.5 | 2.14 | 21.45 | 23.59 | NOTE | |
| r-devel-linux-x86_64-fedora-clang | 1.0.5 | 42.08 | OK | |||
| r-devel-linux-x86_64-fedora-gcc | 1.0.5 | 40.34 | OK | |||
| r-devel-windows-x86_64 | 1.0.5 | 4.00 | 45.00 | 49.00 | OK | |
| r-patched-linux-x86_64 | 1.0.5 | 2.19 | 25.43 | 27.62 | OK | |
| r-release-linux-x86_64 | 1.0.5 | 2.37 | 25.64 | 28.01 | OK | |
| r-release-macos-arm64 | 1.0.5 | 2.00 | 18.00 | 20.00 | OK | |
| r-release-macos-x86_64 | 1.0.5 | 2.00 | 26.00 | 28.00 | OK | |
| r-release-windows-x86_64 | 1.0.5 | 3.00 | 46.00 | 49.00 | OK | |
| r-oldrel-macos-arm64 | 1.0.5 | 1.00 | 17.00 | 18.00 | OK | |
| r-oldrel-macos-x86_64 | 1.0.5 | 2.00 | 23.00 | 25.00 | OK | |
| r-oldrel-windows-x86_64 | 1.0.5 | 3.00 | 53.00 | 56.00 | OK |
Version: 1.0.5
Check: CRAN incoming feasibility
Result: NOTE
Maintainer: ‘Steven Andrew Culpepper <sculpepp@illinois.edu>’
Package CITATION file contains call(s) to old-style personList() or
as.personList(). Please use c() on person objects instead.
Package CITATION file contains call(s) to old-style citEntry(). Please
use bibentry() instead.
Flavors: r-devel-linux-x86_64-debian-clang, r-devel-linux-x86_64-debian-gcc