CRAN Package Check Results for Package paws.application.integration

Last updated on 2025-10-21 09:48:40 CEST.

Flavor Version Tinstall Tcheck Ttotal Status Flags
r-devel-linux-x86_64-debian-clang 0.9.0 27.36 106.13 133.49 OK
r-devel-linux-x86_64-debian-gcc 0.9.0 17.60 72.68 90.28 NOTE
r-devel-linux-x86_64-fedora-clang 0.9.0 194.56 OK
r-devel-linux-x86_64-fedora-gcc 0.9.0 177.46 OK
r-devel-windows-x86_64 0.9.0 30.00 159.00 189.00 OK
r-patched-linux-x86_64 0.9.0 33.12 100.01 133.13 OK
r-release-linux-x86_64 0.9.0 27.89 99.15 127.04 OK
r-release-macos-arm64 0.9.0 84.00 OK
r-release-macos-x86_64 0.9.0 130.00 OK
r-release-windows-x86_64 0.9.0 31.00 159.00 190.00 OK
r-oldrel-macos-arm64 0.9.0 53.00 OK
r-oldrel-macos-x86_64 0.9.0 154.00 OK
r-oldrel-windows-x86_64 0.9.0 41.00 184.00 225.00 OK

Check Details

Version: 0.9.0
Check: HTML version of manual
Result: NOTE Found the following HTML validation problems: eventbridge_activate_event_source.html:48:1 (eventbridge_activate_event_source.Rd:10): Warning: missing </ul> before </div> eventbridge_cancel_replay.html:48:1 (eventbridge_cancel_replay.Rd:10): Warning: missing </ul> before </div> eventbridge_create_api_destination.html:79:1 (eventbridge_create_api_destination.Rd:31): Warning: missing </ul> before </div> eventbridge_create_archive.html:71:1 (eventbridge_create_archive.Rd:25): Warning: missing </ul> before </div> eventbridge_create_connection.html:79:1 (eventbridge_create_connection.Rd:33): Warning: missing </ul> before </div> eventbridge_create_endpoint.html:82:1 (eventbridge_create_endpoint.Rd:34): Warning: missing </ul> before </div> eventbridge_create_event_bus.html:115:1 (eventbridge_create_event_bus.Rd:61): Warning: missing </ul> before </div> eventbridge_create_partner_event_source.html:57:1 (eventbridge_create_partner_event_source.Rd:17): Warning: missing </ul> before </div> eventbridge_deactivate_event_source.html:49:1 (eventbridge_deactivate_event_source.Rd:11): Warning: missing </ul> before </div> eventbridge_deauthorize_connection.html:48:1 (eventbridge_deauthorize_connection.Rd:10): Warning: missing </ul> before </div> eventbridge_delete_api_destination.html:48:1 (eventbridge_delete_api_destination.Rd:10): Warning: missing </ul> before </div> eventbridge_delete_archive.html:48:1 (eventbridge_delete_archive.Rd:10): Warning: missing </ul> before </div> eventbridge_delete_connection.html:48:1 (eventbridge_delete_connection.Rd:10): Warning: missing </ul> before </div> eventbridge_delete_endpoint.html:49:1 (eventbridge_delete_endpoint.Rd:11): Warning: missing </ul> before </div> eventbridge_delete_event_bus.html:48:1 (eventbridge_delete_event_bus.Rd:10): Warning: missing </ul> before </div> eventbridge_delete_partner_event_source.html:53:1 (eventbridge_delete_partner_event_source.Rd:13): Warning: missing </ul> before </div> eventbridge_delete_rule.html:63:1 (eventbridge_delete_rule.Rd:21): Warning: missing </ul> before </div> eventbridge_describe_api_destination.html:48:1 (eventbridge_describe_api_destination.Rd:10): Warning: missing </ul> before </div> eventbridge_describe_archive.html:48:1 (eventbridge_describe_archive.Rd:10): Warning: missing </ul> before </div> eventbridge_describe_connection.html:48:1 (eventbridge_describe_connection.Rd:10): Warning: missing </ul> before </div> eventbridge_describe_endpoint.html:54:1 (eventbridge_describe_endpoint.Rd:14): Warning: missing </ul> before </div> eventbridge_describe_event_bus.html:49:1 (eventbridge_describe_event_bus.Rd:11): Warning: missing </ul> before </div> eventbridge_describe_event_source.html:49:1 (eventbridge_describe_event_source.Rd:11): Warning: missing </ul> before </div> eventbridge_describe_partner_event_source.html:49:1 (eventbridge_describe_partner_event_source.Rd:11): Warning: missing </ul> before </div> eventbridge_describe_replay.html:48:1 (eventbridge_describe_replay.Rd:10): Warning: missing </ul> before </div> eventbridge_describe_rule.html:53:1 (eventbridge_describe_rule.Rd:13): Warning: missing </ul> before </div> eventbridge_disable_rule.html:53:1 (eventbridge_disable_rule.Rd:13): Warning: missing </ul> before </div> eventbridge_enable_rule.html:53:1 (eventbridge_enable_rule.Rd:13): Warning: missing </ul> before </div> eventbridge_list_api_destinations.html:74:1 (eventbridge_list_api_destinations.Rd:30): Warning: missing </ul> before </div> eventbridge_list_archives.html:79:1 (eventbridge_list_archives.Rd:33): Warning: missing </ul> before </div> eventbridge_list_connections.html:74:1 (eventbridge_list_connections.Rd:30): Warning: missing </ul> before </div> eventbridge_list_endpoints.html:76:1 (eventbridge_list_endpoints.Rd:32): Warning: missing </ul> before </div> eventbridge_list_event_buses.html:68:1 (eventbridge_list_event_buses.Rd:26): Warning: missing </ul> before </div> eventbridge_list_event_sources.html:72:1 (eventbridge_list_event_sources.Rd:30): Warning: missing </ul> before </div> eventbridge_list_partner_event_source_accounts.html:73:1 (eventbridge_list_partner_event_source_accounts.Rd:31): Warning: missing </ul> before </div> eventbridge_list_partner_event_sources.html:72:1 (eventbridge_list_partner_event_sources.Rd:30): Warning: missing </ul> before </div> eventbridge_list_replays.html:79:1 (eventbridge_list_replays.Rd:33): Warning: missing </ul> before </div> eventbridge_list_rule_names_by_target.html:74:1 (eventbridge_list_rule_names_by_target.Rd:30): Warning: missing </ul> before </div> eventbridge_list_rules.html:74:1 (eventbridge_list_rules.Rd:30): Warning: missing </ul> before </div> eventbridge_list_tags_for_resource.html:48:1 (eventbridge_list_tags_for_resource.Rd:10): Warning: missing </ul> before </div> eventbridge_list_targets_by_rule.html:74:1 (eventbridge_list_targets_by_rule.Rd:30): Warning: missing </ul> before </div> eventbridge_put_events.html:59:1 (eventbridge_put_events.Rd:19): Warning: missing </ul> before </div> eventbridge_put_partner_events.html:49:1 (eventbridge_put_partner_events.Rd:11): Warning: missing </ul> before </div> eventbridge_put_permission.html:104:1 (eventbridge_put_permission.Rd:56): Warning: missing </ul> before </div> eventbridge_put_rule.html:125:1 (eventbridge_put_rule.Rd:66): Warning: missing </ul> before </div> eventbridge_put_targets.html:58:1 (eventbridge_put_targets.Rd:16): Warning: missing </ul> before </div> eventbridge_remove_permission.html:63:1 (eventbridge_remove_permission.Rd:21): Warning: missing </ul> before </div> eventbridge_remove_targets.html:67:1 (eventbridge_remove_targets.Rd:23): Warning: missing </ul> before </div> eventbridge_start_replay.html:78:1 (eventbridge_start_replay.Rd:30): Warning: missing </ul> before </div> eventbridge_tag_resource.html:53:1 (eventbridge_tag_resource.Rd:13): Warning: missing </ul> before </div> eventbridge_test_event_pattern.html:79:1 (eventbridge_test_event_pattern.Rd:24): Warning: missing </ul> before </div> eventbridge_untag_resource.html:52:1 (eventbridge_untag_resource.Rd:12): Warning: missing </ul> before </div> eventbridge_update_api_destination.html:76:1 (eventbridge_update_api_destination.Rd:28): Warning: missing </ul> before </div> eventbridge_update_archive.html:65:1 (eventbridge_update_archive.Rd:21): Warning: missing </ul> before </div> eventbridge_update_connection.html:74:1 (eventbridge_update_connection.Rd:28): Warning: missing </ul> before </div> eventbridge_update_endpoint.html:76:1 (eventbridge_update_endpoint.Rd:28): Warning: missing </ul> before </div> eventbridge_update_event_bus.html:96:1 (eventbridge_update_event_bus.Rd:46): Warning: missing </ul> before </div> eventbridgepipes_create_pipe.html:123:1 (eventbridgepipes_create_pipe.Rd:61): Warning: missing </ul> before </div> eventbridgepipes_delete_pipe.html:48:1 (eventbridgepipes_delete_pipe.Rd:10): Warning: missing </ul> before </div> eventbridgepipes_describe_pipe.html:48:1 (eventbridgepipes_describe_pipe.Rd:10): Warning: missing </ul> before </div> eventbridgepipes_list_pipes.html:86:1 (eventbridgepipes_list_pipes.Rd:36): Warning: missing </ul> before </div> eventbridgepipes_list_tags_for_resource.html:48:1 (eventbridgepipes_list_tags_for_resource.Rd:10): Warning: missing </ul> before </div> eventbridgepipes_start_pipe.html:48:1 (eventbridgepipes_start_pipe.Rd:10): Warning: missing </ul> before </div> eventbridgepipes_stop_pipe.html:48:1 (eventbridgepipes_stop_pipe.Rd:10): Warning: missing </ul> before </div> eventbridgepipes_tag_resource.html:52:1 (eventbridgepipes_tag_resource.Rd:12): Warning: missing </ul> before </div> eventbridgepipes_untag_resource.html:52:1 (eventbridgepipes_untag_resource.Rd:12): Warning: missing </ul> before </div> eventbridgepipes_update_pipe.html:118:1 (eventbridgepipes_update_pipe.Rd:60): Warning: missing </ul> before </div> eventbridgescheduler_create_schedule.html:155:1 (eventbridgescheduler_create_schedule.Rd:86): Warning: missing </ul> before </div> eventbridgescheduler_create_schedule_group.html:63:1 (eventbridgescheduler_create_schedule_group.Rd:21): Warning: missing </ul> before </div> eventbridgescheduler_delete_schedule.html:64:1 (eventbridgescheduler_delete_schedule.Rd:22): Warning: missing </ul> before </div> eventbridgescheduler_delete_schedule_group.html:55:1 (eventbridgescheduler_delete_schedule_group.Rd:15): Warning: missing </ul> before </div> eventbridgescheduler_get_schedule.html:54:1 (eventbridgescheduler_get_schedule.Rd:14): Warning: missing </ul> before </div> eventbridgescheduler_get_schedule_group.html:48:1 (eventbridgescheduler_get_schedule_group.Rd:10): Warning: missing </ul> before </div> eventbridgescheduler_list_schedule_groups.html:64:1 (eventbridgescheduler_list_schedule_groups.Rd:22): Warning: missing </ul> before </div> eventbridgescheduler_list_schedules.html:75:1 (eventbridgescheduler_list_schedules.Rd:29): Warning: missing </ul> before </div> eventbridgescheduler_list_tags_for_resource.html:49:1 (eventbridgescheduler_list_tags_for_resource.Rd:11): Warning: missing </ul> before </div> eventbridgescheduler_tag_resource.html:54:1 (eventbridgescheduler_tag_resource.Rd:14): Warning: missing </ul> before </div> eventbridgescheduler_untag_resource.html:54:1 (eventbridgescheduler_untag_resource.Rd:14): Warning: missing </ul> before </div> eventbridgescheduler_update_schedule.html:158:1 (eventbridgescheduler_update_schedule.Rd:89): Warning: missing </ul> before </div> locationservice_associate_tracker_consumer.html:63:1 (locationservice_associate_tracker_consumer.Rd:20): Warning: missing </ul> before </div> locationservice_batch_delete_device_position_history.html:60:1 (locationservice_batch_delete_device_position_history.Rd:17): Warning: missing </ul> before </div> locationservice_batch_delete_geofence.html:52:1 (locationservice_batch_delete_geofence.Rd:12): Warning: missing </ul> before </div> locationservice_batch_evaluate_geofences.html:55:1 (locationservice_batch_evaluate_geofences.Rd:15): Warning: missing </ul> before </div> locationservice_batch_get_device_position.html:59:1 (locationservice_batch_get_device_position.Rd:16): Warning: missing </ul> before </div> locationservice_batch_put_geofence.html:54:1 (locationservice_batch_put_geofence.Rd:14): Warning: missing </ul> before </div> locationservice_batch_update_device_position.html:53:1 (locationservice_batch_update_device_position.Rd:13): Warning: missing </ul> before </div> locationservice_calculate_route.html:226:1 (locationservice_calculate_route.Rd:145): Warning: missing </ul> before </div> locationservice_calculate_route_matrix.html:179:1 (locationservice_calculate_route_matrix.Rd:115): Warning: missing </ul> before </div> locationservice_create_geofence_collection.html:120:1 (locationservice_create_geofence_collection.Rd:52): Warning: missing </ul> before </div> locationservice_create_key.html:123:1 (locationservice_create_key.Rd:55): Warning: missing </ul> before </div> locationservice_create_map.html:118:1 (locationservice_create_map.Rd:52): Warning: missing </ul> before </div> locationservice_create_place_index.html:151:1 (locationservice_create_place_index.Rd:76): Warning: missing </ul> before </div> locationservice_create_route_calculator.html:149:1 (locationservice_create_route_calculator.Rd:73): Warning: missing </ul> before </div> locationservice_create_tracker.html:188:1 (locationservice_create_tracker.Rd:107): Warning: missing </ul> before </div> locationservice_delete_geofence_collection.html:48:1 (locationservice_delete_geofence_collection.Rd:10): Warning: missing </ul> before </div> locationservice_delete_key.html:61:1 (locationservice_delete_key.Rd:21): Warning: missing </ul> before </div> locationservice_delete_map.html:48:1 (locationservice_delete_map.Rd:10): Warning: missing </ul> before </div> locationservice_delete_place_index.html:48:1 (locationservice_delete_place_index.Rd:10): Warning: missing </ul> before </div> locationservice_delete_route_calculator.html:49:1 (locationservice_delete_route_calculator.Rd:11): Warning: missing </ul> before </div> locationservice_delete_tracker.html:48:1 (locationservice_delete_tracker.Rd:10): Warning: missing </ul> before </div> locationservice_describe_geofence_collection.html:48:1 (locationservice_describe_geofence_collection.Rd:10): Warning: missing </ul> before </div> locationservice_describe_key.html:48:1 (locationservice_describe_key.Rd:10): Warning: missing </ul> before </div> locationservice_describe_map.html:48:1 (locationservice_describe_map.Rd:10): Warning: missing </ul> before </div> locationservice_describe_place_index.html:48:1 (locationservice_describe_place_index.Rd:10): Warning: missing </ul> before </div> locationservice_describe_route_calculator.html:48:1 (locationservice_describe_route_calculator.Rd:10): Warning: missing </ul> before </div> locationservice_describe_tracker.html:48:1 (locationservice_describe_tracker.Rd:10): Warning: missing </ul> before </div> locationservice_disassociate_tracker_consumer.html:62:1 (locationservice_disassociate_tracker_consumer.Rd:19): Warning: missing </ul> before </div> locationservice_forecast_geofence_events.html:96:1 (locationservice_forecast_geofence_events.Rd:46): Warning: missing </ul> before </div> locationservice_get_device_position.html:52:1 (locationservice_get_device_position.Rd:12): Warning: missing </ul> before </div> locationservice_get_device_position_history.html:105:1 (locationservice_get_device_position_history.Rd:51): Warning: missing </ul> before </div> locationservice_get_geofence.html:52:1 (locationservice_get_geofence.Rd:12): Warning: missing </ul> before </div> locationservice_get_map_glyphs.html:149:1 (locationservice_get_map_glyphs.Rd:83): Warning: missing </ul> before </div> locationservice_get_map_sprites.html:79:1 (locationservice_get_map_sprites.Rd:27): Warning: missing </ul> before </div> locationservice_get_map_style_descriptor.html:53:1 (locationservice_get_map_style_descriptor.Rd:13): Warning: missing </ul> before </div> locationservice_get_map_tile.html:65:1 (locationservice_get_map_tile.Rd:19): Warning: missing </ul> before </div> locationservice_get_place.html:78:1 (locationservice_get_place.Rd:34): Warning: missing </ul> before </div> locationservice_list_device_positions.html:70:1 (locationservice_list_device_positions.Rd:26): Warning: missing </ul> before </div> locationservice_list_geofence_collections.html:57:1 (locationservice_list_geofence_collections.Rd:17): Warning: missing </ul> before </div> locationservice_list_geofences.html:65:1 (locationservice_list_geofences.Rd:23): Warning: missing </ul> before </div> locationservice_list_keys.html:61:1 (locationservice_list_keys.Rd:19): Warning: missing </ul> before </div> locationservice_list_maps.html:57:1 (locationservice_list_maps.Rd:17): Warning: missing </ul> before </div> locationservice_list_place_indexes.html:58:1 (locationservice_list_place_indexes.Rd:18): Warning: missing </ul> before </div> locationservice_list_route_calculators.html:57:1 (locationservice_list_route_calculators.Rd:17): Warning: missing </ul> before </div> locationservice_list_tags_for_resource.html:57:1 (locationservice_list_tags_for_resource.Rd:16): Warning: missing </ul> before </div> locationservice_list_tracker_consumers.html:67:1 (locationservice_list_tracker_consumers.Rd:25): Warning: missing </ul> before </div> locationservice_list_trackers.html:57:1 (locationservice_list_trackers.Rd:17): Warning: missing </ul> before </div> locationservice_put_geofence.html:77:1 (locationservice_put_geofence.Rd:33): Warning: missing </ul> before </div> locationservice_search_place_index_for_position.html:97:1 (locationservice_search_place_index_for_position.Rd:51): Warning: missing </ul> before </div> locationservice_search_place_index_for_suggestions.html:154:1 (locationservice_search_place_index_for_suggestions.Rd:97): Warning: missing </ul> before </div> locationservice_search_place_index_for_text.html:154:1 (locationservice_search_place_index_for_text.Rd:97): Warning: missing </ul> before </div> locationservice_tag_resource.html:89:1 (locationservice_tag_resource.Rd:33): Warning: missing </ul> before </div> locationservice_untag_resource.html:60:1 (locationservice_untag_resource.Rd:17): Warning: missing </ul> before </div> locationservice_update_geofence_collection.html:66:1 (locationservice_update_geofence_collection.Rd:22): Warning: missing </ul> before </div> locationservice_update_key.html:85:1 (locationservice_update_key.Rd:37): Warning: missing </ul> before </div> locationservice_update_map.html:67:1 (locationservice_update_map.Rd:23): Warning: missing </ul> before </div> locationservice_update_place_index.html:66:1 (locationservice_update_place_index.Rd:22): Warning: missing </ul> before </div> locationservice_update_route_calculator.html:61:1 (locationservice_update_route_calculator.Rd:19): Warning: missing </ul> before </div> locationservice_update_tracker.html:119:1 (locationservice_update_tracker.Rd:62): Warning: missing </ul> before </div> locationservice_verify_device_position.html:66:1 (locationservice_verify_device_position.Rd:24): Warning: missing </ul> before </div> mq_create_broker.html:200:1 (mq_create_broker.Rd:122): Warning: missing </ul> before </div> mq_create_configuration.html:78:1 (mq_create_configuration.Rd:32): Warning: missing </ul> before </div> mq_create_tags.html:52:1 (mq_create_tags.Rd:12): Warning: missing </ul> before </div> mq_create_user.html:82:1 (mq_create_user.Rd:34): Warning: missing </ul> before </div> mq_delete_broker.html:48:1 (mq_delete_broker.Rd:10): Warning: missing </ul> before </div> mq_delete_tags.html:52:1 (mq_delete_tags.Rd:12): Warning: missing </ul> before </div> mq_delete_user.html:54:1 (mq_delete_user.Rd:14): Warning: missing </ul> before </div> mq_describe_broker.html:48:1 (mq_describe_broker.Rd:10): Warning: missing </ul> before </div> mq_describe_broker_engine_types.html:62:1 (mq_describe_broker_engine_types.Rd:20): Warning: missing </ul> before </div> mq_describe_broker_instance_options.html:72:1 (mq_describe_broker_instance_options.Rd:26): Warning: missing </ul> before </div> mq_describe_configuration.html:48:1 (mq_describe_configuration.Rd:10): Warning: missing </ul> before </div> mq_describe_configuration_revision.html:53:1 (mq_describe_configuration_revision.Rd:13): Warning: missing </ul> before </div> mq_describe_user.html:54:1 (mq_describe_user.Rd:14): Warning: missing </ul> before </div> mq_list_brokers.html:54:1 (mq_list_brokers.Rd:14): Warning: missing </ul> before </div> mq_list_configuration_revisions.html:62:1 (mq_list_configuration_revisions.Rd:20): Warning: missing </ul> before </div> mq_list_configurations.html:54:1 (mq_list_configurations.Rd:14): Warning: missing </ul> before </div> mq_list_tags.html:48:1 (mq_list_tags.Rd:10): Warning: missing </ul> before </div> mq_list_users.html:58:1 (mq_list_users.Rd:16): Warning: missing </ul> before </div> mq_promote.html:53:1 (mq_promote.Rd:13): Warning: missing </ul> before </div> mq_reboot_broker.html:48:1 (mq_reboot_broker.Rd:10): Warning: missing </ul> before </div> mq_update_broker.html:116:1 (mq_update_broker.Rd:58): Warning: missing </ul> before </div> mq_update_configuration.html:57:1 (mq_update_configuration.Rd:15): Warning: missing </ul> before </div> mq_update_user.html:82:1 (mq_update_user.Rd:34): Warning: missing </ul> before </div> mwaa_create_cli_token.html:49:1 (mwaa_create_cli_token.Rd:11): Warning: missing </ul> before </div> mwaa_create_environment.html:275:1 (mwaa_create_environment.Rd:184): Warning: missing </ul> before </div> mwaa_create_web_login_token.html:49:1 (mwaa_create_web_login_token.Rd:11): Warning: missing </ul> before </div> mwaa_delete_environment.html:50:1 (mwaa_delete_environment.Rd:12): Warning: missing </ul> before </div> mwaa_get_environment.html:50:1 (mwaa_get_environment.Rd:12): Warning: missing </ul> before </div> mwaa_invoke_rest_api.html:70:1 (mwaa_invoke_rest_api.Rd:24): Warning: missing </ul> before </div> mwaa_list_environments.html:54:1 (mwaa_list_environments.Rd:14): Warning: missing </ul> before </div> mwaa_list_tags_for_resource.html:51:1 (mwaa_list_tags_for_resource.Rd:13): Warning: missing </ul> before </div> mwaa_publish_metrics.html:53:1 (mwaa_publish_metrics.Rd:13): Warning: missing </ul> before </div> mwaa_tag_resource.html:56:1 (mwaa_tag_resource.Rd:16): Warning: missing </ul> before </div> mwaa_untag_resource.html:56:1 (mwaa_untag_resource.Rd:16): Warning: missing </ul> before </div> mwaa_update_environment.html:240:1 (mwaa_update_environment.Rd:160): Warning: missing </ul> before </div> resourceexplorer_associate_default_view.html:52:1 (resourceexplorer_associate_default_view.Rd:14): Warning: missing </ul> before </div> resourceexplorer_batch_get_view.html:49:1 (resourceexplorer_batch_get_view.Rd:11): Warning: missing </ul> before </div> resourceexplorer_create_index.html:58:1 (resourceexplorer_create_index.Rd:18): Warning: missing </ul> before </div> resourceexplorer_create_view.html:104:1 (resourceexplorer_create_view.Rd:56): Warning: missing </ul> before </div> resourceexplorer_delete_index.html:50:1 (resourceexplorer_delete_index.Rd:12): Warning: missing </ul> before </div> resourceexplorer_delete_view.html:49:1 (resourceexplorer_delete_view.Rd:11): Warning: missing </ul> before </div> resourceexplorer_get_managed_view.html:48:1 (resourceexplorer_get_managed_view.Rd:10): Warning: missing </ul> before </div> resourceexplorer_get_view.html:49:1 (resourceexplorer_get_view.Rd:11): Warning: missing </ul> before </div> resourceexplorer_list_indexes.html:85:1 (resourceexplorer_list_indexes.Rd:41): Warning: missing </ul> before </div> resourceexplorer_list_indexes_for_members.html:77:1 (resourceexplorer_list_indexes_for_members.Rd:35): Warning: missing </ul> before </div> resourceexplorer_list_managed_views.html:77:1 (resourceexplorer_list_managed_views.Rd:35): Warning: missing </ul> before </div> resourceexplorer_list_resources.html:85:1 (resourceexplorer_list_resources.Rd:42): Warning: missing </ul> before </div> resourceexplorer_list_supported_resource_types.html:70:1 (resourceexplorer_list_supported_resource_types.Rd:30): Warning: missing </ul> before </div> resourceexplorer_list_tags_for_resource.html:49:1 (resourceexplorer_list_tags_for_resource.Rd:11): Warning: missing </ul> before </div> resourceexplorer_list_views.html:67:1 (resourceexplorer_list_views.Rd:27): Warning: missing </ul> before </div> resourceexplorer_search.html:97:1 (resourceexplorer_search.Rd:53): Warning: missing </ul> before </div> resourceexplorer_tag_resource.html:55:1 (resourceexplorer_tag_resource.Rd:15): Warning: missing </ul> before </div> resourceexplorer_untag_resource.html:55:1 (resourceexplorer_untag_resource.Rd:15): Warning: missing </ul> before </div> resourceexplorer_update_index_type.html:56:1 (resourceexplorer_update_index_type.Rd:16): Warning: missing </ul> before </div> resourceexplorer_update_view.html:81:1 (resourceexplorer_update_view.Rd:39): Warning: missing </ul> before </div> schemas_create_discoverer.html:66:1 (schemas_create_discoverer.Rd:22): Warning: missing </ul> before </div> schemas_create_registry.html:56:1 (schemas_create_registry.Rd:14): Warning: missing </ul> before </div> schemas_create_schema.html:75:1 (schemas_create_schema.Rd:27): Warning: missing </ul> before </div> schemas_delete_discoverer.html:48:1 (schemas_delete_discoverer.Rd:10): Warning: missing </ul> before </div> schemas_delete_registry.html:48:1 (schemas_delete_registry.Rd:10): Warning: missing </ul> before </div> schemas_delete_resource_policy.html:48:1 (schemas_delete_resource_policy.Rd:10): Warning: missing </ul> before </div> schemas_delete_schema.html:52:1 (schemas_delete_schema.Rd:12): Warning: missing </ul> before </div> schemas_delete_schema_version.html:56:1 (schemas_delete_schema_version.Rd:14): Warning: missing </ul> before </div> schemas_describe_code_binding.html:65:1 (schemas_describe_code_binding.Rd:21): Warning: missing </ul> before </div> schemas_describe_discoverer.html:48:1 (schemas_describe_discoverer.Rd:10): Warning: missing </ul> before </div> schemas_describe_registry.html:48:1 (schemas_describe_registry.Rd:10): Warning: missing </ul> before </div> schemas_describe_schema.html:56:1 (schemas_describe_schema.Rd:14): Warning: missing </ul> before </div> schemas_export_schema.html:60:1 (schemas_export_schema.Rd:16): Warning: missing </ul> before </div> schemas_get_code_binding_source.html:65:1 (schemas_get_code_binding_source.Rd:21): Warning: missing </ul> before </div> schemas_get_discovered_schema.html:54:1 (schemas_get_discovered_schema.Rd:14): Warning: missing </ul> before </div> schemas_get_resource_policy.html:48:1 (schemas_get_resource_policy.Rd:10): Warning: missing </ul> before </div> schemas_list_discoverers.html:68:1 (schemas_list_discoverers.Rd:25): Warning: missing </ul> before </div> schemas_list_registries.html:68:1 (schemas_list_registries.Rd:25): Warning: missing </ul> before </div> schemas_list_schema_versions.html:66:1 (schemas_list_schema_versions.Rd:23): Warning: missing </ul> before </div> schemas_list_schemas.html:67:1 (schemas_list_schemas.Rd:24): Warning: missing </ul> before </div> schemas_list_tags_for_resource.html:48:1 (schemas_list_tags_for_resource.Rd:10): Warning: missing </ul> before </div> schemas_put_code_binding.html:65:1 (schemas_put_code_binding.Rd:21): Warning: missing </ul> before </div> schemas_put_resource_policy.html:56:1 (schemas_put_resource_policy.Rd:14): Warning: missing </ul> before </div> schemas_search_schemas.html:62:1 (schemas_search_schemas.Rd:19): Warning: missing </ul> before </div> schemas_start_discoverer.html:48:1 (schemas_start_discoverer.Rd:10): Warning: missing </ul> before </div> schemas_stop_discoverer.html:48:1 (schemas_stop_discoverer.Rd:10): Warning: missing </ul> before </div> schemas_tag_resource.html:52:1 (schemas_tag_resource.Rd:12): Warning: missing </ul> before </div> schemas_untag_resource.html:52:1 (schemas_untag_resource.Rd:12): Warning: missing </ul> before </div> schemas_update_discoverer.html:61:1 (schemas_update_discoverer.Rd:19): Warning: missing </ul> before </div> schemas_update_registry.html:52:1 (schemas_update_registry.Rd:12): Warning: missing </ul> before </div> schemas_update_schema.html:75:1 (schemas_update_schema.Rd:27): Warning: missing </ul> before </div> sfn_create_activity.html:91:1 (sfn_create_activity.Rd:38): Warning: missing </ul> before </div> sfn_create_state_machine.html:138:1 (sfn_create_state_machine.Rd:71): Warning: missing </ul> before </div> sfn_create_state_machine_alias.html:65:1 (sfn_create_state_machine_alias.Rd:23): Warning: missing </ul> before </div> sfn_delete_activity.html:48:1 (sfn_delete_activity.Rd:10): Warning: missing </ul> before </div> sfn_delete_state_machine.html:48:1 (sfn_delete_state_machine.Rd:10): Warning: missing </ul> before </div> sfn_delete_state_machine_alias.html:48:1 (sfn_delete_state_machine_alias.Rd:10): Warning: missing </ul> before </div> sfn_delete_state_machine_version.html:48:1 (sfn_delete_state_machine_version.Rd:10): Warning: missing </ul> before </div> sfn_describe_activity.html:48:1 (sfn_describe_activity.Rd:10): Warning: missing </ul> before </div> sfn_describe_execution.html:58:1 (sfn_describe_execution.Rd:18): Warning: missing </ul> before </div> sfn_describe_map_run.html:49:1 (sfn_describe_map_run.Rd:11): Warning: missing </ul> before </div> sfn_describe_state_machine.html:68:1 (sfn_describe_state_machine.Rd:28): Warning: missing </ul> before </div> sfn_describe_state_machine_alias.html:48:1 (sfn_describe_state_machine_alias.Rd:10): Warning: missing </ul> before </div> sfn_describe_state_machine_for_execution.html:57:1 (sfn_describe_state_machine_for_execution.Rd:17): Warning: missing </ul> before </div> sfn_get_activity_task.html:57:1 (sfn_get_activity_task.Rd:17): Warning: missing </ul> before </div> sfn_get_execution_history.html:81:1 (sfn_get_execution_history.Rd:35): Warning: missing </ul> before </div> sfn_list_activities.html:62:1 (sfn_list_activities.Rd:22): Warning: missing </ul> before </div> sfn_list_executions.html:114:1 (sfn_list_executions.Rd:66): Warning: missing </ul> before </div> sfn_list_map_runs.html:67:1 (sfn_list_map_runs.Rd:25): Warning: missing </ul> before </div> sfn_list_state_machine_aliases.html:74:1 (sfn_list_state_machine_aliases.Rd:32): Warning: missing </ul> before </div> sfn_list_state_machine_versions.html:71:1 (sfn_list_state_machine_versions.Rd:29): Warning: missing </ul> before </div> sfn_list_state_machines.html:62:1 (sfn_list_state_machines.Rd:22): Warning: missing </ul> before </div> sfn_list_tags_for_resource.html:49:1 (sfn_list_tags_for_resource.Rd:11): Warning: missing </ul> before </div> sfn_publish_state_machine_version.html:72:1 (sfn_publish_state_machine_version.Rd:30): Warning: missing </ul> before </div> sfn_redrive_execution.html:59:1 (sfn_redrive_execution.Rd:19): Warning: missing </ul> before </div> sfn_send_task_failure.html:61:1 (sfn_send_task_failure.Rd:19): Warning: missing </ul> before </div> sfn_send_task_heartbeat.html:54:1 (sfn_send_task_heartbeat.Rd:16): Warning: missing </ul> before </div> sfn_send_task_success.html:58:1 (sfn_send_task_success.Rd:18): Warning: missing </ul> before </div> sfn_start_execution.html:146:1 (sfn_start_execution.Rd:84): Warning: missing </ul> before </div> sfn_start_sync_execution.html:83:1 (sfn_start_sync_execution.Rd:37): Warning: missing </ul> before </div> sfn_stop_execution.html:56:1 (sfn_stop_execution.Rd:14): Warning: missing </ul> before </div> sfn_tag_resource.html:56:1 (sfn_tag_resource.Rd:16): Warning: missing </ul> before </div> sfn_test_state.html:110:1 (sfn_test_state.Rd:55): Warning: missing </ul> before </div> sfn_untag_resource.html:53:1 (sfn_untag_resource.Rd:13): Warning: missing </ul> before </div> sfn_update_map_run.html:67:1 (sfn_update_map_run.Rd:23): Warning: missing </ul> before </div> sfn_update_state_machine.html:91:1 (sfn_update_state_machine.Rd:39): Warning: missing </ul> before </div> sfn_update_state_machine_alias.html:64:1 (sfn_update_state_machine_alias.Rd:22): Warning: missing </ul> before </div> sfn_validate_state_machine_definition.html:77:1 (sfn_validate_state_machine_definition.Rd:33): Warning: missing </ul> before </div> sns_add_permission.html:66:1 (sns_add_permission.Rd:22): Warning: missing </ul> before </div> sns_check_if_phone_number_is_opted_out.html:49:1 (sns_check_if_phone_number_is_opted_out.Rd:11): Warning: missing </ul> before </div> sns_confirm_subscription.html:62:1 (sns_confirm_subscription.Rd:20): Warning: missing </ul> before </div> sns_create_platform_application.html:64:1 (sns_create_platform_application.Rd:22): Warning: missing </ul> before </div> sns_create_platform_endpoint.html:76:1 (sns_create_platform_endpoint.Rd:32): Warning: missing </ul> before </div> sns_create_sms_sandbox_phone_number.html:55:1 (sns_create_sms_sandbox_phone_number.Rd:15): Warning: missing </ul> before </div> sns_create_topic.html:184:1 (sns_create_topic.Rd:107): Warning: missing </ul> before </div> sns_delete_endpoint.html:48:1 (sns_delete_endpoint.Rd:10): Warning: missing </ul> before </div> sns_delete_platform_application.html:49:1 (sns_delete_platform_application.Rd:11): Warning: missing </ul> before </div> sns_delete_sms_sandbox_phone_number.html:49:1 (sns_delete_sms_sandbox_phone_number.Rd:11): Warning: missing </ul> before </div> sns_delete_topic.html:48:1 (sns_delete_topic.Rd:10): Warning: missing </ul> before </div> sns_get_data_protection_policy.html:52:1 (sns_get_data_protection_policy.Rd:14): Warning: missing </ul> before </div> sns_get_endpoint_attributes.html:51:1 (sns_get_endpoint_attributes.Rd:13): Warning: missing </ul> before </div> sns_get_platform_application_attributes.html:50:1 (sns_get_platform_application_attributes.Rd:12): Warning: missing </ul> before </div> sns_get_sms_attributes.html:55:1 (sns_get_sms_attributes.Rd:17): Warning: missing </ul> before </div> sns_get_subscription_attributes.html:48:1 (sns_get_subscription_attributes.Rd:10): Warning: missing </ul> before </div> sns_get_topic_attributes.html:48:1 (sns_get_topic_attributes.Rd:10): Warning: missing </ul> before </div> sns_list_endpoints_by_platform_application.html:61:1 (sns_list_endpoints_by_platform_application.Rd:21): Warning: missing </ul> before </div> sns_list_origination_numbers.html:55:1 (sns_list_origination_numbers.Rd:15): Warning: missing </ul> before </div> sns_list_phone_numbers_opted_out.html:52:1 (sns_list_phone_numbers_opted_out.Rd:14): Warning: missing </ul> before </div> sns_list_platform_applications.html:52:1 (sns_list_platform_applications.Rd:14): Warning: missing </ul> before </div> sns_list_sms_sandbox_phone_numbers.html:54:1 (sns_list_sms_sandbox_phone_numbers.Rd:14): Warning: missing </ul> before </div> sns_list_subscriptions.html:49:1 (sns_list_subscriptions.Rd:11): Warning: missing </ul> before </div> sns_list_subscriptions_by_topic.html:54:1 (sns_list_subscriptions_by_topic.Rd:14): Warning: missing </ul> before </div> sns_list_tags_for_resource.html:48:1 (sns_list_tags_for_resource.Rd:10): Warning: missing </ul> before </div> sns_list_topics.html:48:1 (sns_list_topics.Rd:10): Warning: missing </ul> before </div> sns_opt_in_phone_number.html:49:1 (sns_opt_in_phone_number.Rd:11): Warning: missing </ul> before </div> sns_publish.html:268:1 (sns_publish.Rd:162): Warning: missing </ul> before </div> sns_publish_batch.html:54:1 (sns_publish_batch.Rd:14): Warning: missing </ul> before </div> sns_put_data_protection_policy.html:61:1 (sns_put_data_protection_policy.Rd:21): Warning: missing </ul> before </div> sns_remove_permission.html:52:1 (sns_remove_permission.Rd:12): Warning: missing </ul> before </div> sns_set_endpoint_attributes.html:76:1 (sns_set_endpoint_attributes.Rd:29): Warning: missing </ul> before </div> sns_set_platform_application_attributes.html:157:1 (sns_set_platform_application_attributes.Rd:73): Warning: missing </ul> before </div> sns_set_sms_attributes.html:140:1 (sns_set_sms_attributes.Rd:80): Warning: missing </ul> before </div> sns_set_subscription_attributes.html:127:1 (sns_set_subscription_attributes.Rd:61): Warning: missing </ul> before </div> sns_set_topic_attributes.html:283:1 (sns_set_topic_attributes.Rd:163): Warning: missing </ul> before </div> sns_subscribe.html:251:1 (sns_subscribe.Rd:129): Warning: missing </ul> before </div> sns_tag_resource.html:53:1 (sns_tag_resource.Rd:13): Warning: missing </ul> before </div> sns_unsubscribe.html:48:1 (sns_unsubscribe.Rd:10): Warning: missing </ul> before </div> sns_untag_resource.html:52:1 (sns_untag_resource.Rd:12): Warning: missing </ul> before </div> sns_verify_sms_sandbox_phone_number.html:54:1 (sns_verify_sms_sandbox_phone_number.Rd:14): Warning: missing </ul> before </div> sqs_add_permission.html:81:1 (sqs_add_permission.Rd:37): Warning: missing </ul> before </div> sqs_cancel_message_move_task.html:48:1 (sqs_cancel_message_move_task.Rd:10): Warning: missing </ul> before </div> sqs_change_message_visibility.html:62:1 (sqs_change_message_visibility.Rd:20): Warning: missing </ul> before </div> sqs_change_message_visibility_batch.html:55:1 (sqs_change_message_visibility_batch.Rd:15): Warning: missing </ul> before </div> sqs_create_queue.html:349:1 (sqs_create_queue.Rd:218): Warning: missing </ul> before </div> sqs_delete_message.html:54:1 (sqs_delete_message.Rd:14): Warning: missing </ul> before </div> sqs_delete_message_batch.html:54:1 (sqs_delete_message_batch.Rd:14): Warning: missing </ul> before </div> sqs_delete_queue.html:51:1 (sqs_delete_queue.Rd:13): Warning: missing </ul> before </div> sqs_get_queue_attributes.html:284:1 (sqs_get_queue_attributes.Rd:173): Warning: missing </ul> before </div> sqs_get_queue_url.html:57:1 (sqs_get_queue_url.Rd:17): Warning: missing </ul> before </div> sqs_list_dead_letter_source_queues.html:65:1 (sqs_list_dead_letter_source_queues.Rd:23): Warning: missing </ul> before </div> sqs_list_message_move_tasks.html:55:1 (sqs_list_message_move_tasks.Rd:15): Warning: missing </ul> before </div> sqs_list_queue_tags.html:48:1 (sqs_list_queue_tags.Rd:10): Warning: missing </ul> before </div> sqs_list_queues.html:61:1 (sqs_list_queues.Rd:19): Warning: missing </ul> before </div> sqs_purge_queue.html:52:1 (sqs_purge_queue.Rd:14): Warning: missing </ul> before </div> sqs_receive_message.html:354:1 (sqs_receive_message.Rd:217): Warning: missing </ul> before </div> sqs_remove_permission.html:56:1 (sqs_remove_permission.Rd:16): Warning: missing </ul> before </div> sqs_send_message.html:223:1 (sqs_send_message.Rd:147): Warning: missing </ul> before </div> sqs_send_message_batch.html:56:1 (sqs_send_message_batch.Rd:16): Warning: missing </ul> before </div> sqs_set_queue_attributes.html:289:1 (sqs_set_queue_attributes.Rd:178): Warning: missing </ul> before </div> sqs_start_message_move_task.html:73:1 (sqs_start_message_move_task.Rd:31): Warning: missing </ul> before </div> sqs_tag_queue.html:52:1 (sqs_tag_queue.Rd:12): Warning: missing </ul> before </div> sqs_untag_queue.html:52:1 (sqs_untag_queue.Rd:12): Warning: missing </ul> before </div> swf_count_closed_workflow_executions.html:106:1 (swf_count_closed_workflow_executions.Rd:56): Warning: missing </ul> before </div> swf_count_open_workflow_executions.html:83:1 (swf_count_open_workflow_executions.Rd:37): Warning: missing </ul> before </div> swf_count_pending_activity_tasks.html:53:1 (swf_count_pending_activity_tasks.Rd:13): Warning: missing </ul> before </div> swf_count_pending_decision_tasks.html:53:1 (swf_count_pending_decision_tasks.Rd:13): Warning: missing </ul> before </div> swf_delete_activity_type.html:52:1 (swf_delete_activity_type.Rd:12): Warning: missing </ul> before </div> swf_delete_workflow_type.html:52:1 (swf_delete_workflow_type.Rd:12): Warning: missing </ul> before </div> swf_deprecate_activity_type.html:52:1 (swf_deprecate_activity_type.Rd:12): Warning: missing </ul> before </div> swf_deprecate_domain.html:48:1 (swf_deprecate_domain.Rd:10): Warning: missing </ul> before </div> swf_deprecate_workflow_type.html:52:1 (swf_deprecate_workflow_type.Rd:12): Warning: missing </ul> before </div> swf_describe_activity_type.html:54:1 (swf_describe_activity_type.Rd:14): Warning: missing </ul> before </div> swf_describe_domain.html:49:1 (swf_describe_domain.Rd:11): Warning: missing </ul> before </div> swf_describe_workflow_execution.html:53:1 (swf_describe_workflow_execution.Rd:13): Warning: missing </ul> before </div> swf_describe_workflow_type.html:52:1 (swf_describe_workflow_type.Rd:12): Warning: missing </ul> before </div> swf_get_workflow_execution_history.html:81:1 (swf_get_workflow_execution_history.Rd:35): Warning: missing </ul> before </div> swf_list_activity_types.html:87:1 (swf_list_activity_types.Rd:39): Warning: missing </ul> before </div> swf_list_closed_workflow_executions.html:135:1 (swf_list_closed_workflow_executions.Rd:79): Warning: missing </ul> before </div> swf_list_domains.html:76:1 (swf_list_domains.Rd:32): Warning: missing </ul> before </div> swf_list_open_workflow_executions.html:109:1 (swf_list_open_workflow_executions.Rd:57): Warning: missing </ul> before </div> swf_list_tags_for_resource.html:48:1 (swf_list_tags_for_resource.Rd:10): Warning: missing </ul> before </div> swf_list_workflow_types.html:86:1 (swf_list_workflow_types.Rd:38): Warning: missing </ul> before </div> swf_poll_for_activity_task.html:65:1 (swf_poll_for_activity_task.Rd:23): Warning: missing </ul> before </div> swf_poll_for_decision_task.html:113:1 (swf_poll_for_decision_task.Rd:63): Warning: missing </ul> before </div> swf_record_activity_task_heartbeat.html:58:1 (swf_record_activity_task_heartbeat.Rd:18): Warning: missing </ul> before </div> swf_register_activity_type.html:144:1 (swf_register_activity_type.Rd:88): Warning: missing </ul> before </div> swf_register_domain.html:85:1 (swf_register_domain.Rd:41): Warning: missing </ul> before </div> swf_register_workflow_type.html:168:1 (swf_register_workflow_type.Rd:105): Warning: missing </ul> before </div> swf_request_cancel_workflow_execution.html:58:1 (swf_request_cancel_workflow_execution.Rd:16): Warning: missing </ul> before </div> swf_respond_activity_task_canceled.html:58:1 (swf_respond_activity_task_canceled.Rd:18): Warning: missing </ul> before </div> swf_respond_activity_task_completed.html:59:1 (swf_respond_activity_task_completed.Rd:19): Warning: missing </ul> before </div> swf_respond_activity_task_failed.html:62:1 (swf_respond_activity_task_failed.Rd:20): Warning: missing </ul> before </div> swf_respond_decision_task_completed.html:90:1 (swf_respond_decision_task_completed.Rd:44): Warning: missing </ul> before </div> swf_signal_workflow_execution.html:74:1 (swf_signal_workflow_execution.Rd:28): Warning: missing </ul> before </div> swf_start_workflow_execution.html:201:1 (swf_start_workflow_execution.Rd:136): Warning: missing </ul> before </div> swf_tag_resource.html:55:1 (swf_tag_resource.Rd:15): Warning: missing </ul> before </div> swf_terminate_workflow_execution.html:102:1 (swf_terminate_workflow_execution.Rd:47): Warning: missing </ul> before </div> swf_undeprecate_activity_type.html:52:1 (swf_undeprecate_activity_type.Rd:12): Warning: missing </ul> before </div> swf_undeprecate_domain.html:48:1 (swf_undeprecate_domain.Rd:10): Warning: missing </ul> before </div> swf_undeprecate_workflow_type.html:52:1 (swf_undeprecate_workflow_type.Rd:12): Warning: missing </ul> before </div> swf_untag_resource.html:52:1 (swf_untag_resource.Rd:12): Warning: missing </ul> before </div> Flavor: r-devel-linux-x86_64-debian-gcc