CRAN Package Check Results for Package paws.database

Last updated on 2025-10-21 09:48:40 CEST.

Flavor Version Tinstall Tcheck Ttotal Status Flags
r-devel-linux-x86_64-debian-clang 0.9.0 97.63 245.88 343.51 OK
r-devel-linux-x86_64-debian-gcc 0.9.0 56.75 168.27 225.02 NOTE
r-devel-linux-x86_64-fedora-clang 0.9.0 496.97 OK
r-devel-linux-x86_64-fedora-gcc 0.9.0 445.53 OK
r-devel-windows-x86_64 0.9.0 96.00 398.00 494.00 OK
r-patched-linux-x86_64 0.9.0 112.87 229.73 342.60 OK
r-release-linux-x86_64 0.9.0 87.50 231.95 319.45 OK
r-release-macos-arm64 0.9.0 158.00 OK
r-release-macos-x86_64 0.9.0 274.00 OK
r-release-windows-x86_64 0.9.0 95.00 409.00 504.00 OK
r-oldrel-macos-arm64 0.9.0 116.00 NOTE
r-oldrel-macos-x86_64 0.9.0 248.00 NOTE
r-oldrel-windows-x86_64 0.9.0 128.00 459.00 587.00 OK

Check Details

Version: 0.9.0
Check: HTML version of manual
Result: NOTE Found the following HTML validation problems: dax_create_cluster.html:197:1 (dax_create_cluster.Rd:106): Warning: missing </ul> before </div> dax_create_parameter_group.html:53:1 (dax_create_parameter_group.Rd:13): Warning: missing </ul> before </div> dax_create_subnet_group.html:56:1 (dax_create_subnet_group.Rd:14): Warning: missing </ul> before </div> dax_decrease_replication_factor.html:65:1 (dax_decrease_replication_factor.Rd:21): Warning: missing </ul> before </div> dax_delete_cluster.html:48:1 (dax_delete_cluster.Rd:10): Warning: missing </ul> before </div> dax_delete_parameter_group.html:48:1 (dax_delete_parameter_group.Rd:10): Warning: missing </ul> before </div> dax_delete_subnet_group.html:48:1 (dax_delete_subnet_group.Rd:10): Warning: missing </ul> before </div> dax_describe_clusters.html:65:1 (dax_describe_clusters.Rd:23): Warning: missing </ul> before </div> dax_describe_default_parameters.html:60:1 (dax_describe_default_parameters.Rd:20): Warning: missing </ul> before </div> dax_describe_events.html:91:1 (dax_describe_events.Rd:41): Warning: missing </ul> before </div> dax_describe_parameter_groups.html:67:1 (dax_describe_parameter_groups.Rd:25): Warning: missing </ul> before </div> dax_describe_parameters.html:73:1 (dax_describe_parameters.Rd:29): Warning: missing </ul> before </div> dax_describe_subnet_groups.html:67:1 (dax_describe_subnet_groups.Rd:25): Warning: missing </ul> before </div> dax_increase_replication_factor.html:63:1 (dax_increase_replication_factor.Rd:21): Warning: missing </ul> before </div> dax_list_tags.html:54:1 (dax_list_tags.Rd:14): Warning: missing </ul> before </div> dax_reboot_node.html:52:1 (dax_reboot_node.Rd:12): Warning: missing </ul> before </div> dax_tag_resource.html:52:1 (dax_tag_resource.Rd:12): Warning: missing </ul> before </div> dax_untag_resource.html:53:1 (dax_untag_resource.Rd:13): Warning: missing </ul> before </div> dax_update_cluster.html:87:1 (dax_update_cluster.Rd:37): Warning: missing </ul> before </div> dax_update_parameter_group.html:56:1 (dax_update_parameter_group.Rd:16): Warning: missing </ul> before </div> dax_update_subnet_group.html:56:1 (dax_update_subnet_group.Rd:14): Warning: missing </ul> before </div> docdb_add_source_identifier_to_subscription.html:72:1 (docdb_add_source_identifier_to_subscription.Rd:23): Warning: missing </ul> before </div> docdb_add_tags_to_resource.html:53:1 (docdb_add_tags_to_resource.Rd:13): Warning: missing </ul> before </div> docdb_apply_pending_maintenance_action.html:81:1 (docdb_apply_pending_maintenance_action.Rd:32): Warning: missing </ul> before </div> docdb_copy_db_cluster_parameter_group.html:105:1 (docdb_copy_db_cluster_parameter_group.Rd:45): Warning: missing </ul> before </div> docdb_copy_db_cluster_snapshot.html:171:1 (docdb_copy_db_cluster_snapshot.Rd:102): Warning: missing </ul> before </div> docdb_create_db_cluster.html:309:1 (docdb_create_db_cluster.Rd:198): Warning: missing </ul> before </div> docdb_create_db_cluster_parameter_group.html:75:1 (docdb_create_db_cluster_parameter_group.Rd:28): Warning: missing </ul> before </div> docdb_create_db_cluster_snapshot.html:88:1 (docdb_create_db_cluster_snapshot.Rd:36): Warning: missing </ul> before </div> docdb_create_db_instance.html:170:1 (docdb_create_db_instance.Rd:101): Warning: missing </ul> before </div> docdb_create_db_subnet_group.html:71:1 (docdb_create_db_subnet_group.Rd:27): Warning: missing </ul> before </div> docdb_create_event_subscription.html:120:1 (docdb_create_event_subscription.Rd:59): Warning: missing </ul> before </div> docdb_create_global_cluster.html:85:1 (docdb_create_global_cluster.Rd:35): Warning: missing </ul> before </div> docdb_delete_db_cluster.html:95:1 (docdb_delete_db_cluster.Rd:43): Warning: missing </ul> before </div> docdb_delete_db_cluster_parameter_group.html:62:1 (docdb_delete_db_cluster_parameter_group.Rd:17): Warning: missing </ul> before </div> docdb_delete_db_cluster_snapshot.html:51:1 (docdb_delete_db_cluster_snapshot.Rd:13): Warning: missing </ul> before </div> docdb_delete_db_instance.html:57:1 (docdb_delete_db_instance.Rd:16): Warning: missing </ul> before </div> docdb_delete_db_subnet_group.html:56:1 (docdb_delete_db_subnet_group.Rd:18): Warning: missing </ul> before </div> docdb_delete_event_subscription.html:49:1 (docdb_delete_event_subscription.Rd:11): Warning: missing </ul> before </div> docdb_delete_global_cluster.html:48:1 (docdb_delete_global_cluster.Rd:10): Warning: missing </ul> before </div> docdb_describe_certificates.html:96:1 (docdb_describe_certificates.Rd:44): Warning: missing </ul> before </div> docdb_describe_db_cluster_parameter_groups.html:83:1 (docdb_describe_db_cluster_parameter_groups.Rd:36): Warning: missing </ul> before </div> docdb_describe_db_cluster_parameters.html:91:1 (docdb_describe_db_cluster_parameters.Rd:42): Warning: missing </ul> before </div> docdb_describe_db_cluster_snapshot_attributes.html:49:1 (docdb_describe_db_cluster_snapshot_attributes.Rd:11): Warning: missing </ul> before </div> docdb_describe_db_cluster_snapshots.html:156:1 (docdb_describe_db_cluster_snapshots.Rd:87): Warning: missing </ul> before </div> docdb_describe_db_clusters.html:94:1 (docdb_describe_db_clusters.Rd:44): Warning: missing </ul> before </div> docdb_describe_db_engine_versions.html:116:1 (docdb_describe_db_engine_versions.Rd:59): Warning: missing </ul> before </div> docdb_describe_db_instances.html:100:1 (docdb_describe_db_instances.Rd:48): Warning: missing </ul> before </div> docdb_describe_db_subnet_groups.html:74:1 (docdb_describe_db_subnet_groups.Rd:30): Warning: missing </ul> before </div> docdb_describe_engine_default_cluster_parameters.html:76:1 (docdb_describe_engine_default_cluster_parameters.Rd:32): Warning: missing </ul> before </div> docdb_describe_event_categories.html:55:1 (docdb_describe_event_categories.Rd:15): Warning: missing </ul> before </div> docdb_describe_event_subscriptions.html:75:1 (docdb_describe_event_subscriptions.Rd:31): Warning: missing </ul> before </div> docdb_describe_events.html:139:1 (docdb_describe_events.Rd:72): Warning: missing </ul> before </div> docdb_describe_global_clusters.html:77:1 (docdb_describe_global_clusters.Rd:33): Warning: missing </ul> before </div> docdb_describe_orderable_db_instance_options.html:98:1 (docdb_describe_orderable_db_instance_options.Rd:46): Warning: missing </ul> before </div> docdb_describe_pending_maintenance_actions.html:91:1 (docdb_describe_pending_maintenance_actions.Rd:42): Warning: missing </ul> before </div> docdb_failover_db_cluster.html:67:1 (docdb_failover_db_cluster.Rd:24): Warning: missing </ul> before </div> docdb_failover_global_cluster.html:118:1 (docdb_failover_global_cluster.Rd:58): Warning: missing </ul> before </div> docdb_list_tags_for_resource.html:53:1 (docdb_list_tags_for_resource.Rd:13): Warning: missing </ul> before </div> docdb_modify_db_cluster.html:301:1 (docdb_modify_db_cluster.Rd:202): Warning: missing </ul> before </div> docdb_modify_db_cluster_parameter_group.html:55:1 (docdb_modify_db_cluster_parameter_group.Rd:15): Warning: missing </ul> before </div> docdb_modify_db_cluster_snapshot_attribute.html:86:1 (docdb_modify_db_cluster_snapshot_attribute.Rd:42): Warning: missing </ul> before </div> docdb_modify_db_instance.html:194:1 (docdb_modify_db_instance.Rd:124): Warning: missing </ul> before </div> docdb_modify_db_subnet_group.html:66:1 (docdb_modify_db_subnet_group.Rd:24): Warning: missing </ul> before </div> docdb_modify_event_subscription.html:78:1 (docdb_modify_event_subscription.Rd:32): Warning: missing </ul> before </div> docdb_modify_global_cluster.html:83:1 (docdb_modify_global_cluster.Rd:35): Warning: missing </ul> before </div> docdb_reboot_db_instance.html:63:1 (docdb_reboot_db_instance.Rd:20): Warning: missing </ul> before </div> docdb_remove_from_global_cluster.html:54:1 (docdb_remove_from_global_cluster.Rd:14): Warning: missing </ul> before </div> docdb_remove_source_identifier_from_subscription.html:58:1 (docdb_remove_source_identifier_from_subscription.Rd:18): Warning: missing </ul> before </div> docdb_remove_tags_from_resource.html:53:1 (docdb_remove_tags_from_resource.Rd:13): Warning: missing </ul> before </div> docdb_reset_db_cluster_parameter_group.html:66:1 (docdb_reset_db_cluster_parameter_group.Rd:24): Warning: missing </ul> before </div> docdb_restore_db_cluster_from_snapshot.html:202:1 (docdb_restore_db_cluster_from_snapshot.Rd:123): Warning: missing </ul> before </div> docdb_restore_db_cluster_to_point_in_time.html:230:1 (docdb_restore_db_cluster_to_point_in_time.Rd:139): Warning: missing </ul> before </div> docdb_start_db_cluster.html:49:1 (docdb_start_db_cluster.Rd:11): Warning: missing </ul> before </div> docdb_stop_db_cluster.html:49:1 (docdb_stop_db_cluster.Rd:11): Warning: missing </ul> before </div> docdb_switchover_global_cluster.html:89:1 (docdb_switchover_global_cluster.Rd:39): Warning: missing </ul> before </div> docdbelastic_apply_pending_maintenance_action.html:88:1 (docdbelastic_apply_pending_maintenance_action.Rd:33): Warning: missing </ul> before </div> docdbelastic_copy_cluster_snapshot.html:110:1 (docdbelastic_copy_cluster_snapshot.Rd:57): Warning: missing </ul> before </div> docdbelastic_create_cluster.html:194:1 (docdbelastic_create_cluster.Rd:109): Warning: missing </ul> before </div> docdbelastic_create_cluster_snapshot.html:57:1 (docdbelastic_create_cluster_snapshot.Rd:15): Warning: missing </ul> before </div> docdbelastic_delete_cluster.html:48:1 (docdbelastic_delete_cluster.Rd:10): Warning: missing </ul> before </div> docdbelastic_delete_cluster_snapshot.html:49:1 (docdbelastic_delete_cluster_snapshot.Rd:11): Warning: missing </ul> before </div> docdbelastic_get_cluster.html:48:1 (docdbelastic_get_cluster.Rd:10): Warning: missing </ul> before </div> docdbelastic_get_cluster_snapshot.html:48:1 (docdbelastic_get_cluster_snapshot.Rd:10): Warning: missing </ul> before </div> docdbelastic_get_pending_maintenance_action.html:49:1 (docdbelastic_get_pending_maintenance_action.Rd:11): Warning: missing </ul> before </div> docdbelastic_list_cluster_snapshots.html:83:1 (docdbelastic_list_cluster_snapshots.Rd:34): Warning: missing </ul> before </div> docdbelastic_list_clusters.html:58:1 (docdbelastic_list_clusters.Rd:18): Warning: missing </ul> before </div> docdbelastic_list_pending_maintenance_actions.html:60:1 (docdbelastic_list_pending_maintenance_actions.Rd:20): Warning: missing </ul> before </div> docdbelastic_list_tags_for_resource.html:48:1 (docdbelastic_list_tags_for_resource.Rd:10): Warning: missing </ul> before </div> docdbelastic_restore_cluster_from_snapshot.html:100:1 (docdbelastic_restore_cluster_from_snapshot.Rd:48): Warning: missing </ul> before </div> docdbelastic_start_cluster.html:48:1 (docdbelastic_start_cluster.Rd:10): Warning: missing </ul> before </div> docdbelastic_stop_cluster.html:48:1 (docdbelastic_stop_cluster.Rd:10): Warning: missing </ul> before </div> docdbelastic_tag_resource.html:52:1 (docdbelastic_tag_resource.Rd:12): Warning: missing </ul> before </div> docdbelastic_untag_resource.html:52:1 (docdbelastic_untag_resource.Rd:12): Warning: missing </ul> before </div> docdbelastic_update_cluster.html:128:1 (docdbelastic_update_cluster.Rd:68): Warning: missing </ul> before </div> dynamodb_batch_execute_statement.html:52:1 (dynamodb_batch_execute_statement.Rd:13): Warning: missing </ul> before </div> dynamodb_batch_get_item.html:148:1 (dynamodb_batch_get_item.Rd:82): Warning: missing </ul> before </div> dynamodb_batch_write_item.html:105:1 (dynamodb_batch_write_item.Rd:53): Warning: missing </ul> before </div> dynamodb_create_backup.html:53:1 (dynamodb_create_backup.Rd:13): Warning: missing </ul> before </div> dynamodb_create_global_table.html:52:1 (dynamodb_create_global_table.Rd:12): Warning: missing </ul> before </div> dynamodb_create_table.html:347:1 (dynamodb_create_table.Rd:212): Warning: missing </ul> before </div> dynamodb_delete_backup.html:48:1 (dynamodb_delete_backup.Rd:10): Warning: missing </ul> before </div> dynamodb_delete_item.html:232:1 (dynamodb_delete_item.Rd:147): Warning: missing </ul> before </div> dynamodb_delete_resource_policy.html:61:1 (dynamodb_delete_resource_policy.Rd:21): Warning: missing </ul> before </div> dynamodb_delete_table.html:49:1 (dynamodb_delete_table.Rd:11): Warning: missing </ul> before </div> dynamodb_describe_backup.html:48:1 (dynamodb_describe_backup.Rd:10): Warning: missing </ul> before </div> dynamodb_describe_continuous_backups.html:53:1 (dynamodb_describe_continuous_backups.Rd:15): Warning: missing </ul> before </div> dynamodb_describe_contributor_insights.html:54:1 (dynamodb_describe_contributor_insights.Rd:14): Warning: missing </ul> before </div> dynamodb_describe_export.html:48:1 (dynamodb_describe_export.Rd:10): Warning: missing </ul> before </div> dynamodb_describe_global_table.html:48:1 (dynamodb_describe_global_table.Rd:10): Warning: missing </ul> before </div> dynamodb_describe_global_table_settings.html:48:1 (dynamodb_describe_global_table_settings.Rd:10): Warning: missing </ul> before </div> dynamodb_describe_import.html:49:1 (dynamodb_describe_import.Rd:11): Warning: missing </ul> before </div> dynamodb_describe_kinesis_streaming_destination.html:49:1 (dynamodb_describe_kinesis_streaming_destination.Rd:11): Warning: missing </ul> before </div> dynamodb_describe_table.html:51:1 (dynamodb_describe_table.Rd:13): Warning: missing </ul> before </div> dynamodb_describe_table_replica_auto_scaling.html:50:1 (dynamodb_describe_table_replica_auto_scaling.Rd:12): Warning: missing </ul> before </div> dynamodb_describe_time_to_live.html:50:1 (dynamodb_describe_time_to_live.Rd:12): Warning: missing </ul> before </div> dynamodb_disable_kinesis_streaming_destination.html:61:1 (dynamodb_disable_kinesis_streaming_destination.Rd:19): Warning: missing </ul> before </div> dynamodb_enable_kinesis_streaming_destination.html:62:1 (dynamodb_enable_kinesis_streaming_destination.Rd:20): Warning: missing </ul> before </div> dynamodb_execute_statement.html:97:1 (dynamodb_execute_statement.Rd:48): Warning: missing </ul> before </div> dynamodb_execute_transaction.html:65:1 (dynamodb_execute_transaction.Rd:23): Warning: missing </ul> before </div> dynamodb_export_table_to_point_in_time.html:135:1 (dynamodb_export_table_to_point_in_time.Rd:72): Warning: missing </ul> before </div> dynamodb_get_item.html:153:1 (dynamodb_get_item.Rd:88): Warning: missing </ul> before </div> dynamodb_get_resource_policy.html:51:1 (dynamodb_get_resource_policy.Rd:13): Warning: missing </ul> before </div> dynamodb_import_table.html:89:1 (dynamodb_import_table.Rd:41): Warning: missing </ul> before </div> dynamodb_list_backups.html:99:1 (dynamodb_list_backups.Rd:44): Warning: missing </ul> before </div> dynamodb_list_contributor_insights.html:62:1 (dynamodb_list_contributor_insights.Rd:20): Warning: missing </ul> before </div> dynamodb_list_exports.html:58:1 (dynamodb_list_exports.Rd:16): Warning: missing </ul> before </div> dynamodb_list_global_tables.html:67:1 (dynamodb_list_global_tables.Rd:25): Warning: missing </ul> before </div> dynamodb_list_imports.html:59:1 (dynamodb_list_imports.Rd:17): Warning: missing </ul> before </div> dynamodb_list_tables.html:56:1 (dynamodb_list_tables.Rd:16): Warning: missing </ul> before </div> dynamodb_list_tags_of_resource.html:55:1 (dynamodb_list_tags_of_resource.Rd:15): Warning: missing </ul> before </div> dynamodb_put_item.html:250:1 (dynamodb_put_item.Rd:165): Warning: missing </ul> before </div> dynamodb_put_resource_policy.html:103:1 (dynamodb_put_resource_policy.Rd:54): Warning: missing </ul> before </div> dynamodb_query.html:416:1 (dynamodb_query.Rd:301): Warning: missing </ul> before </div> dynamodb_restore_table_from_backup.html:88:1 (dynamodb_restore_table_from_backup.Rd:37): Warning: missing </ul> before </div> dynamodb_restore_table_to_point_in_time.html:107:1 (dynamodb_restore_table_to_point_in_time.Rd:50): Warning: missing </ul> before </div> dynamodb_scan.html:355:1 (dynamodb_scan.Rd:258): Warning: missing </ul> before </div> dynamodb_tag_resource.html:53:1 (dynamodb_tag_resource.Rd:13): Warning: missing </ul> before </div> dynamodb_transact_get_items.html:57:1 (dynamodb_transact_get_items.Rd:17): Warning: missing </ul> before </div> dynamodb_transact_write_items.html:95:1 (dynamodb_transact_write_items.Rd:52): Warning: missing </ul> before </div> dynamodb_untag_resource.html:54:1 (dynamodb_untag_resource.Rd:14): Warning: missing </ul> before </div> dynamodb_update_continuous_backups.html:54:1 (dynamodb_update_continuous_backups.Rd:14): Warning: missing </ul> before </div> dynamodb_update_contributor_insights.html:62:1 (dynamodb_update_contributor_insights.Rd:20): Warning: missing </ul> before </div> dynamodb_update_global_table.html:52:1 (dynamodb_update_global_table.Rd:12): Warning: missing </ul> before </div> dynamodb_update_global_table_settings.html:93:1 (dynamodb_update_global_table_settings.Rd:40): Warning: missing </ul> before </div> dynamodb_update_item.html:355:1 (dynamodb_update_item.Rd:241): Warning: missing </ul> before </div> dynamodb_update_kinesis_streaming_destination.html:61:1 (dynamodb_update_kinesis_streaming_destination.Rd:19): Warning: missing </ul> before </div> dynamodb_update_table.html:188:1 (dynamodb_update_table.Rd:109): Warning: missing </ul> before </div> dynamodb_update_table_replica_auto_scaling.html:67:1 (dynamodb_update_table_replica_auto_scaling.Rd:24): Warning: missing </ul> before </div> dynamodb_update_time_to_live.html:55:1 (dynamodb_update_time_to_live.Rd:15): Warning: missing </ul> before </div> dynamodbstreams_describe_stream.html:64:1 (dynamodbstreams_describe_stream.Rd:22): Warning: missing </ul> before </div> dynamodbstreams_get_records.html:55:1 (dynamodbstreams_get_records.Rd:15): Warning: missing </ul> before </div> dynamodbstreams_get_shard_iterator.html:91:1 (dynamodbstreams_get_shard_iterator.Rd:38): Warning: missing </ul> before </div> dynamodbstreams_list_streams.html:64:1 (dynamodbstreams_list_streams.Rd:22): Warning: missing </ul> before </div> elasticache_add_tags_to_resource.html:59:1 (elasticache_add_tags_to_resource.Rd:19): Warning: missing </ul> before </div> elasticache_authorize_cache_security_group_ingress.html:63:1 (elasticache_authorize_cache_security_group_ingress.Rd:21): Warning: missing </ul> before </div> elasticache_batch_apply_update_action.html:60:1 (elasticache_batch_apply_update_action.Rd:18): Warning: missing </ul> before </div> elasticache_batch_stop_update_action.html:60:1 (elasticache_batch_stop_update_action.Rd:18): Warning: missing </ul> before </div> elasticache_complete_migration.html:54:1 (elasticache_complete_migration.Rd:14): Warning: missing </ul> before </div> elasticache_copy_serverless_cache_snapshot.html:70:1 (elasticache_copy_serverless_cache_snapshot.Rd:26): Warning: missing </ul> before </div> elasticache_copy_snapshot.html:82:1 (elasticache_copy_snapshot.Rd:36): Warning: missing </ul> before </div> elasticache_create_cache_cluster.html:478:1 (elasticache_create_cache_cluster.Rd:339): Warning: missing </ul> before </div> elasticache_create_cache_parameter_group.html:71:1 (elasticache_create_cache_parameter_group.Rd:27): Warning: missing </ul> before </div> elasticache_create_cache_security_group.html:67:1 (elasticache_create_cache_security_group.Rd:25): Warning: missing </ul> before </div> elasticache_create_cache_subnet_group.html:72:1 (elasticache_create_cache_subnet_group.Rd:28): Warning: missing </ul> before </div> elasticache_create_global_replication_group.html:72:1 (elasticache_create_global_replication_group.Rd:30): Warning: missing </ul> before </div> elasticache_create_replication_group.html:625:1 (elasticache_create_replication_group.Rd:448): Warning: missing </ul> before </div> elasticache_create_serverless_cache.html:132:1 (elasticache_create_serverless_cache.Rd:70): Warning: missing </ul> before </div> elasticache_create_serverless_cache_snapshot.html:73:1 (elasticache_create_serverless_cache_snapshot.Rd:29): Warning: missing </ul> before </div> elasticache_create_snapshot.html:74:1 (elasticache_create_snapshot.Rd:28): Warning: missing </ul> before </div> elasticache_create_user.html:87:1 (elasticache_create_user.Rd:35): Warning: missing </ul> before </div> elasticache_create_user_group.html:62:1 (elasticache_create_user_group.Rd:18): Warning: missing </ul> before </div> elasticache_decrease_node_groups_in_global_replication_group.html:80:1 (elasticache_decrease_node_groups_in_global_replication_group.Rd:34): Warning: missing </ul> before </div> elasticache_decrease_replica_count.html:105:1 (elasticache_decrease_replica_count.Rd:49): Warning: missing </ul> before </div> elasticache_delete_cache_cluster.html:58:1 (elasticache_delete_cache_cluster.Rd:18): Warning: missing </ul> before </div> elasticache_delete_cache_parameter_group.html:51:1 (elasticache_delete_cache_parameter_group.Rd:13): Warning: missing </ul> before </div> elasticache_delete_cache_security_group.html:50:1 (elasticache_delete_cache_security_group.Rd:12): Warning: missing </ul> before </div> elasticache_delete_cache_subnet_group.html:51:1 (elasticache_delete_cache_subnet_group.Rd:13): Warning: missing </ul> before </div> elasticache_delete_global_replication_group.html:56:1 (elasticache_delete_global_replication_group.Rd:16): Warning: missing </ul> before </div> elasticache_delete_replication_group.html:66:1 (elasticache_delete_replication_group.Rd:24): Warning: missing </ul> before </div> elasticache_delete_serverless_cache.html:57:1 (elasticache_delete_serverless_cache.Rd:17): Warning: missing </ul> before </div> elasticache_delete_serverless_cache_snapshot.html:49:1 (elasticache_delete_serverless_cache_snapshot.Rd:11): Warning: missing </ul> before </div> elasticache_delete_snapshot.html:48:1 (elasticache_delete_snapshot.Rd:10): Warning: missing </ul> before </div> elasticache_delete_user.html:48:1 (elasticache_delete_user.Rd:10): Warning: missing </ul> before </div> elasticache_delete_user_group.html:48:1 (elasticache_delete_user_group.Rd:10): Warning: missing </ul> before </div> elasticache_describe_cache_clusters.html:87:1 (elasticache_describe_cache_clusters.Rd:41): Warning: missing </ul> before </div> elasticache_describe_cache_engine_versions.html:106:1 (elasticache_describe_cache_engine_versions.Rd:51): Warning: missing </ul> before </div> elasticache_describe_cache_parameter_groups.html:69:1 (elasticache_describe_cache_parameter_groups.Rd:27): Warning: missing </ul> before </div> elasticache_describe_cache_parameters.html:77:1 (elasticache_describe_cache_parameters.Rd:33): Warning: missing </ul> before </div> elasticache_describe_cache_security_groups.html:69:1 (elasticache_describe_cache_security_groups.Rd:27): Warning: missing </ul> before </div> elasticache_describe_cache_subnet_groups.html:69:1 (elasticache_describe_cache_subnet_groups.Rd:27): Warning: missing </ul> before </div> elasticache_describe_engine_default_parameters.html:74:1 (elasticache_describe_engine_default_parameters.Rd:32): Warning: missing </ul> before </div> elasticache_describe_events.html:98:1 (elasticache_describe_events.Rd:48): Warning: missing </ul> before </div> elasticache_describe_global_replication_groups.html:70:1 (elasticache_describe_global_replication_groups.Rd:26): Warning: missing </ul> before </div> elasticache_describe_replication_groups.html:73:1 (elasticache_describe_replication_groups.Rd:31): Warning: missing </ul> before </div> elasticache_describe_reserved_cache_nodes.html:239:1 (elasticache_describe_reserved_cache_nodes.Rd:158): Warning: missing </ul> before </div> elasticache_describe_reserved_cache_nodes_offerings.html:235:1 (elasticache_describe_reserved_cache_nodes_offerings.Rd:156): Warning: missing </ul> before </div> elasticache_describe_serverless_cache_snapshots.html:83:1 (elasticache_describe_serverless_cache_snapshots.Rd:37): Warning: missing </ul> before </div> elasticache_describe_serverless_caches.html:67:1 (elasticache_describe_serverless_caches.Rd:25): Warning: missing </ul> before </div> elasticache_describe_service_updates.html:68:1 (elasticache_describe_service_updates.Rd:24): Warning: missing </ul> before </div> elasticache_describe_snapshots.html:97:1 (elasticache_describe_snapshots.Rd:47): Warning: missing </ul> before </div> elasticache_describe_update_actions.html:100:1 (elasticache_describe_update_actions.Rd:44): Warning: missing </ul> before </div> elasticache_describe_user_groups.html:65:1 (elasticache_describe_user_groups.Rd:23): Warning: missing </ul> before </div> elasticache_describe_users.html:75:1 (elasticache_describe_users.Rd:29): Warning: missing </ul> before </div> elasticache_disassociate_global_replication_group.html:63:1 (elasticache_disassociate_global_replication_group.Rd:21): Warning: missing </ul> before </div> elasticache_export_serverless_cache_snapshot.html:59:1 (elasticache_export_serverless_cache_snapshot.Rd:19): Warning: missing </ul> before </div> elasticache_failover_global_replication_group.html:60:1 (elasticache_failover_global_replication_group.Rd:18): Warning: missing </ul> before </div> elasticache_increase_node_groups_in_global_replication_group.html:68:1 (elasticache_increase_node_groups_in_global_replication_group.Rd:24): Warning: missing </ul> before </div> elasticache_increase_replica_count.html:77:1 (elasticache_increase_replica_count.Rd:33): Warning: missing </ul> before </div> elasticache_list_allowed_node_type_modifications.html:68:1 (elasticache_list_allowed_node_type_modifications.Rd:28): Warning: missing </ul> before </div> elasticache_list_tags_for_resource.html:53:1 (elasticache_list_tags_for_resource.Rd:15): Warning: missing </ul> before </div> elasticache_modify_cache_cluster.html:441:1 (elasticache_modify_cache_cluster.Rd:288): Warning: missing </ul> before </div> elasticache_modify_cache_parameter_group.html:57:1 (elasticache_modify_cache_parameter_group.Rd:17): Warning: missing </ul> before </div> elasticache_modify_cache_subnet_group.html:66:1 (elasticache_modify_cache_subnet_group.Rd:24): Warning: missing </ul> before </div> elasticache_modify_global_replication_group.html:93:1 (elasticache_modify_global_replication_group.Rd:41): Warning: missing </ul> before </div> elasticache_modify_replication_group.html:350:1 (elasticache_modify_replication_group.Rd:225): Warning: missing </ul> before </div> elasticache_modify_replication_group_shard_configuration.html:101:1 (elasticache_modify_replication_group_shard_configuration.Rd:53): Warning: missing </ul> before </div> elasticache_modify_serverless_cache.html:113:1 (elasticache_modify_serverless_cache.Rd:57): Warning: missing </ul> before </div> elasticache_modify_user.html:80:1 (elasticache_modify_user.Rd:30): Warning: missing </ul> before </div> elasticache_modify_user_group.html:65:1 (elasticache_modify_user_group.Rd:21): Warning: missing </ul> before </div> elasticache_purchase_reserved_cache_nodes_offering.html:76:1 (elasticache_purchase_reserved_cache_nodes_offering.Rd:32): Warning: missing </ul> before </div> elasticache_rebalance_slots_in_global_replication_group.html:56:1 (elasticache_rebalance_slots_in_global_replication_group.Rd:16): Warning: missing </ul> before </div> elasticache_reboot_cache_cluster.html:54:1 (elasticache_reboot_cache_cluster.Rd:14): Warning: missing </ul> before </div> elasticache_remove_tags_from_resource.html:58:1 (elasticache_remove_tags_from_resource.Rd:18): Warning: missing </ul> before </div> elasticache_reset_cache_parameter_group.html:68:1 (elasticache_reset_cache_parameter_group.Rd:26): Warning: missing </ul> before </div> elasticache_revoke_cache_security_group_ingress.html:62:1 (elasticache_revoke_cache_security_group_ingress.Rd:20): Warning: missing </ul> before </div> elasticache_start_migration.html:54:1 (elasticache_start_migration.Rd:14): Warning: missing </ul> before </div> elasticache_test_failover.html:58:1 (elasticache_test_failover.Rd:18): Warning: missing </ul> before </div> elasticache_test_migration.html:53:1 (elasticache_test_migration.Rd:13): Warning: missing </ul> before </div> keyspaces_create_keyspace.html:77:1 (keyspaces_create_keyspace.Rd:30): Warning: missing </ul> before </div> keyspaces_create_table.html:271:1 (keyspaces_create_table.Rd:159): Warning: missing </ul> before </div> keyspaces_create_type.html:71:1 (keyspaces_create_type.Rd:29): Warning: missing </ul> before </div> keyspaces_delete_keyspace.html:48:1 (keyspaces_delete_keyspace.Rd:10): Warning: missing </ul> before </div> keyspaces_delete_table.html:52:1 (keyspaces_delete_table.Rd:12): Warning: missing </ul> before </div> keyspaces_delete_type.html:52:1 (keyspaces_delete_type.Rd:12): Warning: missing </ul> before </div> keyspaces_get_keyspace.html:51:1 (keyspaces_get_keyspace.Rd:13): Warning: missing </ul> before </div> keyspaces_get_table.html:53:1 (keyspaces_get_table.Rd:13): Warning: missing </ul> before </div> keyspaces_get_table_auto_scaling_settings.html:53:1 (keyspaces_get_table_auto_scaling_settings.Rd:13): Warning: missing </ul> before </div> keyspaces_get_type.html:58:1 (keyspaces_get_type.Rd:18): Warning: missing </ul> before </div> keyspaces_list_keyspaces.html:56:1 (keyspaces_list_keyspaces.Rd:16): Warning: missing </ul> before </div> keyspaces_list_tables.html:61:1 (keyspaces_list_tables.Rd:19): Warning: missing </ul> before </div> keyspaces_list_tags_for_resource.html:65:1 (keyspaces_list_tags_for_resource.Rd:23): Warning: missing </ul> before </div> keyspaces_list_types.html:60:1 (keyspaces_list_types.Rd:18): Warning: missing </ul> before </div> keyspaces_restore_table.html:161:1 (keyspaces_restore_table.Rd:88): Warning: missing </ul> before </div> keyspaces_tag_resource.html:53:1 (keyspaces_tag_resource.Rd:13): Warning: missing </ul> before </div> keyspaces_untag_resource.html:54:1 (keyspaces_untag_resource.Rd:14): Warning: missing </ul> before </div> keyspaces_update_keyspace.html:59:1 (keyspaces_update_keyspace.Rd:18): Warning: missing </ul> before </div> keyspaces_update_table.html:203:1 (keyspaces_update_table.Rd:117): Warning: missing </ul> before </div> lakeformation_add_lf_tags_to_resource.html:59:1 (lakeformation_add_lf_tags_to_resource.Rd:17): Warning: missing </ul> before </div> lakeformation_assume_decorated_role_with_saml.html:73:1 (lakeformation_assume_decorated_role_with_saml.Rd:29): Warning: missing </ul> before </div> lakeformation_batch_grant_permissions.html:56:1 (lakeformation_batch_grant_permissions.Rd:16): Warning: missing </ul> before </div> lakeformation_batch_revoke_permissions.html:56:1 (lakeformation_batch_revoke_permissions.Rd:16): Warning: missing </ul> before </div> lakeformation_cancel_transaction.html:48:1 (lakeformation_cancel_transaction.Rd:10): Warning: missing </ul> before </div> lakeformation_commit_transaction.html:48:1 (lakeformation_commit_transaction.Rd:10): Warning: missing </ul> before </div> lakeformation_create_data_cells_filter.html:50:1 (lakeformation_create_data_cells_filter.Rd:12): Warning: missing </ul> before </div> lakeformation_create_lake_format_identi_center_config.html:81:1 (lakeformation_create_lake_format_identi_center_config.Rd:37): Warning: missing </ul> before </div> lakeformation_create_lake_formation_opt_in.html:53:1 (lakeformation_create_lake_formation_opt_in.Rd:13): Warning: missing </ul> before </div> lakeformation_create_lf_tag.html:59:1 (lakeformation_create_lf_tag.Rd:17): Warning: missing </ul> before </div> lakeformation_create_lf_tag_expression.html:69:1 (lakeformation_create_lf_tag_expression.Rd:25): Warning: missing </ul> before </div> lakeformation_delete_data_cells_filter.html:65:1 (lakeformation_delete_data_cells_filter.Rd:21): Warning: missing </ul> before </div> lakeformation_delete_lake_format_identi_center_config.html:53:1 (lakeformation_delete_lake_format_identi_center_config.Rd:15): Warning: missing </ul> before </div> lakeformation_delete_lake_formation_opt_in.html:53:1 (lakeformation_delete_lake_formation_opt_in.Rd:13): Warning: missing </ul> before </div> lakeformation_delete_lf_tag.html:55:1 (lakeformation_delete_lf_tag.Rd:15): Warning: missing </ul> before </div> lakeformation_delete_lf_tag_expression.html:53:1 (lakeformation_delete_lf_tag_expression.Rd:13): Warning: missing </ul> before </div> lakeformation_delete_objects_on_cancel.html:74:1 (lakeformation_delete_objects_on_cancel.Rd:28): Warning: missing </ul> before </div> lakeformation_deregister_resource.html:49:1 (lakeformation_deregister_resource.Rd:11): Warning: missing </ul> before </div> lakeformation_descri_lake_format_identi_center_config.html:53:1 (lakeformation_descri_lake_format_identi_center_config.Rd:15): Warning: missing </ul> before </div> lakeformation_describe_resource.html:49:1 (lakeformation_describe_resource.Rd:11): Warning: missing </ul> before </div> lakeformation_describe_transaction.html:48:1 (lakeformation_describe_transaction.Rd:10): Warning: missing </ul> before </div> lakeformation_extend_transaction.html:49:1 (lakeformation_extend_transaction.Rd:11): Warning: missing </ul> before </div> lakeformation_get_data_cells_filter.html:65:1 (lakeformation_get_data_cells_filter.Rd:21): Warning: missing </ul> before </div> lakeformation_get_data_lake_settings.html:52:1 (lakeformation_get_data_lake_settings.Rd:14): Warning: missing </ul> before </div> lakeformation_get_effective_permissions_for_path.html:71:1 (lakeformation_get_effective_permissions_for_path.Rd:27): Warning: missing </ul> before </div> lakeformation_get_lf_tag.html:55:1 (lakeformation_get_lf_tag.Rd:15): Warning: missing </ul> before </div> lakeformation_get_lf_tag_expression.html:52:1 (lakeformation_get_lf_tag_expression.Rd:12): Warning: missing </ul> before </div> lakeformation_get_query_state.html:48:1 (lakeformation_get_query_state.Rd:10): Warning: missing </ul> before </div> lakeformation_get_query_statistics.html:48:1 (lakeformation_get_query_statistics.Rd:10): Warning: missing </ul> before </div> lakeformation_get_resource_lf_tags.html:64:1 (lakeformation_get_resource_lf_tags.Rd:22): Warning: missing </ul> before </div> lakeformation_get_table_objects.html:108:1 (lakeformation_get_table_objects.Rd:49): Warning: missing </ul> before </div> lakeformation_get_temporary_glue_partition_credentials.html:80:1 (lakeformation_get_temporary_glue_partition_credentials.Rd:32): Warning: missing </ul> before </div> lakeformation_get_temporary_glue_table_credentials.html:88:1 (lakeformation_get_temporary_glue_table_credentials.Rd:38): Warning: missing </ul> before </div> lakeformation_get_work_unit_results.html:60:1 (lakeformation_get_work_unit_results.Rd:18): Warning: missing </ul> before </div> lakeformation_get_work_units.html:60:1 (lakeformation_get_work_units.Rd:18): Warning: missing </ul> before </div> lakeformation_grant_permissions.html:87:1 (lakeformation_grant_permissions.Rd:41): Warning: missing </ul> before </div> lakeformation_list_data_cells_filter.html:60:1 (lakeformation_list_data_cells_filter.Rd:18): Warning: missing </ul> before </div> lakeformation_list_lake_formation_opt_ins.html:66:1 (lakeformation_list_lake_formation_opt_ins.Rd:23): Warning: missing </ul> before </div> lakeformation_list_lf_tag_expressions.html:62:1 (lakeformation_list_lf_tag_expressions.Rd:20): Warning: missing </ul> before </div> lakeformation_list_lf_tags.html:73:1 (lakeformation_list_lf_tags.Rd:29): Warning: missing </ul> before </div> lakeformation_list_permissions.html:89:1 (lakeformation_list_permissions.Rd:39): Warning: missing </ul> before </div> lakeformation_list_resources.html:62:1 (lakeformation_list_resources.Rd:20): Warning: missing </ul> before </div> lakeformation_list_table_storage_optimizers.html:77:1 (lakeformation_list_table_storage_optimizers.Rd:29): Warning: missing </ul> before </div> lakeformation_list_transactions.html:68:1 (lakeformation_list_transactions.Rd:24): Warning: missing </ul> before </div> lakeformation_put_data_lake_settings.html:57:1 (lakeformation_put_data_lake_settings.Rd:17): Warning: missing </ul> before </div> lakeformation_register_resource.html:77:1 (lakeformation_register_resource.Rd:31): Warning: missing </ul> before </div> lakeformation_remove_lf_tags_from_resource.html:60:1 (lakeformation_remove_lf_tags_from_resource.Rd:18): Warning: missing </ul> before </div> lakeformation_revoke_permissions.html:76:1 (lakeformation_revoke_permissions.Rd:30): Warning: missing </ul> before </div> lakeformation_search_databases_by_lf_tags.html:70:1 (lakeformation_search_databases_by_lf_tags.Rd:26): Warning: missing </ul> before </div> lakeformation_search_tables_by_lf_tags.html:70:1 (lakeformation_search_tables_by_lf_tags.Rd:26): Warning: missing </ul> before </div> lakeformation_start_query_planning.html:52:1 (lakeformation_start_query_planning.Rd:12): Warning: missing </ul> before </div> lakeformation_start_transaction.html:50:1 (lakeformation_start_transaction.Rd:12): Warning: missing </ul> before </div> lakeformation_update_data_cells_filter.html:49:1 (lakeformation_update_data_cells_filter.Rd:11): Warning: missing </ul> before </div> lakeformation_update_lake_format_identi_center_config.html:81:1 (lakeformation_update_lake_format_identi_center_config.Rd:37): Warning: missing </ul> before </div> lakeformation_update_lf_tag.html:68:1 (lakeformation_update_lf_tag.Rd:24): Warning: missing </ul> before </div> lakeformation_update_lf_tag_expression.html:66:1 (lakeformation_update_lf_tag_expression.Rd:22): Warning: missing </ul> before </div> lakeformation_update_resource.html:68:1 (lakeformation_update_resource.Rd:24): Warning: missing </ul> before </div> lakeformation_update_table_objects.html:73:1 (lakeformation_update_table_objects.Rd:27): Warning: missing </ul> before </div> lakeformation_update_table_storage_optimizer.html:65:1 (lakeformation_update_table_storage_optimizer.Rd:21): Warning: missing </ul> before </div> memorydb_batch_update_cluster.html:52:1 (memorydb_batch_update_cluster.Rd:12): Warning: missing </ul> before </div> memorydb_copy_snapshot.html:76:1 (memorydb_copy_snapshot.Rd:30): Warning: missing </ul> before </div> memorydb_create_acl.html:57:1 (memorydb_create_acl.Rd:15): Warning: missing </ul> before </div> memorydb_create_cluster.html:219:1 (memorydb_create_cluster.Rd:120): Warning: missing </ul> before </div> memorydb_create_multi_region_cluster.html:91:1 (memorydb_create_multi_region_cluster.Rd:37): Warning: missing </ul> before </div> memorydb_create_parameter_group.html:67:1 (memorydb_create_parameter_group.Rd:23): Warning: missing </ul> before </div> memorydb_create_snapshot.html:66:1 (memorydb_create_snapshot.Rd:22): Warning: missing </ul> before </div> memorydb_create_subnet_group.html:66:1 (memorydb_create_subnet_group.Rd:22): Warning: missing </ul> before </div> memorydb_create_user.html:63:1 (memorydb_create_user.Rd:19): Warning: missing </ul> before </div> memorydb_delete_acl.html:48:1 (memorydb_delete_acl.Rd:10): Warning: missing </ul> before </div> memorydb_delete_cluster.html:62:1 (memorydb_delete_cluster.Rd:20): Warning: missing </ul> before </div> memorydb_delete_multi_region_cluster.html:48:1 (memorydb_delete_multi_region_cluster.Rd:10): Warning: missing </ul> before </div> memorydb_delete_parameter_group.html:48:1 (memorydb_delete_parameter_group.Rd:10): Warning: missing </ul> before </div> memorydb_delete_snapshot.html:48:1 (memorydb_delete_snapshot.Rd:10): Warning: missing </ul> before </div> memorydb_delete_subnet_group.html:48:1 (memorydb_delete_subnet_group.Rd:10): Warning: missing </ul> before </div> memorydb_delete_user.html:48:1 (memorydb_delete_user.Rd:10): Warning: missing </ul> before </div> memorydb_describe_ac_ls.html:62:1 (memorydb_describe_ac_ls.Rd:20): Warning: missing </ul> before </div> memorydb_describe_clusters.html:74:1 (memorydb_describe_clusters.Rd:30): Warning: missing </ul> before </div> memorydb_describe_engine_versions.html:82:1 (memorydb_describe_engine_versions.Rd:34): Warning: missing </ul> before </div> memorydb_describe_events.html:91:1 (memorydb_describe_events.Rd:41): Warning: missing </ul> before </div> memorydb_describe_multi_region_clusters.html:65:1 (memorydb_describe_multi_region_clusters.Rd:21): Warning: missing </ul> before </div> memorydb_describe_parameter_groups.html:66:1 (memorydb_describe_parameter_groups.Rd:24): Warning: missing </ul> before </div> memorydb_describe_parameters.html:66:1 (memorydb_describe_parameters.Rd:24): Warning: missing </ul> before </div> memorydb_describe_reserved_nodes.html:93:1 (memorydb_describe_reserved_nodes.Rd:43): Warning: missing </ul> before </div> memorydb_describe_reserved_nodes_offerings.html:86:1 (memorydb_describe_reserved_nodes_offerings.Rd:38): Warning: missing </ul> before </div> memorydb_describe_service_updates.html:76:1 (memorydb_describe_service_updates.Rd:30): Warning: missing </ul> before </div> memorydb_describe_snapshots.html:87:1 (memorydb_describe_snapshots.Rd:39): Warning: missing </ul> before </div> memorydb_describe_subnet_groups.html:66:1 (memorydb_describe_subnet_groups.Rd:24): Warning: missing </ul> before </div> memorydb_describe_users.html:71:1 (memorydb_describe_users.Rd:27): Warning: missing </ul> before </div> memorydb_failover_shard.html:52:1 (memorydb_failover_shard.Rd:12): Warning: missing </ul> before </div> memorydb_list_allowed_multi_region_cluster_updates.html:48:1 (memorydb_list_allowed_multi_region_cluster_updates.Rd:10): Warning: missing </ul> before </div> memorydb_list_allowed_node_type_updates.html:51:1 (memorydb_list_allowed_node_type_updates.Rd:13): Warning: missing </ul> before </div> memorydb_list_tags.html:49:1 (memorydb_list_tags.Rd:11): Warning: missing </ul> before </div> memorydb_purchase_reserved_nodes_offering.html:66:1 (memorydb_purchase_reserved_nodes_offering.Rd:22): Warning: missing </ul> before </div> memorydb_reset_parameter_group.html:65:1 (memorydb_reset_parameter_group.Rd:23): Warning: missing </ul> before </div> memorydb_tag_resource.html:54:1 (memorydb_tag_resource.Rd:14): Warning: missing </ul> before </div> memorydb_untag_resource.html:53:1 (memorydb_untag_resource.Rd:13): Warning: missing </ul> before </div> memorydb_update_acl.html:56:1 (memorydb_update_acl.Rd:14): Warning: missing </ul> before </div> memorydb_update_cluster.html:160:1 (memorydb_update_cluster.Rd:79): Warning: missing </ul> before </div> memorydb_update_multi_region_cluster.html:79:1 (memorydb_update_multi_region_cluster.Rd:30): Warning: missing </ul> before </div> memorydb_update_parameter_group.html:54:1 (memorydb_update_parameter_group.Rd:14): Warning: missing </ul> before </div> memorydb_update_subnet_group.html:60:1 (memorydb_update_subnet_group.Rd:18): Warning: missing </ul> before </div> memorydb_update_user.html:57:1 (memorydb_update_user.Rd:15): Warning: missing </ul> before </div> neptune_add_role_to_db_cluster.html:65:1 (neptune_add_role_to_db_cluster.Rd:23): Warning: missing </ul> before </div> neptune_add_source_identifier_to_subscription.html:77:1 (neptune_add_source_identifier_to_subscription.Rd:28): Warning: missing </ul> before </div> neptune_add_tags_to_resource.html:54:1 (neptune_add_tags_to_resource.Rd:14): Warning: missing </ul> before </div> neptune_apply_pending_maintenance_action.html:82:1 (neptune_apply_pending_maintenance_action.Rd:33): Warning: missing </ul> before </div> neptune_copy_db_cluster_parameter_group.html:105:1 (neptune_copy_db_cluster_parameter_group.Rd:45): Warning: missing </ul> before </div> neptune_copy_db_cluster_snapshot.html:126:1 (neptune_copy_db_cluster_snapshot.Rd:66): Warning: missing </ul> before </div> neptune_copy_db_parameter_group.html:97:1 (neptune_copy_db_parameter_group.Rd:39): Warning: missing </ul> before </div> neptune_create_db_cluster.html:339:1 (neptune_create_db_cluster.Rd:214): Warning: missing </ul> before </div> neptune_create_db_cluster_endpoint.html:81:1 (neptune_create_db_cluster_endpoint.Rd:33): Warning: missing </ul> before </div> neptune_create_db_cluster_parameter_group.html:79:1 (neptune_create_db_cluster_parameter_group.Rd:32): Warning: missing </ul> before </div> neptune_create_db_cluster_snapshot.html:88:1 (neptune_create_db_cluster_snapshot.Rd:36): Warning: missing </ul> before </div> neptune_create_db_instance.html:420:1 (neptune_create_db_instance.Rd:279): Warning: missing </ul> before </div> neptune_create_db_parameter_group.html:84:1 (neptune_create_db_parameter_group.Rd:33): Warning: missing </ul> before </div> neptune_create_db_subnet_group.html:71:1 (neptune_create_db_subnet_group.Rd:27): Warning: missing </ul> before </div> neptune_create_event_subscription.html:121:1 (neptune_create_event_subscription.Rd:60): Warning: missing </ul> before </div> neptune_create_global_cluster.html:81:1 (neptune_create_global_cluster.Rd:33): Warning: missing </ul> before </div> neptune_delete_db_cluster.html:95:1 (neptune_delete_db_cluster.Rd:43): Warning: missing </ul> before </div> neptune_delete_db_cluster_endpoint.html:50:1 (neptune_delete_db_cluster_endpoint.Rd:12): Warning: missing </ul> before </div> neptune_delete_db_cluster_parameter_group.html:62:1 (neptune_delete_db_cluster_parameter_group.Rd:17): Warning: missing </ul> before </div> neptune_delete_db_cluster_snapshot.html:51:1 (neptune_delete_db_cluster_snapshot.Rd:13): Warning: missing </ul> before </div> neptune_delete_db_instance.html:104:1 (neptune_delete_db_instance.Rd:50): Warning: missing </ul> before </div> neptune_delete_db_parameter_group.html:62:1 (neptune_delete_db_parameter_group.Rd:17): Warning: missing </ul> before </div> neptune_delete_db_subnet_group.html:57:1 (neptune_delete_db_subnet_group.Rd:19): Warning: missing </ul> before </div> neptune_delete_event_subscription.html:48:1 (neptune_delete_event_subscription.Rd:10): Warning: missing </ul> before </div> neptune_delete_global_cluster.html:48:1 (neptune_delete_global_cluster.Rd:10): Warning: missing </ul> before </div> neptune_describe_db_cluster_endpoints.html:92:1 (neptune_describe_db_cluster_endpoints.Rd:46): Warning: missing </ul> before </div> neptune_describe_db_cluster_parameter_groups.html:84:1 (neptune_describe_db_cluster_parameter_groups.Rd:37): Warning: missing </ul> before </div> neptune_describe_db_cluster_parameters.html:92:1 (neptune_describe_db_cluster_parameters.Rd:43): Warning: missing </ul> before </div> neptune_describe_db_cluster_snapshot_attributes.html:50:1 (neptune_describe_db_cluster_snapshot_attributes.Rd:12): Warning: missing </ul> before </div> neptune_describe_db_cluster_snapshots.html:166:1 (neptune_describe_db_cluster_snapshots.Rd:97): Warning: missing </ul> before </div> neptune_describe_db_clusters.html:104:1 (neptune_describe_db_clusters.Rd:52): Warning: missing </ul> before </div> neptune_describe_db_engine_versions.html:116:1 (neptune_describe_db_engine_versions.Rd:59): Warning: missing </ul> before </div> neptune_describe_db_instances.html:104:1 (neptune_describe_db_instances.Rd:52): Warning: missing </ul> before </div> neptune_describe_db_parameter_groups.html:84:1 (neptune_describe_db_parameter_groups.Rd:37): Warning: missing </ul> before </div> neptune_describe_db_parameters.html:92:1 (neptune_describe_db_parameters.Rd:43): Warning: missing </ul> before </div> neptune_describe_db_subnet_groups.html:75:1 (neptune_describe_db_subnet_groups.Rd:31): Warning: missing </ul> before </div> neptune_describe_engine_default_cluster_parameters.html:77:1 (neptune_describe_engine_default_cluster_parameters.Rd:33): Warning: missing </ul> before </div> neptune_describe_engine_default_parameters.html:76:1 (neptune_describe_engine_default_parameters.Rd:32): Warning: missing </ul> before </div> neptune_describe_event_categories.html:56:1 (neptune_describe_event_categories.Rd:16): Warning: missing </ul> before </div> neptune_describe_event_subscriptions.html:75:1 (neptune_describe_event_subscriptions.Rd:31): Warning: missing </ul> before </div> neptune_describe_events.html:138:1 (neptune_describe_events.Rd:71): Warning: missing </ul> before </div> neptune_describe_global_clusters.html:74:1 (neptune_describe_global_clusters.Rd:32): Warning: missing </ul> before </div> neptune_describe_orderable_db_instance_options.html:99:1 (neptune_describe_orderable_db_instance_options.Rd:47): Warning: missing </ul> before </div> neptune_describe_pending_maintenance_actions.html:94:1 (neptune_describe_pending_maintenance_actions.Rd:45): Warning: missing </ul> before </div> neptune_describe_valid_db_instance_modifications.html:49:1 (neptune_describe_valid_db_instance_modifications.Rd:11): Warning: missing </ul> before </div> neptune_failover_db_cluster.html:67:1 (neptune_failover_db_cluster.Rd:24): Warning: missing </ul> before </div> neptune_failover_global_cluster.html:62:1 (neptune_failover_global_cluster.Rd:22): Warning: missing </ul> before </div> neptune_list_tags_for_resource.html:54:1 (neptune_list_tags_for_resource.Rd:14): Warning: missing </ul> before </div> neptune_modify_db_cluster.html:289:1 (neptune_modify_db_cluster.Rd:180): Warning: missing </ul> before </div> neptune_modify_db_cluster_endpoint.html:69:1 (neptune_modify_db_cluster_endpoint.Rd:25): Warning: missing </ul> before </div> neptune_modify_db_cluster_parameter_group.html:55:1 (neptune_modify_db_cluster_parameter_group.Rd:15): Warning: missing </ul> before </div> neptune_modify_db_cluster_snapshot_attribute.html:86:1 (neptune_modify_db_cluster_snapshot_attribute.Rd:42): Warning: missing </ul> before </div> neptune_modify_db_instance.html:424:1 (neptune_modify_db_instance.Rd:289): Warning: missing </ul> before </div> neptune_modify_db_parameter_group.html:69:1 (neptune_modify_db_parameter_group.Rd:26): Warning: missing </ul> before </div> neptune_modify_db_subnet_group.html:66:1 (neptune_modify_db_subnet_group.Rd:24): Warning: missing </ul> before </div> neptune_modify_event_subscription.html:80:1 (neptune_modify_event_subscription.Rd:34): Warning: missing </ul> before </div> neptune_modify_global_cluster.html:107:1 (neptune_modify_global_cluster.Rd:54): Warning: missing </ul> before </div> neptune_promote_read_replica_db_cluster.html:48:1 (neptune_promote_read_replica_db_cluster.Rd:10): Warning: missing </ul> before </div> neptune_reboot_db_instance.html:65:1 (neptune_reboot_db_instance.Rd:22): Warning: missing </ul> before </div> neptune_remove_from_global_cluster.html:57:1 (neptune_remove_from_global_cluster.Rd:17): Warning: missing </ul> before </div> neptune_remove_role_from_db_cluster.html:65:1 (neptune_remove_role_from_db_cluster.Rd:23): Warning: missing </ul> before </div> neptune_remove_source_identifier_from_subscription.html:59:1 (neptune_remove_source_identifier_from_subscription.Rd:19): Warning: missing </ul> before </div> neptune_remove_tags_from_resource.html:54:1 (neptune_remove_tags_from_resource.Rd:14): Warning: missing </ul> before </div> neptune_reset_db_cluster_parameter_group.html:66:1 (neptune_reset_db_cluster_parameter_group.Rd:24): Warning: missing </ul> before </div> neptune_reset_db_parameter_group.html:77:1 (neptune_reset_db_parameter_group.Rd:32): Warning: missing </ul> before </div> neptune_restore_db_cluster_from_snapshot.html:230:1 (neptune_restore_db_cluster_from_snapshot.Rd:138): Warning: missing </ul> before </div> neptune_restore_db_cluster_to_point_in_time.html:258:1 (neptune_restore_db_cluster_to_point_in_time.Rd:156): Warning: missing </ul> before </div> neptune_start_db_cluster.html:51:1 (neptune_start_db_cluster.Rd:13): Warning: missing </ul> before </div> neptune_stop_db_cluster.html:49:1 (neptune_stop_db_cluster.Rd:11): Warning: missing </ul> before </div> neptunedata_cancel_gremlin_query.html:48:1 (neptunedata_cancel_gremlin_query.Rd:10): Warning: missing </ul> before </div> neptunedata_cancel_loader_job.html:48:1 (neptunedata_cancel_loader_job.Rd:10): Warning: missing </ul> before </div> neptunedata_cancel_ml_data_processing_job.html:63:1 (neptunedata_cancel_ml_data_processing_job.Rd:21): Warning: missing </ul> before </div> neptunedata_cancel_ml_model_training_job.html:63:1 (neptunedata_cancel_ml_model_training_job.Rd:21): Warning: missing </ul> before </div> neptunedata_cancel_ml_model_transform_job.html:63:1 (neptunedata_cancel_ml_model_transform_job.Rd:21): Warning: missing </ul> before </div> neptunedata_cancel_open_cypher_query.html:53:1 (neptunedata_cancel_open_cypher_query.Rd:13): Warning: missing </ul> before </div> neptunedata_create_ml_endpoint.html:109:1 (neptunedata_create_ml_endpoint.Rd:55): Warning: missing </ul> before </div> neptunedata_delete_ml_endpoint.html:59:1 (neptunedata_delete_ml_endpoint.Rd:17): Warning: missing </ul> before </div> neptunedata_execute_fast_reset.html:65:1 (neptunedata_execute_fast_reset.Rd:20): Warning: missing </ul> before </div> neptunedata_execute_gremlin_explain_query.html:48:1 (neptunedata_execute_gremlin_explain_query.Rd:10): Warning: missing </ul> before </div> neptunedata_execute_gremlin_profile_query.html:79:1 (neptunedata_execute_gremlin_profile_query.Rd:33): Warning: missing </ul> before </div> neptunedata_execute_gremlin_query.html:59:1 (neptunedata_execute_gremlin_query.Rd:19): Warning: missing </ul> before </div> neptunedata_execute_open_cypher_explain_query.html:61:1 (neptunedata_execute_open_cypher_explain_query.Rd:19): Warning: missing </ul> before </div> neptunedata_execute_open_cypher_query.html:53:1 (neptunedata_execute_open_cypher_query.Rd:13): Warning: missing </ul> before </div> neptunedata_get_gremlin_query_status.html:48:1 (neptunedata_get_gremlin_query_status.Rd:10): Warning: missing </ul> before </div> neptunedata_get_loader_job_status.html:77:1 (neptunedata_get_loader_job_status.Rd:31): Warning: missing </ul> before </div> neptunedata_get_ml_data_processing_job.html:54:1 (neptunedata_get_ml_data_processing_job.Rd:14): Warning: missing </ul> before </div> neptunedata_get_ml_endpoint.html:54:1 (neptunedata_get_ml_endpoint.Rd:14): Warning: missing </ul> before </div> neptunedata_get_ml_model_training_job.html:54:1 (neptunedata_get_ml_model_training_job.Rd:14): Warning: missing </ul> before </div> neptunedata_get_ml_model_transform_job.html:54:1 (neptunedata_get_ml_model_transform_job.Rd:14): Warning: missing </ul> before </div> neptunedata_get_open_cypher_query_status.html:49:1 (neptunedata_get_open_cypher_query_status.Rd:11): Warning: missing </ul> before </div> neptunedata_get_propertygraph_stream.html:103:1 (neptunedata_get_propertygraph_stream.Rd:48): Warning: missing </ul> before </div> neptunedata_get_propertygraph_summary.html:48:1 (neptunedata_get_propertygraph_summary.Rd:10): Warning: missing </ul> before </div> neptunedata_get_rdf_graph_summary.html:48:1 (neptunedata_get_rdf_graph_summary.Rd:10): Warning: missing </ul> before </div> neptunedata_get_sparql_stream.html:103:1 (neptunedata_get_sparql_stream.Rd:48): Warning: missing </ul> before </div> neptunedata_list_gremlin_queries.html:49:1 (neptunedata_list_gremlin_queries.Rd:11): Warning: missing </ul> before </div> neptunedata_list_loader_jobs.html:55:1 (neptunedata_list_loader_jobs.Rd:15): Warning: missing </ul> before </div> neptunedata_list_ml_data_processing_jobs.html:58:1 (neptunedata_list_ml_data_processing_jobs.Rd:18): Warning: missing </ul> before </div> neptunedata_list_ml_endpoints.html:55:1 (neptunedata_list_ml_endpoints.Rd:15): Warning: missing </ul> before </div> neptunedata_list_ml_model_training_jobs.html:58:1 (neptunedata_list_ml_model_training_jobs.Rd:18): Warning: missing </ul> before </div> neptunedata_list_ml_model_transform_jobs.html:58:1 (neptunedata_list_ml_model_transform_jobs.Rd:18): Warning: missing </ul> before </div> neptunedata_list_open_cypher_queries.html:50:1 (neptunedata_list_open_cypher_queries.Rd:12): Warning: missing </ul> before </div> neptunedata_manage_propertygraph_statistics.html:50:1 (neptunedata_manage_propertygraph_statistics.Rd:12): Warning: missing </ul> before </div> neptunedata_manage_sparql_statistics.html:50:1 (neptunedata_manage_sparql_statistics.Rd:12): Warning: missing </ul> before </div> neptunedata_start_loader_job.html:346:1 (neptunedata_start_loader_job.Rd:238): Warning: missing </ul> before </div> neptunedata_start_ml_data_processing_job.html:143:1 (neptunedata_start_ml_data_processing_job.Rd:77): Warning: missing </ul> before </div> neptunedata_start_ml_model_training_job.html:161:1 (neptunedata_start_ml_model_training_job.Rd:89): Warning: missing </ul> before </div> neptunedata_start_ml_model_transform_job.html:137:1 (neptunedata_start_ml_model_transform_job.Rd:73): Warning: missing </ul> before </div> qldb_cancel_journal_kinesis_stream.html:53:1 (qldb_cancel_journal_kinesis_stream.Rd:13): Warning: missing </ul> before </div> qldb_create_ledger.html:163:1 (qldb_create_ledger.Rd:96): Warning: missing </ul> before </div> qldb_delete_ledger.html:48:1 (qldb_delete_ledger.Rd:10): Warning: missing </ul> before </div> qldb_describe_journal_kinesis_stream.html:53:1 (qldb_describe_journal_kinesis_stream.Rd:13): Warning: missing </ul> before </div> qldb_describe_journal_s3_export.html:55:1 (qldb_describe_journal_s3_export.Rd:15): Warning: missing </ul> before </div> qldb_describe_ledger.html:49:1 (qldb_describe_ledger.Rd:11): Warning: missing </ul> before </div> qldb_export_journal_to_s3.html:121:1 (qldb_export_journal_to_s3.Rd:68): Warning: missing </ul> before </div> qldb_get_block.html:63:1 (qldb_get_block.Rd:21): Warning: missing </ul> before </div> qldb_get_digest.html:49:1 (qldb_get_digest.Rd:11): Warning: missing </ul> before </div> qldb_get_revision.html:70:1 (qldb_get_revision.Rd:26): Warning: missing </ul> before </div> qldb_list_journal_kinesis_streams_for_ledger.html:66:1 (qldb_list_journal_kinesis_streams_for_ledger.Rd:24): Warning: missing </ul> before </div> qldb_list_journal_s3_exports.html:58:1 (qldb_list_journal_s3_exports.Rd:18): Warning: missing </ul> before </div> qldb_list_journal_s3_exports_for_ledger.html:66:1 (qldb_list_journal_s3_exports_for_ledger.Rd:24): Warning: missing </ul> before </div> qldb_list_ledgers.html:58:1 (qldb_list_ledgers.Rd:18): Warning: missing </ul> before </div> qldb_list_tags_for_resource.html:50:1 (qldb_list_tags_for_resource.Rd:12): Warning: missing </ul> before </div> qldb_stream_journal_to_kinesis.html:110:1 (qldb_stream_journal_to_kinesis.Rd:60): Warning: missing </ul> before </div> qldb_tag_resource.html:58:1 (qldb_tag_resource.Rd:18): Warning: missing </ul> before </div> qldb_untag_resource.html:55:1 (qldb_untag_resource.Rd:15): Warning: missing </ul> before </div> qldb_update_ledger.html:112:1 (qldb_update_ledger.Rd:54): Warning: missing </ul> before </div> qldb_update_ledger_permissions_mode.html:81:1 (qldb_update_ledger_permissions_mode.Rd:36): Warning: missing </ul> before </div> qldbsession_send_command.html:91:1 (qldbsession_send_command.Rd:39): Warning: missing </ul> before </div> rds_add_role_to_db_cluster.html:61:1 (rds_add_role_to_db_cluster.Rd:19): Warning: missing </ul> before </div> rds_add_role_to_db_instance.html:60:1 (rds_add_role_to_db_instance.Rd:18): Warning: missing </ul> before </div> rds_add_source_identifier_to_subscription.html:87:1 (rds_add_source_identifier_to_subscription.Rd:32): Warning: missing </ul> before </div> rds_add_tags_to_resource.html:54:1 (rds_add_tags_to_resource.Rd:14): Warning: missing </ul> before </div> rds_apply_pending_maintenance_action.html:103:1 (rds_apply_pending_maintenance_action.Rd:43): Warning: missing </ul> before </div> rds_authorize_db_security_group_ingress.html:82:1 (rds_authorize_db_security_group_ingress.Rd:36): Warning: missing </ul> before </div> rds_backtrack_db_cluster.html:107:1 (rds_backtrack_db_cluster.Rd:51): Warning: missing </ul> before </div> rds_cancel_export_task.html:49:1 (rds_cancel_export_task.Rd:11): Warning: missing </ul> before </div> rds_copy_db_cluster_parameter_group.html:94:1 (rds_copy_db_cluster_parameter_group.Rd:39): Warning: missing </ul> before </div> rds_copy_db_cluster_snapshot.html:191:1 (rds_copy_db_cluster_snapshot.Rd:123): Warning: missing </ul> before </div> rds_copy_db_parameter_group.html:93:1 (rds_copy_db_parameter_group.Rd:38): Warning: missing </ul> before </div> rds_copy_db_snapshot.html:236:1 (rds_copy_db_snapshot.Rd:164): Warning: missing </ul> before </div> rds_copy_option_group.html:91:1 (rds_copy_option_group.Rd:36): Warning: missing </ul> before </div> rds_create_blue_green_deployment.html:158:1 (rds_create_blue_green_deployment.Rd:95): Warning: missing </ul> before </div> rds_create_custom_db_engine_version.html:173:1 (rds_create_custom_db_engine_version.Rd:107): Warning: missing </ul> before </div> rds_create_db_cluster.html:1066:1 (rds_create_db_cluster.Rd:776): Warning: missing </ul> before </div> rds_create_db_cluster_endpoint.html:82:1 (rds_create_db_cluster_endpoint.Rd:34): Warning: missing </ul> before </div> rds_create_db_cluster_parameter_group.html:124:1 (rds_create_db_cluster_parameter_group.Rd:68): Warning: missing </ul> before </div> rds_create_db_cluster_snapshot.html:88:1 (rds_create_db_cluster_snapshot.Rd:36): Warning: missing </ul> before </div> rds_create_db_instance.html:1651:1 (rds_create_db_instance.Rd:1124): Warning: missing </ul> before </div> rds_create_db_instance_read_replica.html:786:1 (rds_create_db_instance_read_replica.Rd:579): Warning: missing </ul> before </div> rds_create_db_parameter_group.html:143:1 (rds_create_db_parameter_group.Rd:63): Warning: missing </ul> before </div> rds_create_db_proxy.html:116:1 (rds_create_db_proxy.Rd:60): Warning: missing </ul> before </div> rds_create_db_proxy_endpoint.html:82:1 (rds_create_db_proxy_endpoint.Rd:35): Warning: missing </ul> before </div> rds_create_db_security_group.html:80:1 (rds_create_db_security_group.Rd:29): Warning: missing </ul> before </div> rds_create_db_shard_group.html:139:1 (rds_create_db_shard_group.Rd:73): Warning: missing </ul> before </div> rds_create_db_snapshot.html:83:1 (rds_create_db_snapshot.Rd:30): Warning: missing </ul> before </div> rds_create_db_subnet_group.html:83:1 (rds_create_db_subnet_group.Rd:32): Warning: missing </ul> before </div> rds_create_event_subscription.html:141:1 (rds_create_event_subscription.Rd:75): Warning: missing </ul> before </div> rds_create_global_cluster.html:178:1 (rds_create_global_cluster.Rd:103): Warning: missing </ul> before </div> rds_create_integration.html:97:1 (rds_create_integration.Rd:46): Warning: missing </ul> before </div> rds_create_option_group.html:131:1 (rds_create_option_group.Rd:51): Warning: missing </ul> before </div> rds_create_tenant_database.html:113:1 (rds_create_tenant_database.Rd:52): Warning: missing </ul> before </div> rds_delete_blue_green_deployment.html:67:1 (rds_delete_blue_green_deployment.Rd:24): Warning: missing </ul> before </div> rds_delete_custom_db_engine_version.html:71:1 (rds_delete_custom_db_engine_version.Rd:22): Warning: missing </ul> before </div> rds_delete_db_cluster.html:105:1 (rds_delete_db_cluster.Rd:51): Warning: missing </ul> before </div> rds_delete_db_cluster_automated_backup.html:51:1 (rds_delete_db_cluster_automated_backup.Rd:13): Warning: missing </ul> before </div> rds_delete_db_cluster_endpoint.html:50:1 (rds_delete_db_cluster_endpoint.Rd:12): Warning: missing </ul> before </div> rds_delete_db_cluster_parameter_group.html:62:1 (rds_delete_db_cluster_parameter_group.Rd:17): Warning: missing </ul> before </div> rds_delete_db_cluster_snapshot.html:51:1 (rds_delete_db_cluster_snapshot.Rd:13): Warning: missing </ul> before </div> rds_delete_db_instance.html:116:1 (rds_delete_db_instance.Rd:60): Warning: missing </ul> before </div> rds_delete_db_instance_automated_backup.html:61:1 (rds_delete_db_instance_automated_backup.Rd:21): Warning: missing </ul> before </div> rds_delete_db_parameter_group.html:62:1 (rds_delete_db_parameter_group.Rd:17): Warning: missing </ul> before </div> rds_delete_db_proxy.html:48:1 (rds_delete_db_proxy.Rd:10): Warning: missing </ul> before </div> rds_delete_db_proxy_endpoint.html:48:1 (rds_delete_db_proxy_endpoint.Rd:10): Warning: missing </ul> before </div> rds_delete_db_security_group.html:67:1 (rds_delete_db_security_group.Rd:20): Warning: missing </ul> before </div> rds_delete_db_shard_group.html:48:1 (rds_delete_db_shard_group.Rd:10): Warning: missing </ul> before </div> rds_delete_db_snapshot.html:51:1 (rds_delete_db_snapshot.Rd:13): Warning: missing </ul> before </div> rds_delete_db_subnet_group.html:55:1 (rds_delete_db_subnet_group.Rd:17): Warning: missing </ul> before </div> rds_delete_event_subscription.html:48:1 (rds_delete_event_subscription.Rd:10): Warning: missing </ul> before </div> rds_delete_global_cluster.html:48:1 (rds_delete_global_cluster.Rd:10): Warning: missing </ul> before </div> rds_delete_integration.html:48:1 (rds_delete_integration.Rd:10): Warning: missing </ul> before </div> rds_delete_option_group.html:50:1 (rds_delete_option_group.Rd:12): Warning: missing </ul> before </div> rds_delete_tenant_database.html:78:1 (rds_delete_tenant_database.Rd:34): Warning: missing </ul> before </div> rds_deregister_db_proxy_targets.html:67:1 (rds_deregister_db_proxy_targets.Rd:23): Warning: missing </ul> before </div> rds_describe_blue_green_deployments.html:120:1 (rds_describe_blue_green_deployments.Rd:59): Warning: missing </ul> before </div> rds_describe_certificates.html:86:1 (rds_describe_certificates.Rd:39): Warning: missing </ul> before </div> rds_describe_db_cluster_automated_backups.html:107:1 (rds_describe_db_cluster_automated_backups.Rd:51): Warning: missing </ul> before </div> rds_describe_db_cluster_backtracks.html:140:1 (rds_describe_db_cluster_backtracks.Rd:70): Warning: missing </ul> before </div> rds_describe_db_cluster_endpoints.html:92:1 (rds_describe_db_cluster_endpoints.Rd:46): Warning: missing </ul> before </div> rds_describe_db_cluster_parameter_groups.html:84:1 (rds_describe_db_cluster_parameter_groups.Rd:37): Warning: missing </ul> before </div> rds_describe_db_cluster_parameters.html:108:1 (rds_describe_db_cluster_parameters.Rd:52): Warning: missing </ul> before </div> rds_describe_db_cluster_snapshot_attributes.html:50:1 (rds_describe_db_cluster_snapshot_attributes.Rd:12): Warning: missing </ul> before </div> rds_describe_db_cluster_snapshots.html:192:1 (rds_describe_db_cluster_snapshots.Rd:112): Warning: missing </ul> before </div> rds_describe_db_clusters.html:121:1 (rds_describe_db_clusters.Rd:61): Warning: missing </ul> before </div> rds_describe_db_engine_versions.html:251:1 (rds_describe_db_engine_versions.Rd:126): Warning: missing </ul> before </div> rds_describe_db_instance_automated_backups.html:123:1 (rds_describe_db_instance_automated_backups.Rd:61): Warning: missing </ul> before </div> rds_describe_db_instances.html:116:1 (rds_describe_db_instances.Rd:58): Warning: missing </ul> before </div> rds_describe_db_log_files.html:97:1 (rds_describe_db_log_files.Rd:44): Warning: missing </ul> before </div> rds_describe_db_parameter_groups.html:84:1 (rds_describe_db_parameter_groups.Rd:37): Warning: missing </ul> before </div> rds_describe_db_parameters.html:95:1 (rds_describe_db_parameters.Rd:46): Warning: missing </ul> before </div> rds_describe_db_proxies.html:76:1 (rds_describe_db_proxies.Rd:32): Warning: missing </ul> before </div> rds_describe_db_proxy_endpoints.html:83:1 (rds_describe_db_proxy_endpoints.Rd:37): Warning: missing </ul> before </div> rds_describe_db_proxy_target_groups.html:80:1 (rds_describe_db_proxy_target_groups.Rd:34): Warning: missing </ul> before </div> rds_describe_db_proxy_targets.html:79:1 (rds_describe_db_proxy_targets.Rd:33): Warning: missing </ul> before </div> rds_describe_db_recommendations.html:206:1 (rds_describe_db_recommendations.Rd:98): Warning: missing </ul> before </div> rds_describe_db_security_groups.html:75:1 (rds_describe_db_security_groups.Rd:31): Warning: missing </ul> before </div> rds_describe_db_shard_groups.html:85:1 (rds_describe_db_shard_groups.Rd:38): Warning: missing </ul> before </div> rds_describe_db_snapshot_attributes.html:49:1 (rds_describe_db_snapshot_attributes.Rd:11): Warning: missing </ul> before </div> rds_describe_db_snapshot_tenant_databases.html:163:1 (rds_describe_db_snapshot_tenant_databases.Rd:81): Warning: missing </ul> before </div> rds_describe_db_snapshots.html:200:1 (rds_describe_db_snapshots.Rd:116): Warning: missing </ul> before </div> rds_describe_db_subnet_groups.html:75:1 (rds_describe_db_subnet_groups.Rd:31): Warning: missing </ul> before </div> rds_describe_engine_default_cluster_parameters.html:77:1 (rds_describe_engine_default_cluster_parameters.Rd:33): Warning: missing </ul> before </div> rds_describe_engine_default_parameters.html:231:1 (rds_describe_engine_default_parameters.Rd:88): Warning: missing </ul> before </div> rds_describe_event_categories.html:57:1 (rds_describe_event_categories.Rd:17): Warning: missing </ul> before </div> rds_describe_event_subscriptions.html:76:1 (rds_describe_event_subscriptions.Rd:32): Warning: missing </ul> before </div> rds_describe_events.html:152:1 (rds_describe_events.Rd:79): Warning: missing </ul> before </div> rds_describe_export_tasks.html:130:1 (rds_describe_export_tasks.Rd:60): Warning: missing </ul> before </div> rds_describe_global_clusters.html:92:1 (rds_describe_global_clusters.Rd:45): Warning: missing </ul> before </div> rds_describe_integrations.html:75:1 (rds_describe_integrations.Rd:31): Warning: missing </ul> before </div> rds_describe_option_group_options.html:124:1 (rds_describe_option_group_options.Rd:51): Warning: missing </ul> before </div> rds_describe_option_groups.html:132:1 (rds_describe_option_groups.Rd:57): Warning: missing </ul> before </div> rds_describe_orderable_db_instance_options.html:178:1 (rds_describe_orderable_db_instance_options.Rd:85): Warning: missing </ul> before </div> rds_describe_pending_maintenance_actions.html:93:1 (rds_describe_pending_maintenance_actions.Rd:44): Warning: missing </ul> before </div> rds_describe_reserved_db_instances.html:123:1 (rds_describe_reserved_db_instances.Rd:65): Warning: missing </ul> before </div> rds_describe_reserved_db_instances_offerings.html:112:1 (rds_describe_reserved_db_instances_offerings.Rd:58): Warning: missing </ul> before </div> rds_describe_source_regions.html:85:1 (rds_describe_source_regions.Rd:38): Warning: missing </ul> before </div> rds_describe_tenant_databases.html:100:1 (rds_describe_tenant_databases.Rd:47): Warning: missing </ul> before </div> rds_describe_valid_db_instance_modifications.html:49:1 (rds_describe_valid_db_instance_modifications.Rd:11): Warning: missing </ul> before </div> rds_disable_http_endpoint.html:48:1 (rds_disable_http_endpoint.Rd:10): Warning: missing </ul> before </div> rds_download_db_log_file_portion.html:106:1 (rds_download_db_log_file_portion.Rd:50): Warning: missing </ul> before </div> rds_enable_http_endpoint.html:48:1 (rds_enable_http_endpoint.Rd:10): Warning: missing </ul> before </div> rds_failover_db_cluster.html:66:1 (rds_failover_db_cluster.Rd:23): Warning: missing </ul> before </div> rds_failover_global_cluster.html:101:1 (rds_failover_global_cluster.Rd:48): Warning: missing </ul> before </div> rds_list_tags_for_resource.html:55:1 (rds_list_tags_for_resource.Rd:15): Warning: missing </ul> before </div> rds_modify_activity_stream.html:57:1 (rds_modify_activity_stream.Rd:17): Warning: missing </ul> before </div> rds_modify_certificates.html:62:1 (rds_modify_certificates.Rd:22): Warning: missing </ul> before </div> rds_modify_current_db_cluster_capacity.html:102:1 (rds_modify_current_db_cluster_capacity.Rd:50): Warning: missing </ul> before </div> rds_modify_custom_db_engine_version.html:102:1 (rds_modify_custom_db_engine_version.Rd:49): Warning: missing </ul> before </div> rds_modify_db_cluster.html:828:1 (rds_modify_db_cluster.Rd:612): Warning: missing </ul> before </div> rds_modify_db_cluster_endpoint.html:69:1 (rds_modify_db_cluster_endpoint.Rd:25): Warning: missing </ul> before </div> rds_modify_db_cluster_parameter_group.html:63:1 (rds_modify_db_cluster_parameter_group.Rd:23): Warning: missing </ul> before </div> rds_modify_db_cluster_snapshot_attribute.html:91:1 (rds_modify_db_cluster_snapshot_attribute.Rd:47): Warning: missing </ul> before </div> rds_modify_db_instance.html:1326:1 (rds_modify_db_instance.Rd:974): Warning: missing </ul> before </div> rds_modify_db_parameter_group.html:82:1 (rds_modify_db_parameter_group.Rd:39): Warning: missing </ul> before </div> rds_modify_db_proxy.html:99:1 (rds_modify_db_proxy.Rd:47): Warning: missing </ul> before </div> rds_modify_db_proxy_endpoint.html:65:1 (rds_modify_db_proxy_endpoint.Rd:23): Warning: missing </ul> before </div> rds_modify_db_proxy_target_group.html:70:1 (rds_modify_db_proxy_target_group.Rd:26): Warning: missing </ul> before </div> rds_modify_db_recommendation.html:78:1 (rds_modify_db_recommendation.Rd:29): Warning: missing </ul> before </div> rds_modify_db_shard_group.html:83:1 (rds_modify_db_shard_group.Rd:32): Warning: missing </ul> before </div> rds_modify_db_snapshot.html:102:1 (rds_modify_db_snapshot.Rd:49): Warning: missing </ul> before </div> rds_modify_db_snapshot_attribute.html:90:1 (rds_modify_db_snapshot_attribute.Rd:46): Warning: missing </ul> before </div> rds_modify_db_subnet_group.html:66:1 (rds_modify_db_subnet_group.Rd:24): Warning: missing </ul> before </div> rds_modify_event_subscription.html:83:1 (rds_modify_event_subscription.Rd:37): Warning: missing </ul> before </div> rds_modify_global_cluster.html:118:1 (rds_modify_global_cluster.Rd:62): Warning: missing </ul> before </div> rds_modify_integration.html:66:1 (rds_modify_integration.Rd:22): Warning: missing </ul> before </div> rds_modify_option_group.html:72:1 (rds_modify_option_group.Rd:28): Warning: missing </ul> before </div> rds_modify_tenant_database.html:118:1 (rds_modify_tenant_database.Rd:57): Warning: missing </ul> before </div> rds_promote_read_replica.html:109:1 (rds_promote_read_replica.Rd:50): Warning: missing </ul> before </div> rds_promote_read_replica_db_cluster.html:59:1 (rds_promote_read_replica_db_cluster.Rd:18): Warning: missing </ul> before </div> rds_purchase_reserved_db_instances_offering.html:70:1 (rds_purchase_reserved_db_instances_offering.Rd:27): Warning: missing </ul> before </div> rds_reboot_db_cluster.html:58:1 (rds_reboot_db_cluster.Rd:17): Warning: missing </ul> before </div> rds_reboot_db_instance.html:65:1 (rds_reboot_db_instance.Rd:22): Warning: missing </ul> before </div> rds_reboot_db_shard_group.html:49:1 (rds_reboot_db_shard_group.Rd:11): Warning: missing </ul> before </div> rds_register_db_proxy_targets.html:67:1 (rds_register_db_proxy_targets.Rd:23): Warning: missing </ul> before </div> rds_remove_from_global_cluster.html:58:1 (rds_remove_from_global_cluster.Rd:18): Warning: missing </ul> before </div> rds_remove_role_from_db_cluster.html:65:1 (rds_remove_role_from_db_cluster.Rd:23): Warning: missing </ul> before </div> rds_remove_role_from_db_instance.html:60:1 (rds_remove_role_from_db_instance.Rd:18): Warning: missing </ul> before </div> rds_remove_source_identifier_from_subscription.html:59:1 (rds_remove_source_identifier_from_subscription.Rd:19): Warning: missing </ul> before </div> rds_remove_tags_from_resource.html:55:1 (rds_remove_tags_from_resource.Rd:15): Warning: missing </ul> before </div> rds_reset_db_cluster_parameter_group.html:65:1 (rds_reset_db_cluster_parameter_group.Rd:23): Warning: missing </ul> before </div> rds_reset_db_parameter_group.html:94:1 (rds_reset_db_parameter_group.Rd:49): Warning: missing </ul> before </div> rds_restore_db_cluster_from_s3.html:516:1 (rds_restore_db_cluster_from_s3.Rd:358): Warning: missing </ul> before </div> rds_restore_db_cluster_from_snapshot.html:620:1 (rds_restore_db_cluster_from_snapshot.Rd:461): Warning: missing </ul> before </div> rds_restore_db_cluster_to_point_in_time.html:614:1 (rds_restore_db_cluster_to_point_in_time.Rd:442): Warning: missing </ul> before </div> rds_restore_db_instance_from_db_snapshot.html:703:1 (rds_restore_db_instance_from_db_snapshot.Rd:479): Warning: missing </ul> before </div> rds_restore_db_instance_from_s3.html:685:1 (rds_restore_db_instance_from_s3.Rd:469): Warning: missing </ul> before </div> rds_restore_db_instance_to_point_in_time.html:762:1 (rds_restore_db_instance_to_point_in_time.Rd:505): Warning: missing </ul> before </div> rds_revoke_db_security_group_ingress.html:84:1 (rds_revoke_db_security_group_ingress.Rd:38): Warning: missing </ul> before </div> rds_start_activity_stream.html:78:1 (rds_start_activity_stream.Rd:32): Warning: missing </ul> before </div> rds_start_db_cluster.html:51:1 (rds_start_db_cluster.Rd:13): Warning: missing </ul> before </div> rds_start_db_instance.html:50:1 (rds_start_db_instance.Rd:12): Warning: missing </ul> before </div> rds_start_db_instance_automated_backups_replication.html:92:1 (rds_start_db_instance_automated_backups_replication.Rd:48): Warning: missing </ul> before </div> rds_start_export_task.html:178:1 (rds_start_export_task.Rd:84): Warning: missing </ul> before </div> rds_stop_activity_stream.html:57:1 (rds_stop_activity_stream.Rd:17): Warning: missing </ul> before </div> rds_stop_db_cluster.html:49:1 (rds_stop_db_cluster.Rd:11): Warning: missing </ul> before </div> rds_stop_db_instance.html:53:1 (rds_stop_db_instance.Rd:13): Warning: missing </ul> before </div> rds_stop_db_instance_automated_backups_replication.html:50:1 (rds_stop_db_instance_automated_backups_replication.Rd:12): Warning: missing </ul> before </div> rds_switchover_blue_green_deployment.html:68:1 (rds_switchover_blue_green_deployment.Rd:25): Warning: missing </ul> before </div> rds_switchover_global_cluster.html:69:1 (rds_switchover_global_cluster.Rd:26): Warning: missing </ul> before </div> rds_switchover_read_replica.html:59:1 (rds_switchover_read_replica.Rd:18): Warning: missing </ul> before </div> rdsdataservice_batch_execute_statement.html:110:1 (rdsdataservice_batch_execute_statement.Rd:55): Warning: missing </ul> before </div> rdsdataservice_begin_transaction.html:65:1 (rdsdataservice_begin_transaction.Rd:21): Warning: missing </ul> before </div> rdsdataservice_commit_transaction.html:57:1 (rdsdataservice_commit_transaction.Rd:15): Warning: missing </ul> before </div> rdsdataservice_execute_sql.html:78:1 (rdsdataservice_execute_sql.Rd:32): Warning: missing </ul> before </div> rdsdataservice_execute_statement.html:127:1 (rdsdataservice_execute_statement.Rd:69): Warning: missing </ul> before </div> rdsdataservice_rollback_transaction.html:56:1 (rdsdataservice_rollback_transaction.Rd:14): Warning: missing </ul> before </div> redshift_accept_reserved_node_exchange.html:60:1 (redshift_accept_reserved_node_exchange.Rd:20): Warning: missing </ul> before </div> redshift_add_partner.html:61:1 (redshift_add_partner.Rd:17): Warning: missing </ul> before </div> redshift_associate_data_share_consumer.html:77:1 (redshift_associate_data_share_consumer.Rd:31): Warning: missing </ul> before </div> redshift_authorize_cluster_security_group_ingress.html:69:1 (redshift_authorize_cluster_security_group_ingress.Rd:25): Warning: missing </ul> before </div> redshift_authorize_data_share.html:64:1 (redshift_authorize_data_share.Rd:22): Warning: missing </ul> before </div> redshift_authorize_endpoint_access.html:60:1 (redshift_authorize_endpoint_access.Rd:18): Warning: missing </ul> before </div> redshift_authorize_snapshot_access.html:84:1 (redshift_authorize_snapshot_access.Rd:35): Warning: missing </ul> before </div> redshift_batch_delete_cluster_snapshots.html:48:1 (redshift_batch_delete_cluster_snapshots.Rd:10): Warning: missing </ul> before </div> redshift_batch_modify_cluster_snapshots.html:69:1 (redshift_batch_modify_cluster_snapshots.Rd:27): Warning: missing </ul> before </div> redshift_cancel_resize.html:49:1 (redshift_cancel_resize.Rd:11): Warning: missing </ul> before </div> redshift_copy_cluster_snapshot.html:112:1 (redshift_copy_cluster_snapshot.Rd:51): Warning: missing </ul> before </div> redshift_create_authentication_profile.html:56:1 (redshift_create_authentication_profile.Rd:16): Warning: missing </ul> before </div> redshift_create_cluster.html:512:1 (redshift_create_cluster.Rd:341): Warning: missing </ul> before </div> redshift_create_cluster_parameter_group.html:94:1 (redshift_create_cluster_parameter_group.Rd:41): Warning: missing </ul> before </div> redshift_create_cluster_security_group.html:78:1 (redshift_create_cluster_security_group.Rd:29): Warning: missing </ul> before </div> redshift_create_cluster_snapshot.html:91:1 (redshift_create_cluster_snapshot.Rd:38): Warning: missing </ul> before </div> redshift_create_cluster_subnet_group.html:84:1 (redshift_create_cluster_subnet_group.Rd:33): Warning: missing </ul> before </div> redshift_create_custom_domain_association.html:61:1 (redshift_create_custom_domain_association.Rd:19): Warning: missing </ul> before </div> redshift_create_endpoint_access.html:77:1 (redshift_create_endpoint_access.Rd:31): Warning: missing </ul> before </div> redshift_create_event_subscription.html:126:1 (redshift_create_event_subscription.Rd:65): Warning: missing </ul> before </div> redshift_create_hsm_client_certificate.html:59:1 (redshift_create_hsm_client_certificate.Rd:19): Warning: missing </ul> before </div> redshift_create_hsm_configuration.html:86:1 (redshift_create_hsm_configuration.Rd:36): Warning: missing </ul> before </div> redshift_create_integration.html:91:1 (redshift_create_integration.Rd:41): Warning: missing </ul> before </div> redshift_create_redshift_idc_application.html:88:1 (redshift_create_redshift_idc_application.Rd:38): Warning: missing </ul> before </div> redshift_create_scheduled_action.html:96:1 (redshift_create_scheduled_action.Rd:44): Warning: missing </ul> before </div> redshift_create_snapshot_copy_grant.html:86:1 (redshift_create_snapshot_copy_grant.Rd:33): Warning: missing </ul> before </div> redshift_create_snapshot_schedule.html:76:1 (redshift_create_snapshot_schedule.Rd:30): Warning: missing </ul> before </div> redshift_create_tags.html:58:1 (redshift_create_tags.Rd:18): Warning: missing </ul> before </div> redshift_create_usage_limit.html:90:1 (redshift_create_usage_limit.Rd:40): Warning: missing </ul> before </div> redshift_deauthorize_data_share.html:56:1 (redshift_deauthorize_data_share.Rd:16): Warning: missing </ul> before </div> redshift_delete_authentication_profile.html:48:1 (redshift_delete_authentication_profile.Rd:10): Warning: missing </ul> before </div> redshift_delete_cluster.html:112:1 (redshift_delete_cluster.Rd:52): Warning: missing </ul> before </div> redshift_delete_cluster_parameter_group.html:59:1 (redshift_delete_cluster_parameter_group.Rd:16): Warning: missing </ul> before </div> redshift_delete_cluster_security_group.html:48:1 (redshift_delete_cluster_security_group.Rd:10): Warning: missing </ul> before </div> redshift_delete_cluster_snapshot.html:63:1 (redshift_delete_cluster_snapshot.Rd:23): Warning: missing </ul> before </div> redshift_delete_cluster_subnet_group.html:48:1 (redshift_delete_cluster_subnet_group.Rd:10): Warning: missing </ul> before </div> redshift_delete_custom_domain_association.html:53:1 (redshift_delete_custom_domain_association.Rd:13): Warning: missing </ul> before </div> redshift_delete_endpoint_access.html:48:1 (redshift_delete_endpoint_access.Rd:10): Warning: missing </ul> before </div> redshift_delete_event_subscription.html:49:1 (redshift_delete_event_subscription.Rd:11): Warning: missing </ul> before </div> redshift_delete_hsm_client_certificate.html:48:1 (redshift_delete_hsm_client_certificate.Rd:10): Warning: missing </ul> before </div> redshift_delete_hsm_configuration.html:48:1 (redshift_delete_hsm_configuration.Rd:10): Warning: missing </ul> before </div> redshift_delete_integration.html:49:1 (redshift_delete_integration.Rd:11): Warning: missing </ul> before </div> redshift_delete_partner.html:66:1 (redshift_delete_partner.Rd:22): Warning: missing </ul> before </div> redshift_delete_redshift_idc_application.html:48:1 (redshift_delete_redshift_idc_application.Rd:10): Warning: missing </ul> before </div> redshift_delete_resource_policy.html:49:1 (redshift_delete_resource_policy.Rd:11): Warning: missing </ul> before </div> redshift_delete_scheduled_action.html:48:1 (redshift_delete_scheduled_action.Rd:10): Warning: missing </ul> before </div> redshift_delete_snapshot_copy_grant.html:48:1 (redshift_delete_snapshot_copy_grant.Rd:10): Warning: missing </ul> before </div> redshift_delete_snapshot_schedule.html:48:1 (redshift_delete_snapshot_schedule.Rd:10): Warning: missing </ul> before </div> redshift_delete_tags.html:53:1 (redshift_delete_tags.Rd:13): Warning: missing </ul> before </div> redshift_delete_usage_limit.html:48:1 (redshift_delete_usage_limit.Rd:10): Warning: missing </ul> before </div> redshift_deregister_namespace.html:55:1 (redshift_deregister_namespace.Rd:15): Warning: missing </ul> before </div> redshift_describe_account_attributes.html:48:1 (redshift_describe_account_attributes.Rd:10): Warning: missing </ul> before </div> redshift_describe_authentication_profiles.html:49:1 (redshift_describe_authentication_profiles.Rd:11): Warning: missing </ul> before </div> redshift_describe_cluster_db_revisions.html:79:1 (redshift_describe_cluster_db_revisions.Rd:37): Warning: missing </ul> before </div> redshift_describe_cluster_parameter_groups.html:99:1 (redshift_describe_cluster_parameter_groups.Rd:53): Warning: missing </ul> before </div> redshift_describe_cluster_parameters.html:86:1 (redshift_describe_cluster_parameters.Rd:42): Warning: missing </ul> before </div> redshift_describe_cluster_security_groups.html:102:1 (redshift_describe_cluster_security_groups.Rd:56): Warning: missing </ul> before </div> redshift_describe_cluster_snapshots.html:174:1 (redshift_describe_cluster_snapshots.Rd:104): Warning: missing </ul> before </div> redshift_describe_cluster_subnet_groups.html:96:1 (redshift_describe_cluster_subnet_groups.Rd:50): Warning: missing </ul> before </div> redshift_describe_cluster_tracks.html:66:1 (redshift_describe_cluster_tracks.Rd:24): Warning: missing </ul> before </div> redshift_describe_cluster_versions.html:96:1 (redshift_describe_cluster_versions.Rd:45): Warning: missing </ul> before </div> redshift_describe_clusters.html:102:1 (redshift_describe_clusters.Rd:56): Warning: missing </ul> before </div> redshift_describe_custom_domain_associations.html:66:1 (redshift_describe_custom_domain_associations.Rd:22): Warning: missing </ul> before </div> redshift_describe_data_shares.html:71:1 (redshift_describe_data_shares.Rd:29): Warning: missing </ul> before </div> redshift_describe_data_shares_for_consumer.html:79:1 (redshift_describe_data_shares_for_consumer.Rd:35): Warning: missing </ul> before </div> redshift_describe_data_shares_for_producer.html:79:1 (redshift_describe_data_shares_for_producer.Rd:35): Warning: missing </ul> before </div> redshift_describe_default_cluster_parameters.html:75:1 (redshift_describe_default_cluster_parameters.Rd:33): Warning: missing </ul> before </div> redshift_describe_endpoint_access.html:82:1 (redshift_describe_endpoint_access.Rd:34): Warning: missing </ul> before </div> redshift_describe_endpoint_authorization.html:82:1 (redshift_describe_endpoint_authorization.Rd:36): Warning: missing </ul> before </div> redshift_describe_event_categories.html:53:1 (redshift_describe_event_categories.Rd:15): Warning: missing </ul> before </div> redshift_describe_event_subscriptions.html:97:1 (redshift_describe_event_subscriptions.Rd:51): Warning: missing </ul> before </div> redshift_describe_events.html:153:1 (redshift_describe_events.Rd:85): Warning: missing </ul> before </div> redshift_describe_hsm_client_certificates.html:98:1 (redshift_describe_hsm_client_certificates.Rd:52): Warning: missing </ul> before </div> redshift_describe_hsm_configurations.html:99:1 (redshift_describe_hsm_configurations.Rd:53): Warning: missing </ul> before </div> redshift_describe_inbound_integrations.html:79:1 (redshift_describe_inbound_integrations.Rd:35): Warning: missing </ul> before </div> redshift_describe_integrations.html:77:1 (redshift_describe_integrations.Rd:33): Warning: missing </ul> before </div> redshift_describe_logging_status.html:51:1 (redshift_describe_logging_status.Rd:13): Warning: missing </ul> before </div> redshift_describe_node_configuration_options.html:110:1 (redshift_describe_node_configuration_options.Rd:58): Warning: missing </ul> before </div> redshift_describe_orderable_cluster_options.html:86:1 (redshift_describe_orderable_cluster_options.Rd:42): Warning: missing </ul> before </div> redshift_describe_partners.html:69:1 (redshift_describe_partners.Rd:25): Warning: missing </ul> before </div> redshift_describe_redshift_idc_applications.html:70:1 (redshift_describe_redshift_idc_applications.Rd:28): Warning: missing </ul> before </div> redshift_describe_reserved_node_exchange_status.html:77:1 (redshift_describe_reserved_node_exchange_status.Rd:33): Warning: missing </ul> before </div> redshift_describe_reserved_node_offerings.html:77:1 (redshift_describe_reserved_node_offerings.Rd:35): Warning: missing </ul> before </div> redshift_describe_reserved_nodes.html:74:1 (redshift_describe_reserved_nodes.Rd:32): Warning: missing </ul> before </div> redshift_describe_resize.html:53:1 (redshift_describe_resize.Rd:15): Warning: missing </ul> before </div> redshift_describe_scheduled_actions.html:102:1 (redshift_describe_scheduled_actions.Rd:50): Warning: missing </ul> before </div> redshift_describe_snapshot_copy_grants.html:97:1 (redshift_describe_snapshot_copy_grants.Rd:51): Warning: missing </ul> before </div> redshift_describe_snapshot_schedules.html:85:1 (redshift_describe_snapshot_schedules.Rd:37): Warning: missing </ul> before </div> redshift_describe_table_restore_status.html:76:1 (redshift_describe_table_restore_status.Rd:32): Warning: missing </ul> before </div> redshift_describe_tags.html:140:1 (redshift_describe_tags.Rd:69): Warning: missing </ul> before </div> redshift_describe_usage_limits.html:106:1 (redshift_describe_usage_limits.Rd:56): Warning: missing </ul> before </div> redshift_disable_logging.html:51:1 (redshift_disable_logging.Rd:13): Warning: missing </ul> before </div> redshift_disable_snapshot_copy.html:53:1 (redshift_disable_snapshot_copy.Rd:15): Warning: missing </ul> before </div> redshift_disassociate_data_share_consumer.html:71:1 (redshift_disassociate_data_share_consumer.Rd:27): Warning: missing </ul> before </div> redshift_enable_logging.html:91:1 (redshift_enable_logging.Rd:40): Warning: missing </ul> before </div> redshift_enable_snapshot_copy.html:90:1 (redshift_enable_snapshot_copy.Rd:44): Warning: missing </ul> before </div> redshift_failover_primary_compute.html:50:1 (redshift_failover_primary_compute.Rd:12): Warning: missing </ul> before </div> redshift_get_cluster_credentials.html:171:1 (redshift_get_cluster_credentials.Rd:88): Warning: missing </ul> before </div> redshift_get_cluster_credentials_with_iam.html:72:1 (redshift_get_cluster_credentials_with_iam.Rd:28): Warning: missing </ul> before </div> redshift_get_reserved_node_exchange_configuration_options.html:83:1 (redshift_get_reserved_node_exchange_configuration_options.Rd:37): Warning: missing </ul> before </div> redshift_get_reserved_node_exchange_offerings.html:64:1 (redshift_get_reserved_node_exchange_offerings.Rd:22): Warning: missing </ul> before </div> redshift_get_resource_policy.html:49:1 (redshift_get_resource_policy.Rd:11): Warning: missing </ul> before </div> redshift_list_recommendations.html:82:1 (redshift_list_recommendations.Rd:38): Warning: missing </ul> before </div> redshift_modify_aqua_configuration.html:56:1 (redshift_modify_aqua_configuration.Rd:16): Warning: missing </ul> before </div> redshift_modify_authentication_profile.html:57:1 (redshift_modify_authentication_profile.Rd:17): Warning: missing </ul> before </div> redshift_modify_cluster.html:401:1 (redshift_modify_cluster.Rd:273): Warning: missing </ul> before </div> redshift_modify_cluster_db_revision.html:58:1 (redshift_modify_cluster_db_revision.Rd:18): Warning: missing </ul> before </div> redshift_modify_cluster_iam_roles.html:69:1 (redshift_modify_cluster_iam_roles.Rd:25): Warning: missing </ul> before </div> redshift_modify_cluster_maintenance.html:79:1 (redshift_modify_cluster_maintenance.Rd:31): Warning: missing </ul> before </div> redshift_modify_cluster_parameter_group.html:60:1 (redshift_modify_cluster_parameter_group.Rd:20): Warning: missing </ul> before </div> redshift_modify_cluster_snapshot.html:67:1 (redshift_modify_cluster_snapshot.Rd:25): Warning: missing </ul> before </div> redshift_modify_cluster_snapshot_schedule.html:63:1 (redshift_modify_cluster_snapshot_schedule.Rd:21): Warning: missing </ul> before </div> redshift_modify_cluster_subnet_group.html:62:1 (redshift_modify_cluster_subnet_group.Rd:20): Warning: missing </ul> before </div> redshift_modify_custom_domain_association.html:61:1 (redshift_modify_custom_domain_association.Rd:19): Warning: missing </ul> before </div> redshift_modify_endpoint_access.html:53:1 (redshift_modify_endpoint_access.Rd:13): Warning: missing </ul> before </div> redshift_modify_event_subscription.html:104:1 (redshift_modify_event_subscription.Rd:54): Warning: missing </ul> before </div> redshift_modify_integration.html:61:1 (redshift_modify_integration.Rd:19): Warning: missing </ul> before </div> redshift_modify_redshift_idc_application.html:82:1 (redshift_modify_redshift_idc_application.Rd:34): Warning: missing </ul> before </div> redshift_modify_scheduled_action.html:91:1 (redshift_modify_scheduled_action.Rd:39): Warning: missing </ul> before </div> redshift_modify_snapshot_copy_retention_period.html:91:1 (redshift_modify_snapshot_copy_retention_period.Rd:49): Warning: missing </ul> before </div> redshift_modify_snapshot_schedule.html:54:1 (redshift_modify_snapshot_schedule.Rd:14): Warning: missing </ul> before </div> redshift_modify_usage_limit.html:58:1 (redshift_modify_usage_limit.Rd:16): Warning: missing </ul> before </div> redshift_pause_cluster.html:48:1 (redshift_pause_cluster.Rd:10): Warning: missing </ul> before </div> redshift_purchase_reserved_node_offering.html:58:1 (redshift_purchase_reserved_node_offering.Rd:18): Warning: missing </ul> before </div> redshift_put_resource_policy.html:53:1 (redshift_put_resource_policy.Rd:13): Warning: missing </ul> before </div> redshift_reboot_cluster.html:48:1 (redshift_reboot_cluster.Rd:10): Warning: missing </ul> before </div> redshift_register_namespace.html:55:1 (redshift_register_namespace.Rd:15): Warning: missing </ul> before </div> redshift_reject_data_share.html:48:1 (redshift_reject_data_share.Rd:10): Warning: missing </ul> before </div> redshift_reset_cluster_parameter_group.html:69:1 (redshift_reset_cluster_parameter_group.Rd:27): Warning: missing </ul> before </div> redshift_resize_cluster.html:84:1 (redshift_resize_cluster.Rd:34): Warning: missing </ul> before </div> redshift_restore_from_cluster_snapshot.html:383:1 (redshift_restore_from_cluster_snapshot.Rd:255): Warning: missing </ul> before </div> redshift_restore_table_from_cluster_snapshot.html:96:1 (redshift_restore_table_from_cluster_snapshot.Rd:42): Warning: missing </ul> before </div> redshift_resume_cluster.html:48:1 (redshift_resume_cluster.Rd:10): Warning: missing </ul> before </div> redshift_revoke_cluster_security_group_ingress.html:77:1 (redshift_revoke_cluster_security_group_ingress.Rd:33): Warning: missing </ul> before </div> redshift_revoke_endpoint_access.html:68:1 (redshift_revoke_endpoint_access.Rd:24): Warning: missing </ul> before </div> redshift_revoke_snapshot_access.html:71:1 (redshift_revoke_snapshot_access.Rd:27): Warning: missing </ul> before </div> redshift_rotate_encryption_key.html:52:1 (redshift_rotate_encryption_key.Rd:14): Warning: missing </ul> before </div> redshift_update_partner_status.html:77:1 (redshift_update_partner_status.Rd:29): Warning: missing </ul> before </div> redshiftdataapiservice_batch_execute_statement.html:122:1 (redshiftdataapiservice_batch_execute_statement.Rd:63): Warning: missing </ul> before </div> redshiftdataapiservice_cancel_statement.html:52:1 (redshiftdataapiservice_cancel_statement.Rd:14): Warning: missing </ul> before </div> redshiftdataapiservice_describe_statement.html:56:1 (redshiftdataapiservice_describe_statement.Rd:18): Warning: missing </ul> before </div> redshiftdataapiservice_describe_table.html:116:1 (redshiftdataapiservice_describe_table.Rd:60): Warning: missing </ul> before </div> redshiftdataapiservice_execute_statement.html:125:1 (redshiftdataapiservice_execute_statement.Rd:63): Warning: missing </ul> before </div> redshiftdataapiservice_get_statement_result.html:63:1 (redshiftdataapiservice_get_statement_result.Rd:23): Warning: missing </ul> before </div> redshiftdataapiservice_get_statement_result_v2.html:63:1 (redshiftdataapiservice_get_statement_result_v2.Rd:23): Warning: missing </ul> before </div> redshiftdataapiservice_list_databases.html:95:1 (redshiftdataapiservice_list_databases.Rd:45): Warning: missing </ul> before </div> redshiftdataapiservice_list_schemas.html:110:1 (redshiftdataapiservice_list_schemas.Rd:56): Warning: missing </ul> before </div> redshiftdataapiservice_list_statements.html:113:1 (redshiftdataapiservice_list_statements.Rd:52): Warning: missing </ul> before </div> redshiftdataapiservice_list_tables.html:122:1 (redshiftdataapiservice_list_tables.Rd:66): Warning: missing </ul> before </div> redshiftserverless_convert_recovery_point_to_snapshot.html:66:1 (redshiftserverless_convert_recovery_point_to_snapshot.Rd:22): Warning: missing </ul> before </div> redshiftserverless_create_custom_domain_association.html:60:1 (redshiftserverless_create_custom_domain_association.Rd:18): Warning: missing </ul> before </div> redshiftserverless_create_endpoint_access.html:77:1 (redshiftserverless_create_endpoint_access.Rd:31): Warning: missing </ul> before </div> redshiftserverless_create_namespace.html:119:1 (redshiftserverless_create_namespace.Rd:59): Warning: missing </ul> before </div> redshiftserverless_create_scheduled_action.html:117:1 (redshiftserverless_create_scheduled_action.Rd:58): Warning: missing </ul> before </div> redshiftserverless_create_snapshot.html:66:1 (redshiftserverless_create_snapshot.Rd:22): Warning: missing </ul> before </div> redshiftserverless_create_snapshot_copy_configuration.html:69:1 (redshiftserverless_create_snapshot_copy_configuration.Rd:25): Warning: missing </ul> before </div> redshiftserverless_create_usage_limit.html:78:1 (redshiftserverless_create_usage_limit.Rd:32): Warning: missing </ul> before </div> redshiftserverless_create_workgroup.html:123:1 (redshiftserverless_create_workgroup.Rd:61): Warning: missing </ul> before </div> redshiftserverless_delete_custom_domain_association.html:55:1 (redshiftserverless_delete_custom_domain_association.Rd:15): Warning: missing </ul> before </div> redshiftserverless_delete_endpoint_access.html:48:1 (redshiftserverless_delete_endpoint_access.Rd:10): Warning: missing </ul> before </div> redshiftserverless_delete_namespace.html:60:1 (redshiftserverless_delete_namespace.Rd:18): Warning: missing </ul> before </div> redshiftserverless_delete_resource_policy.html:48:1 (redshiftserverless_delete_resource_policy.Rd:10): Warning: missing </ul> before </div> redshiftserverless_delete_scheduled_action.html:48:1 (redshiftserverless_delete_scheduled_action.Rd:10): Warning: missing </ul> before </div> redshiftserverless_delete_snapshot.html:48:1 (redshiftserverless_delete_snapshot.Rd:10): Warning: missing </ul> before </div> redshiftserverless_delete_snapshot_copy_configuration.html:50:1 (redshiftserverless_delete_snapshot_copy_configuration.Rd:12): Warning: missing </ul> before </div> redshiftserverless_delete_usage_limit.html:48:1 (redshiftserverless_delete_usage_limit.Rd:10): Warning: missing </ul> before </div> redshiftserverless_delete_workgroup.html:48:1 (redshiftserverless_delete_workgroup.Rd:10): Warning: missing </ul> before </div> redshiftserverless_get_credentials.html:91:1 (redshiftserverless_get_credentials.Rd:36): Warning: missing </ul> before </div> redshiftserverless_get_custom_domain_association.html:55:1 (redshiftserverless_get_custom_domain_association.Rd:15): Warning: missing </ul> before </div> redshiftserverless_get_endpoint_access.html:48:1 (redshiftserverless_get_endpoint_access.Rd:10): Warning: missing </ul> before </div> redshiftserverless_get_namespace.html:48:1 (redshiftserverless_get_namespace.Rd:10): Warning: missing </ul> before </div> redshiftserverless_get_recovery_point.html:48:1 (redshiftserverless_get_recovery_point.Rd:10): Warning: missing </ul> before </div> redshiftserverless_get_resource_policy.html:48:1 (redshiftserverless_get_resource_policy.Rd:10): Warning: missing </ul> before </div> redshiftserverless_get_scheduled_action.html:48:1 (redshiftserverless_get_scheduled_action.Rd:10): Warning: missing </ul> before </div> redshiftserverless_get_snapshot.html:61:1 (redshiftserverless_get_snapshot.Rd:19): Warning: missing </ul> before </div> redshiftserverless_get_table_restore_status.html:50:1 (redshiftserverless_get_table_restore_status.Rd:12): Warning: missing </ul> before </div> redshiftserverless_get_usage_limit.html:48:1 (redshiftserverless_get_usage_limit.Rd:10): Warning: missing </ul> before </div> redshiftserverless_get_workgroup.html:48:1 (redshiftserverless_get_workgroup.Rd:10): Warning: missing </ul> before </div> redshiftserverless_list_custom_domain_associations.html:68:1 (redshiftserverless_list_custom_domain_associations.Rd:24): Warning: missing </ul> before </div> redshiftserverless_list_endpoint_access.html:78:1 (redshiftserverless_list_endpoint_access.Rd:32): Warning: missing </ul> before </div> redshiftserverless_list_managed_workgroups.html:65:1 (redshiftserverless_list_managed_workgroups.Rd:23): Warning: missing </ul> before </div> redshiftserverless_list_namespaces.html:57:1 (redshiftserverless_list_namespaces.Rd:17): Warning: missing </ul> before </div> redshiftserverless_list_recovery_points.html:82:1 (redshiftserverless_list_recovery_points.Rd:34): Warning: missing </ul> before </div> redshiftserverless_list_scheduled_actions.html:63:1 (redshiftserverless_list_scheduled_actions.Rd:21): Warning: missing </ul> before </div> redshiftserverless_list_snapshot_copy_configurations.html:63:1 (redshiftserverless_list_snapshot_copy_configurations.Rd:21): Warning: missing </ul> before </div> redshiftserverless_list_snapshots.html:84:1 (redshiftserverless_list_snapshots.Rd:34): Warning: missing </ul> before </div> redshiftserverless_list_table_restore_status.html:75:1 (redshiftserverless_list_table_restore_status.Rd:31): Warning: missing </ul> before </div> redshiftserverless_list_tags_for_resource.html:48:1 (redshiftserverless_list_tags_for_resource.Rd:10): Warning: missing </ul> before </div> redshiftserverless_list_usage_limits.html:72:1 (redshiftserverless_list_usage_limits.Rd:28): Warning: missing </ul> before </div> redshiftserverless_list_workgroups.html:64:1 (redshiftserverless_list_workgroups.Rd:22): Warning: missing </ul> before </div> redshiftserverless_put_resource_policy.html:56:1 (redshiftserverless_put_resource_policy.Rd:16): Warning: missing </ul> before </div> redshiftserverless_restore_from_recovery_point.html:60:1 (redshiftserverless_restore_from_recovery_point.Rd:18): Warning: missing </ul> before </div> redshiftserverless_restore_from_snapshot.html:90:1 (redshiftserverless_restore_from_snapshot.Rd:40): Warning: missing </ul> before </div> redshiftserverless_restore_table_from_recovery_point.html:98:1 (redshiftserverless_restore_table_from_recovery_point.Rd:42): Warning: missing </ul> before </div> redshiftserverless_restore_table_from_snapshot.html:98:1 (redshiftserverless_restore_table_from_snapshot.Rd:42): Warning: missing </ul> before </div> redshiftserverless_tag_resource.html:52:1 (redshiftserverless_tag_resource.Rd:12): Warning: missing </ul> before </div> redshiftserverless_untag_resource.html:52:1 (redshiftserverless_untag_resource.Rd:12): Warning: missing </ul> before </div> redshiftserverless_update_custom_domain_association.html:62:1 (redshiftserverless_update_custom_domain_association.Rd:20): Warning: missing </ul> before </div> redshiftserverless_update_endpoint_access.html:56:1 (redshiftserverless_update_endpoint_access.Rd:16): Warning: missing </ul> before </div> redshiftserverless_update_namespace.html:106:1 (redshiftserverless_update_namespace.Rd:52): Warning: missing </ul> before </div> redshiftserverless_update_scheduled_action.html:106:1 (redshiftserverless_update_scheduled_action.Rd:50): Warning: missing </ul> before </div> redshiftserverless_update_snapshot.html:52:1 (redshiftserverless_update_snapshot.Rd:12): Warning: missing </ul> before </div> redshiftserverless_update_snapshot_copy_configuration.html:56:1 (redshiftserverless_update_snapshot_copy_configuration.Rd:16): Warning: missing </ul> before </div> redshiftserverless_update_usage_limit.html:64:1 (redshiftserverless_update_usage_limit.Rd:22): Warning: missing </ul> before </div> redshiftserverless_update_workgroup.html:114:1 (redshiftserverless_update_workgroup.Rd:56): Warning: missing </ul> before </div> simpledb_batch_delete_attributes.html:53:1 (simpledb_batch_delete_attributes.Rd:13): Warning: missing </ul> before </div> simpledb_batch_put_attributes.html:53:1 (simpledb_batch_put_attributes.Rd:13): Warning: missing </ul> before </div> simpledb_create_domain.html:50:1 (simpledb_create_domain.Rd:12): Warning: missing </ul> before </div> simpledb_delete_attributes.html:70:1 (simpledb_delete_attributes.Rd:26): Warning: missing </ul> before </div> simpledb_delete_domain.html:48:1 (simpledb_delete_domain.Rd:10): Warning: missing </ul> before </div> simpledb_domain_metadata.html:50:1 (simpledb_domain_metadata.Rd:12): Warning: missing </ul> before </div> simpledb_get_attributes.html:69:1 (simpledb_get_attributes.Rd:25): Warning: missing </ul> before </div> simpledb_list_domains.html:55:1 (simpledb_list_domains.Rd:15): Warning: missing </ul> before </div> simpledb_put_attributes.html:63:1 (simpledb_put_attributes.Rd:19): Warning: missing </ul> before </div> simpledb_select.html:62:1 (simpledb_select.Rd:20): Warning: missing </ul> before </div> timestreamquery_cancel_query.html:49:1 (timestreamquery_cancel_query.Rd:11): Warning: missing </ul> before </div> timestreamquery_create_scheduled_query.html:131:1 (timestreamquery_create_scheduled_query.Rd:70): Warning: missing </ul> before </div> timestreamquery_delete_scheduled_query.html:48:1 (timestreamquery_delete_scheduled_query.Rd:10): Warning: missing </ul> before </div> timestreamquery_describe_scheduled_query.html:48:1 (timestreamquery_describe_scheduled_query.Rd:10): Warning: missing </ul> before </div> timestreamquery_execute_scheduled_query.html:70:1 (timestreamquery_execute_scheduled_query.Rd:26): Warning: missing </ul> before </div> timestreamquery_list_scheduled_queries.html:57:1 (timestreamquery_list_scheduled_queries.Rd:17): Warning: missing </ul> before </div> timestreamquery_list_tags_for_resource.html:61:1 (timestreamquery_list_tags_for_resource.Rd:19): Warning: missing </ul> before </div> timestreamquery_prepare_query.html:57:1 (timestreamquery_prepare_query.Rd:17): Warning: missing </ul> before </div> timestreamquery_query.html:167:1 (timestreamquery_query.Rd:94): Warning: missing </ul> before </div> timestreamquery_tag_resource.html:53:1 (timestreamquery_tag_resource.Rd:13): Warning: missing </ul> before </div> timestreamquery_untag_resource.html:54:1 (timestreamquery_untag_resource.Rd:14): Warning: missing </ul> before </div> timestreamquery_update_account_settings.html:82:1 (timestreamquery_update_account_settings.Rd:40): Warning: missing </ul> before </div> timestreamquery_update_scheduled_query.html:52:1 (timestreamquery_update_scheduled_query.Rd:12): Warning: missing </ul> before </div> timestreamwrite_create_batch_load_task.html:78:1 (timestreamwrite_create_batch_load_task.Rd:31): Warning: missing </ul> before </div> timestreamwrite_create_database.html:58:1 (timestreamwrite_create_database.Rd:16): Warning: missing </ul> before </div> timestreamwrite_create_table.html:77:1 (timestreamwrite_create_table.Rd:29): Warning: missing </ul> before </div> timestreamwrite_delete_database.html:48:1 (timestreamwrite_delete_database.Rd:10): Warning: missing </ul> before </div> timestreamwrite_delete_table.html:52:1 (timestreamwrite_delete_table.Rd:12): Warning: missing </ul> before </div> timestreamwrite_describe_batch_load_task.html:49:1 (timestreamwrite_describe_batch_load_task.Rd:11): Warning: missing </ul> before </div> timestreamwrite_describe_database.html:50:1 (timestreamwrite_describe_database.Rd:12): Warning: missing </ul> before </div> timestreamwrite_describe_table.html:53:1 (timestreamwrite_describe_table.Rd:13): Warning: missing </ul> before </div> timestreamwrite_list_batch_load_tasks.html:65:1 (timestreamwrite_list_batch_load_tasks.Rd:23): Warning: missing </ul> before </div> timestreamwrite_list_databases.html:56:1 (timestreamwrite_list_databases.Rd:16): Warning: missing </ul> before </div> timestreamwrite_list_tables.html:65:1 (timestreamwrite_list_tables.Rd:23): Warning: missing </ul> before </div> timestreamwrite_list_tags_for_resource.html:49:1 (timestreamwrite_list_tags_for_resource.Rd:11): Warning: missing </ul> before </div> timestreamwrite_resume_batch_load_task.html:48:1 (timestreamwrite_resume_batch_load_task.Rd:10): Warning: missing </ul> before </div> timestreamwrite_tag_resource.html:53:1 (timestreamwrite_tag_resource.Rd:13): Warning: missing </ul> before </div> timestreamwrite_untag_resource.html:54:1 (timestreamwrite_untag_resource.Rd:14): Warning: missing </ul> before </div> timestreamwrite_update_database.html:73:1 (timestreamwrite_update_database.Rd:24): Warning: missing </ul> before </div> timestreamwrite_update_table.html:72:1 (timestreamwrite_update_table.Rd:26): Warning: missing </ul> before </div> timestreamwrite_write_records.html:72:1 (timestreamwrite_write_records.Rd:28): Warning: missing </ul> before </div> Flavor: r-devel-linux-x86_64-debian-gcc

Version: 0.9.0
Check: installed package size
Result: NOTE installed size is 5.7Mb sub-directories of 1Mb or more: R 3.1Mb help 2.5Mb Flavors: r-oldrel-macos-arm64, r-oldrel-macos-x86_64