CRAN Package Check Results for Package paws.networking

Last updated on 2025-10-21 09:48:40 CEST.

Flavor Version Tinstall Tcheck Ttotal Status Flags
r-devel-linux-x86_64-debian-clang 0.9.0 101.67 264.80 366.47 OK
r-devel-linux-x86_64-debian-gcc 0.9.0 57.08 181.81 238.89 NOTE
r-devel-linux-x86_64-fedora-clang 0.9.0 486.28 OK
r-devel-linux-x86_64-fedora-gcc 0.9.0 466.81 OK
r-devel-windows-x86_64 0.9.0 96.00 467.00 563.00 OK
r-patched-linux-x86_64 0.9.0 109.26 246.85 356.11 OK
r-release-linux-x86_64 0.9.0 78.99 247.65 326.64 OK
r-release-macos-arm64 0.9.0 142.00 OK
r-release-macos-x86_64 0.9.0 281.00 OK
r-release-windows-x86_64 0.9.0 98.00 465.00 563.00 OK
r-oldrel-macos-arm64 0.9.0 127.00 NOTE
r-oldrel-macos-x86_64 0.9.0 238.00 NOTE
r-oldrel-windows-x86_64 0.9.0 132.00 510.00 642.00 OK

Check Details

Version: 0.9.0
Check: HTML version of manual
Result: NOTE Found the following HTML validation problems: apigateway_create_api_key.html:91:1 (apigateway_create_api_key.Rd:39): Warning: missing </ul> before </div> apigateway_create_authorizer.html:144:1 (apigateway_create_authorizer.Rd:88): Warning: missing </ul> before </div> apigateway_create_base_path_mapping.html:76:1 (apigateway_create_base_path_mapping.Rd:30): Warning: missing </ul> before </div> apigateway_create_deployment.html:97:1 (apigateway_create_deployment.Rd:43): Warning: missing </ul> before </div> apigateway_create_documentation_part.html:59:1 (apigateway_create_documentation_part.Rd:17): Warning: missing </ul> before </div> apigateway_create_documentation_version.html:65:1 (apigateway_create_documentation_version.Rd:21): Warning: missing </ul> before </div> apigateway_create_domain_name.html:138:1 (apigateway_create_domain_name.Rd:75): Warning: missing </ul> before </div> apigateway_create_domain_name_access_association.html:69:1 (apigateway_create_domain_name_access_association.Rd:25): Warning: missing </ul> before </div> apigateway_create_model.html:71:1 (apigateway_create_model.Rd:25): Warning: missing </ul> before </div> apigateway_create_request_validator.html:67:1 (apigateway_create_request_validator.Rd:23): Warning: missing </ul> before </div> apigateway_create_resource.html:56:1 (apigateway_create_resource.Rd:14): Warning: missing </ul> before </div> apigateway_create_rest_api.html:117:1 (apigateway_create_rest_api.Rd:59): Warning: missing </ul> before </div> apigateway_create_stage.html:108:1 (apigateway_create_stage.Rd:50): Warning: missing </ul> before </div> apigateway_create_usage_plan.html:78:1 (apigateway_create_usage_plan.Rd:30): Warning: missing </ul> before </div> apigateway_create_usage_plan_key.html:57:1 (apigateway_create_usage_plan_key.Rd:15): Warning: missing </ul> before </div> apigateway_create_vpc_link.html:66:1 (apigateway_create_vpc_link.Rd:22): Warning: missing </ul> before </div> apigateway_delete_api_key.html:48:1 (apigateway_delete_api_key.Rd:10): Warning: missing </ul> before </div> apigateway_delete_authorizer.html:52:1 (apigateway_delete_authorizer.Rd:12): Warning: missing </ul> before </div> apigateway_delete_base_path_mapping.html:59:1 (apigateway_delete_base_path_mapping.Rd:17): Warning: missing </ul> before </div> apigateway_delete_client_certificate.html:48:1 (apigateway_delete_client_certificate.Rd:10): Warning: missing </ul> before </div> apigateway_delete_deployment.html:52:1 (apigateway_delete_deployment.Rd:12): Warning: missing </ul> before </div> apigateway_delete_documentation_part.html:52:1 (apigateway_delete_documentation_part.Rd:12): Warning: missing </ul> before </div> apigateway_delete_documentation_version.html:52:1 (apigateway_delete_documentation_version.Rd:12): Warning: missing </ul> before </div> apigateway_delete_domain_name.html:53:1 (apigateway_delete_domain_name.Rd:13): Warning: missing </ul> before </div> apigateway_delete_domain_name_access_association.html:50:1 (apigateway_delete_domain_name_access_association.Rd:12): Warning: missing </ul> before </div> apigateway_delete_gateway_response.html:53:1 (apigateway_delete_gateway_response.Rd:13): Warning: missing </ul> before </div> apigateway_delete_integration.html:56:1 (apigateway_delete_integration.Rd:14): Warning: missing </ul> before </div> apigateway_delete_integration_response.html:65:1 (apigateway_delete_integration_response.Rd:21): Warning: missing </ul> before </div> apigateway_delete_method.html:56:1 (apigateway_delete_method.Rd:14): Warning: missing </ul> before </div> apigateway_delete_method_response.html:65:1 (apigateway_delete_method_response.Rd:21): Warning: missing </ul> before </div> apigateway_delete_model.html:52:1 (apigateway_delete_model.Rd:12): Warning: missing </ul> before </div> apigateway_delete_request_validator.html:52:1 (apigateway_delete_request_validator.Rd:12): Warning: missing </ul> before </div> apigateway_delete_resource.html:52:1 (apigateway_delete_resource.Rd:12): Warning: missing </ul> before </div> apigateway_delete_rest_api.html:48:1 (apigateway_delete_rest_api.Rd:10): Warning: missing </ul> before </div> apigateway_delete_stage.html:52:1 (apigateway_delete_stage.Rd:12): Warning: missing </ul> before </div> apigateway_delete_usage_plan.html:48:1 (apigateway_delete_usage_plan.Rd:10): Warning: missing </ul> before </div> apigateway_delete_usage_plan_key.html:54:1 (apigateway_delete_usage_plan_key.Rd:14): Warning: missing </ul> before </div> apigateway_delete_vpc_link.html:49:1 (apigateway_delete_vpc_link.Rd:11): Warning: missing </ul> before </div> apigateway_flush_stage_authorizers_cache.html:52:1 (apigateway_flush_stage_authorizers_cache.Rd:12): Warning: missing </ul> before </div> apigateway_flush_stage_cache.html:52:1 (apigateway_flush_stage_cache.Rd:12): Warning: missing </ul> before </div> apigateway_generate_client_certificate.html:54:1 (apigateway_generate_client_certificate.Rd:14): Warning: missing </ul> before </div> apigateway_get_api_key.html:53:1 (apigateway_get_api_key.Rd:13): Warning: missing </ul> before </div> apigateway_get_api_keys.html:73:1 (apigateway_get_api_keys.Rd:27): Warning: missing </ul> before </div> apigateway_get_authorizer.html:52:1 (apigateway_get_authorizer.Rd:12): Warning: missing </ul> before </div> apigateway_get_authorizers.html:57:1 (apigateway_get_authorizers.Rd:15): Warning: missing </ul> before </div> apigateway_get_base_path_mapping.html:60:1 (apigateway_get_base_path_mapping.Rd:18): Warning: missing </ul> before </div> apigateway_get_base_path_mappings.html:67:1 (apigateway_get_base_path_mappings.Rd:23): Warning: missing </ul> before </div> apigateway_get_client_certificate.html:48:1 (apigateway_get_client_certificate.Rd:10): Warning: missing </ul> before </div> apigateway_get_client_certificates.html:53:1 (apigateway_get_client_certificates.Rd:13): Warning: missing </ul> before </div> apigateway_get_deployment.html:65:1 (apigateway_get_deployment.Rd:23): Warning: missing </ul> before </div> apigateway_get_deployments.html:57:1 (apigateway_get_deployments.Rd:15): Warning: missing </ul> before </div> apigateway_get_documentation_part.html:52:1 (apigateway_get_documentation_part.Rd:12): Warning: missing </ul> before </div> apigateway_get_documentation_parts.html:83:1 (apigateway_get_documentation_parts.Rd:33): Warning: missing </ul> before </div> apigateway_get_documentation_version.html:52:1 (apigateway_get_documentation_version.Rd:12): Warning: missing </ul> before </div> apigateway_get_documentation_versions.html:57:1 (apigateway_get_documentation_versions.Rd:15): Warning: missing </ul> before </div> apigateway_get_domain_name.html:54:1 (apigateway_get_domain_name.Rd:14): Warning: missing </ul> before </div> apigateway_get_domain_name_access_associations.html:64:1 (apigateway_get_domain_name_access_associations.Rd:22): Warning: missing </ul> before </div> apigateway_get_domain_names.html:61:1 (apigateway_get_domain_names.Rd:19): Warning: missing </ul> before </div> apigateway_get_export.html:81:1 (apigateway_get_export.Rd:35): Warning: missing </ul> before </div> apigateway_get_gateway_response.html:52:1 (apigateway_get_gateway_response.Rd:12): Warning: missing </ul> before </div> apigateway_get_gateway_responses.html:60:1 (apigateway_get_gateway_responses.Rd:18): Warning: missing </ul> before </div> apigateway_get_integration.html:56:1 (apigateway_get_integration.Rd:14): Warning: missing </ul> before </div> apigateway_get_integration_response.html:65:1 (apigateway_get_integration_response.Rd:21): Warning: missing </ul> before </div> apigateway_get_method.html:56:1 (apigateway_get_method.Rd:14): Warning: missing </ul> before </div> apigateway_get_method_response.html:60:1 (apigateway_get_method_response.Rd:16): Warning: missing </ul> before </div> apigateway_get_model.html:58:1 (apigateway_get_model.Rd:16): Warning: missing </ul> before </div> apigateway_get_model_template.html:53:1 (apigateway_get_model_template.Rd:13): Warning: missing </ul> before </div> apigateway_get_models.html:57:1 (apigateway_get_models.Rd:15): Warning: missing </ul> before </div> apigateway_get_request_validator.html:52:1 (apigateway_get_request_validator.Rd:12): Warning: missing </ul> before </div> apigateway_get_request_validators.html:57:1 (apigateway_get_request_validators.Rd:15): Warning: missing </ul> before </div> apigateway_get_resource.html:62:1 (apigateway_get_resource.Rd:20): Warning: missing </ul> before </div> apigateway_get_resources.html:72:1 (apigateway_get_resources.Rd:28): Warning: missing </ul> before </div> apigateway_get_rest_api.html:48:1 (apigateway_get_rest_api.Rd:10): Warning: missing </ul> before </div> apigateway_get_rest_apis.html:53:1 (apigateway_get_rest_apis.Rd:13): Warning: missing </ul> before </div> apigateway_get_sdk.html:67:1 (apigateway_get_sdk.Rd:23): Warning: missing </ul> before </div> apigateway_get_sdk_type.html:48:1 (apigateway_get_sdk_type.Rd:10): Warning: missing </ul> before </div> apigateway_get_sdk_types.html:53:1 (apigateway_get_sdk_types.Rd:13): Warning: missing </ul> before </div> apigateway_get_stage.html:52:1 (apigateway_get_stage.Rd:12): Warning: missing </ul> before </div> apigateway_get_stages.html:52:1 (apigateway_get_stages.Rd:12): Warning: missing </ul> before </div> apigateway_get_tags.html:58:1 (apigateway_get_tags.Rd:16): Warning: missing </ul> before </div> apigateway_get_usage.html:76:1 (apigateway_get_usage.Rd:28): Warning: missing </ul> before </div> apigateway_get_usage_plan.html:48:1 (apigateway_get_usage_plan.Rd:10): Warning: missing </ul> before </div> apigateway_get_usage_plan_key.html:54:1 (apigateway_get_usage_plan_key.Rd:14): Warning: missing </ul> before </div> apigateway_get_usage_plan_keys.html:69:1 (apigateway_get_usage_plan_keys.Rd:25): Warning: missing </ul> before </div> apigateway_get_usage_plans.html:57:1 (apigateway_get_usage_plans.Rd:15): Warning: missing </ul> before </div> apigateway_get_vpc_link.html:49:1 (apigateway_get_vpc_link.Rd:11): Warning: missing </ul> before </div> apigateway_get_vpc_links.html:54:1 (apigateway_get_vpc_links.Rd:14): Warning: missing </ul> before </div> apigateway_import_api_keys.html:59:1 (apigateway_import_api_keys.Rd:17): Warning: missing </ul> before </div> apigateway_import_documentation_parts.html:70:1 (apigateway_import_documentation_parts.Rd:26): Warning: missing </ul> before </div> apigateway_import_rest_api.html:75:1 (apigateway_import_rest_api.Rd:33): Warning: missing </ul> before </div> apigateway_put_gateway_response.html:73:1 (apigateway_put_gateway_response.Rd:27): Warning: missing </ul> before </div> apigateway_put_integration.html:182:1 (apigateway_put_integration.Rd:113): Warning: missing </ul> before </div> apigateway_put_integration_response.html:102:1 (apigateway_put_integration_response.Rd:50): Warning: missing </ul> before </div> apigateway_put_method.html:124:1 (apigateway_put_method.Rd:66): Warning: missing </ul> before </div> apigateway_put_method_response.html:89:1 (apigateway_put_method_response.Rd:41): Warning: missing </ul> before </div> apigateway_put_rest_api.html:79:1 (apigateway_put_rest_api.Rd:33): Warning: missing </ul> before </div> apigateway_reject_domain_name_access_association.html:56:1 (apigateway_reject_domain_name_access_association.Rd:16): Warning: missing </ul> before </div> apigateway_tag_resource.html:54:1 (apigateway_tag_resource.Rd:14): Warning: missing </ul> before </div> apigateway_test_invoke_authorizer.html:93:1 (apigateway_test_invoke_authorizer.Rd:41): Warning: missing </ul> before </div> apigateway_test_invoke_method.html:97:1 (apigateway_test_invoke_method.Rd:43): Warning: missing </ul> before </div> apigateway_untag_resource.html:52:1 (apigateway_untag_resource.Rd:12): Warning: missing </ul> before </div> apigateway_update_account.html:48:1 (apigateway_update_account.Rd:10): Warning: missing </ul> before </div> apigateway_update_api_key.html:52:1 (apigateway_update_api_key.Rd:12): Warning: missing </ul> before </div> apigateway_update_authorizer.html:56:1 (apigateway_update_authorizer.Rd:14): Warning: missing </ul> before </div> apigateway_update_base_path_mapping.html:68:1 (apigateway_update_base_path_mapping.Rd:24): Warning: missing </ul> before </div> apigateway_update_client_certificate.html:55:1 (apigateway_update_client_certificate.Rd:15): Warning: missing </ul> before </div> apigateway_update_deployment.html:57:1 (apigateway_update_deployment.Rd:15): Warning: missing </ul> before </div> apigateway_update_documentation_part.html:60:1 (apigateway_update_documentation_part.Rd:18): Warning: missing </ul> before </div> apigateway_update_documentation_version.html:60:1 (apigateway_update_documentation_version.Rd:18): Warning: missing </ul> before </div> apigateway_update_domain_name.html:61:1 (apigateway_update_domain_name.Rd:19): Warning: missing </ul> before </div> apigateway_update_gateway_response.html:61:1 (apigateway_update_gateway_response.Rd:19): Warning: missing </ul> before </div> apigateway_update_integration.html:65:1 (apigateway_update_integration.Rd:21): Warning: missing </ul> before </div> apigateway_update_integration_response.html:70:1 (apigateway_update_integration_response.Rd:24): Warning: missing </ul> before </div> apigateway_update_method.html:65:1 (apigateway_update_method.Rd:21): Warning: missing </ul> before </div> apigateway_update_method_response.html:70:1 (apigateway_update_method_response.Rd:24): Warning: missing </ul> before </div> apigateway_update_model.html:56:1 (apigateway_update_model.Rd:14): Warning: missing </ul> before </div> apigateway_update_request_validator.html:60:1 (apigateway_update_request_validator.Rd:18): Warning: missing </ul> before </div> apigateway_update_resource.html:56:1 (apigateway_update_resource.Rd:14): Warning: missing </ul> before </div> apigateway_update_rest_api.html:52:1 (apigateway_update_rest_api.Rd:12): Warning: missing </ul> before </div> apigateway_update_stage.html:56:1 (apigateway_update_stage.Rd:14): Warning: missing </ul> before </div> apigateway_update_usage.html:58:1 (apigateway_update_usage.Rd:16): Warning: missing </ul> before </div> apigateway_update_usage_plan.html:52:1 (apigateway_update_usage_plan.Rd:12): Warning: missing </ul> before </div> apigateway_update_vpc_link.html:53:1 (apigateway_update_vpc_link.Rd:13): Warning: missing </ul> before </div> apigatewaymanagementapi_delete_connection.html:48:1 (apigatewaymanagementapi_delete_connection.Rd:10): Warning: missing </ul> before </div> apigatewaymanagementapi_get_connection.html:48:1 (apigatewaymanagementapi_get_connection.Rd:10): Warning: missing </ul> before </div> apigatewaymanagementapi_post_to_connection.html:52:1 (apigatewaymanagementapi_post_to_connection.Rd:12): Warning: missing </ul> before </div> apigatewayv2_create_api.html:138:1 (apigatewayv2_create_api.Rd:76): Warning: missing </ul> before </div> apigatewayv2_create_api_mapping.html:60:1 (apigatewayv2_create_api_mapping.Rd:16): Warning: missing </ul> before </div> apigatewayv2_create_authorizer.html:147:1 (apigatewayv2_create_authorizer.Rd:89): Warning: missing </ul> before </div> apigatewayv2_create_deployment.html:56:1 (apigatewayv2_create_deployment.Rd:14): Warning: missing </ul> before </div> apigatewayv2_create_domain_name.html:65:1 (apigatewayv2_create_domain_name.Rd:21): Warning: missing </ul> before </div> apigatewayv2_create_integration.html:247:1 (apigatewayv2_create_integration.Rd:175): Warning: missing </ul> before </div> apigatewayv2_create_integration_response.html:106:1 (apigatewayv2_create_integration_response.Rd:56): Warning: missing </ul> before </div> apigatewayv2_create_model.html:71:1 (apigatewayv2_create_model.Rd:25): Warning: missing </ul> before </div> apigatewayv2_create_route.html:114:1 (apigatewayv2_create_route.Rd:54): Warning: missing </ul> before </div> apigatewayv2_create_route_response.html:76:1 (apigatewayv2_create_route_response.Rd:28): Warning: missing </ul> before </div> apigatewayv2_create_stage.html:105:1 (apigatewayv2_create_stage.Rd:47): Warning: missing </ul> before </div> apigatewayv2_create_vpc_link.html:65:1 (apigatewayv2_create_vpc_link.Rd:21): Warning: missing </ul> before </div> apigatewayv2_delete_access_log_settings.html:53:1 (apigatewayv2_delete_access_log_settings.Rd:13): Warning: missing </ul> before </div> apigatewayv2_delete_api.html:48:1 (apigatewayv2_delete_api.Rd:10): Warning: missing </ul> before </div> apigatewayv2_delete_api_mapping.html:52:1 (apigatewayv2_delete_api_mapping.Rd:12): Warning: missing </ul> before </div> apigatewayv2_delete_authorizer.html:52:1 (apigatewayv2_delete_authorizer.Rd:12): Warning: missing </ul> before </div> apigatewayv2_delete_cors_configuration.html:48:1 (apigatewayv2_delete_cors_configuration.Rd:10): Warning: missing </ul> before </div> apigatewayv2_delete_deployment.html:52:1 (apigatewayv2_delete_deployment.Rd:12): Warning: missing </ul> before </div> apigatewayv2_delete_domain_name.html:48:1 (apigatewayv2_delete_domain_name.Rd:10): Warning: missing </ul> before </div> apigatewayv2_delete_integration.html:52:1 (apigatewayv2_delete_integration.Rd:12): Warning: missing </ul> before </div> apigatewayv2_delete_integration_response.html:60:1 (apigatewayv2_delete_integration_response.Rd:18): Warning: missing </ul> before </div> apigatewayv2_delete_model.html:52:1 (apigatewayv2_delete_model.Rd:12): Warning: missing </ul> before </div> apigatewayv2_delete_route.html:52:1 (apigatewayv2_delete_route.Rd:12): Warning: missing </ul> before </div> apigatewayv2_delete_route_request_parameter.html:60:1 (apigatewayv2_delete_route_request_parameter.Rd:18): Warning: missing </ul> before </div> apigatewayv2_delete_route_response.html:56:1 (apigatewayv2_delete_route_response.Rd:14): Warning: missing </ul> before </div> apigatewayv2_delete_route_settings.html:57:1 (apigatewayv2_delete_route_settings.Rd:15): Warning: missing </ul> before </div> apigatewayv2_delete_stage.html:53:1 (apigatewayv2_delete_stage.Rd:13): Warning: missing </ul> before </div> apigatewayv2_delete_vpc_link.html:48:1 (apigatewayv2_delete_vpc_link.Rd:10): Warning: missing </ul> before </div> apigatewayv2_export_api.html:81:1 (apigatewayv2_export_api.Rd:33): Warning: missing </ul> before </div> apigatewayv2_get_api.html:48:1 (apigatewayv2_get_api.Rd:10): Warning: missing </ul> before </div> apigatewayv2_get_api_mapping.html:52:1 (apigatewayv2_get_api_mapping.Rd:12): Warning: missing </ul> before </div> apigatewayv2_get_api_mappings.html:57:1 (apigatewayv2_get_api_mappings.Rd:15): Warning: missing </ul> before </div> apigatewayv2_get_apis.html:53:1 (apigatewayv2_get_apis.Rd:13): Warning: missing </ul> before </div> apigatewayv2_get_authorizer.html:52:1 (apigatewayv2_get_authorizer.Rd:12): Warning: missing </ul> before </div> apigatewayv2_get_authorizers.html:57:1 (apigatewayv2_get_authorizers.Rd:15): Warning: missing </ul> before </div> apigatewayv2_get_deployment.html:52:1 (apigatewayv2_get_deployment.Rd:12): Warning: missing </ul> before </div> apigatewayv2_get_deployments.html:57:1 (apigatewayv2_get_deployments.Rd:15): Warning: missing </ul> before </div> apigatewayv2_get_domain_name.html:48:1 (apigatewayv2_get_domain_name.Rd:10): Warning: missing </ul> before </div> apigatewayv2_get_domain_names.html:53:1 (apigatewayv2_get_domain_names.Rd:13): Warning: missing </ul> before </div> apigatewayv2_get_integration.html:52:1 (apigatewayv2_get_integration.Rd:12): Warning: missing </ul> before </div> apigatewayv2_get_integration_response.html:60:1 (apigatewayv2_get_integration_response.Rd:18): Warning: missing </ul> before </div> apigatewayv2_get_integration_responses.html:66:1 (apigatewayv2_get_integration_responses.Rd:22): Warning: missing </ul> before </div> apigatewayv2_get_integrations.html:57:1 (apigatewayv2_get_integrations.Rd:15): Warning: missing </ul> before </div> apigatewayv2_get_model.html:52:1 (apigatewayv2_get_model.Rd:12): Warning: missing </ul> before </div> apigatewayv2_get_model_template.html:52:1 (apigatewayv2_get_model_template.Rd:12): Warning: missing </ul> before </div> apigatewayv2_get_models.html:57:1 (apigatewayv2_get_models.Rd:15): Warning: missing </ul> before </div> apigatewayv2_get_route.html:52:1 (apigatewayv2_get_route.Rd:12): Warning: missing </ul> before </div> apigatewayv2_get_route_response.html:56:1 (apigatewayv2_get_route_response.Rd:14): Warning: missing </ul> before </div> apigatewayv2_get_route_responses.html:66:1 (apigatewayv2_get_route_responses.Rd:22): Warning: missing </ul> before </div> apigatewayv2_get_routes.html:57:1 (apigatewayv2_get_routes.Rd:15): Warning: missing </ul> before </div> apigatewayv2_get_stage.html:53:1 (apigatewayv2_get_stage.Rd:13): Warning: missing </ul> before </div> apigatewayv2_get_stages.html:57:1 (apigatewayv2_get_stages.Rd:15): Warning: missing </ul> before </div> apigatewayv2_get_tags.html:48:1 (apigatewayv2_get_tags.Rd:10): Warning: missing </ul> before </div> apigatewayv2_get_vpc_link.html:48:1 (apigatewayv2_get_vpc_link.Rd:10): Warning: missing </ul> before </div> apigatewayv2_get_vpc_links.html:53:1 (apigatewayv2_get_vpc_links.Rd:13): Warning: missing </ul> before </div> apigatewayv2_import_api.html:61:1 (apigatewayv2_import_api.Rd:19): Warning: missing </ul> before </div> apigatewayv2_reimport_api.html:65:1 (apigatewayv2_reimport_api.Rd:21): Warning: missing </ul> before </div> apigatewayv2_reset_authorizers_cache.html:54:1 (apigatewayv2_reset_authorizers_cache.Rd:14): Warning: missing </ul> before </div> apigatewayv2_tag_resource.html:53:1 (apigatewayv2_tag_resource.Rd:13): Warning: missing </ul> before </div> apigatewayv2_untag_resource.html:52:1 (apigatewayv2_untag_resource.Rd:12): Warning: missing </ul> before </div> apigatewayv2_update_api.html:131:1 (apigatewayv2_update_api.Rd:71): Warning: missing </ul> before </div> apigatewayv2_update_api_mapping.html:70:1 (apigatewayv2_update_api_mapping.Rd:24): Warning: missing </ul> before </div> apigatewayv2_update_authorizer.html:151:1 (apigatewayv2_update_authorizer.Rd:91): Warning: missing </ul> before </div> apigatewayv2_update_deployment.html:56:1 (apigatewayv2_update_deployment.Rd:14): Warning: missing </ul> before </div> apigatewayv2_update_domain_name.html:60:1 (apigatewayv2_update_domain_name.Rd:18): Warning: missing </ul> before </div> apigatewayv2_update_integration.html:252:1 (apigatewayv2_update_integration.Rd:178): Warning: missing </ul> before </div> apigatewayv2_update_integration_response.html:111:1 (apigatewayv2_update_integration_response.Rd:59): Warning: missing </ul> before </div> apigatewayv2_update_model.html:76:1 (apigatewayv2_update_model.Rd:28): Warning: missing </ul> before </div> apigatewayv2_update_route.html:119:1 (apigatewayv2_update_route.Rd:57): Warning: missing </ul> before </div> apigatewayv2_update_route_response.html:81:1 (apigatewayv2_update_route_response.Rd:31): Warning: missing </ul> before </div> apigatewayv2_update_stage.html:101:1 (apigatewayv2_update_stage.Rd:45): Warning: missing </ul> before </div> apigatewayv2_update_vpc_link.html:52:1 (apigatewayv2_update_vpc_link.Rd:12): Warning: missing </ul> before </div> appfabric_batch_get_user_access_tasks.html:53:1 (appfabric_batch_get_user_access_tasks.Rd:13): Warning: missing </ul> before </div> appfabric_connect_app_authorization.html:67:1 (appfabric_connect_app_authorization.Rd:25): Warning: missing </ul> before </div> appfabric_create_app_authorization.html:142:1 (appfabric_create_app_authorization.Rd:67): Warning: missing </ul> before </div> appfabric_create_app_bundle.html:76:1 (appfabric_create_app_bundle.Rd:34): Warning: missing </ul> before </div> appfabric_create_ingestion.html:130:1 (appfabric_create_ingestion.Rd:57): Warning: missing </ul> before </div> appfabric_create_ingestion_destination.html:92:1 (appfabric_create_ingestion_destination.Rd:44): Warning: missing </ul> before </div> appfabric_delete_app_authorization.html:57:1 (appfabric_delete_app_authorization.Rd:17): Warning: missing </ul> before </div> appfabric_delete_app_bundle.html:49:1 (appfabric_delete_app_bundle.Rd:11): Warning: missing </ul> before </div> appfabric_delete_ingestion.html:54:1 (appfabric_delete_ingestion.Rd:14): Warning: missing </ul> before </div> appfabric_delete_ingestion_destination.html:63:1 (appfabric_delete_ingestion_destination.Rd:21): Warning: missing </ul> before </div> appfabric_get_app_authorization.html:57:1 (appfabric_get_app_authorization.Rd:17): Warning: missing </ul> before </div> appfabric_get_app_bundle.html:49:1 (appfabric_get_app_bundle.Rd:11): Warning: missing </ul> before </div> appfabric_get_ingestion.html:54:1 (appfabric_get_ingestion.Rd:14): Warning: missing </ul> before </div> appfabric_get_ingestion_destination.html:63:1 (appfabric_get_ingestion_destination.Rd:21): Warning: missing </ul> before </div> appfabric_list_app_authorizations.html:70:1 (appfabric_list_app_authorizations.Rd:28): Warning: missing </ul> before </div> appfabric_list_app_bundles.html:61:1 (appfabric_list_app_bundles.Rd:21): Warning: missing </ul> before </div> appfabric_list_ingestion_destinations.html:76:1 (appfabric_list_ingestion_destinations.Rd:32): Warning: missing </ul> before </div> appfabric_list_ingestions.html:70:1 (appfabric_list_ingestions.Rd:28): Warning: missing </ul> before </div> appfabric_list_tags_for_resource.html:49:1 (appfabric_list_tags_for_resource.Rd:11): Warning: missing </ul> before </div> appfabric_start_ingestion.html:54:1 (appfabric_start_ingestion.Rd:14): Warning: missing </ul> before </div> appfabric_start_user_access_tasks.html:54:1 (appfabric_start_user_access_tasks.Rd:14): Warning: missing </ul> before </div> appfabric_stop_ingestion.html:54:1 (appfabric_stop_ingestion.Rd:14): Warning: missing </ul> before </div> appfabric_tag_resource.html:53:1 (appfabric_tag_resource.Rd:13): Warning: missing </ul> before </div> appfabric_untag_resource.html:53:1 (appfabric_untag_resource.Rd:13): Warning: missing </ul> before </div> appfabric_update_app_authorization.html:75:1 (appfabric_update_app_authorization.Rd:31): Warning: missing </ul> before </div> appfabric_update_ingestion_destination.html:70:1 (appfabric_update_ingestion_destination.Rd:26): Warning: missing </ul> before </div> appmesh_create_gateway_route.html:91:1 (appmesh_create_gateway_route.Rd:41): Warning: missing </ul> before </div> appmesh_create_mesh.html:66:1 (appmesh_create_mesh.Rd:22): Warning: missing </ul> before </div> appmesh_create_route.html:91:1 (appmesh_create_route.Rd:41): Warning: missing </ul> before </div> appmesh_create_virtual_gateway.html:84:1 (appmesh_create_virtual_gateway.Rd:36): Warning: missing </ul> before </div> appmesh_create_virtual_node.html:84:1 (appmesh_create_virtual_node.Rd:36): Warning: missing </ul> before </div> appmesh_create_virtual_router.html:84:1 (appmesh_create_virtual_router.Rd:36): Warning: missing </ul> before </div> appmesh_create_virtual_service.html:84:1 (appmesh_create_virtual_service.Rd:36): Warning: missing </ul> before </div> appmesh_delete_gateway_route.html:68:1 (appmesh_delete_gateway_route.Rd:24): Warning: missing </ul> before </div> appmesh_delete_mesh.html:48:1 (appmesh_delete_mesh.Rd:10): Warning: missing </ul> before </div> appmesh_delete_route.html:63:1 (appmesh_delete_route.Rd:19): Warning: missing </ul> before </div> appmesh_delete_virtual_gateway.html:59:1 (appmesh_delete_virtual_gateway.Rd:17): Warning: missing </ul> before </div> appmesh_delete_virtual_node.html:59:1 (appmesh_delete_virtual_node.Rd:17): Warning: missing </ul> before </div> appmesh_delete_virtual_router.html:59:1 (appmesh_delete_virtual_router.Rd:17): Warning: missing </ul> before </div> appmesh_delete_virtual_service.html:59:1 (appmesh_delete_virtual_service.Rd:17): Warning: missing </ul> before </div> appmesh_describe_gateway_route.html:69:1 (appmesh_describe_gateway_route.Rd:25): Warning: missing </ul> before </div> appmesh_describe_mesh.html:55:1 (appmesh_describe_mesh.Rd:15): Warning: missing </ul> before </div> appmesh_describe_route.html:68:1 (appmesh_describe_route.Rd:24): Warning: missing </ul> before </div> appmesh_describe_virtual_gateway.html:63:1 (appmesh_describe_virtual_gateway.Rd:21): Warning: missing </ul> before </div> appmesh_describe_virtual_node.html:59:1 (appmesh_describe_virtual_node.Rd:17): Warning: missing </ul> before </div> appmesh_describe_virtual_router.html:59:1 (appmesh_describe_virtual_router.Rd:17): Warning: missing </ul> before </div> appmesh_describe_virtual_service.html:63:1 (appmesh_describe_virtual_service.Rd:21): Warning: missing </ul> before </div> appmesh_list_gateway_routes.html:88:1 (appmesh_list_gateway_routes.Rd:42): Warning: missing </ul> before </div> appmesh_list_meshes.html:68:1 (appmesh_list_meshes.Rd:28): Warning: missing </ul> before </div> appmesh_list_routes.html:85:1 (appmesh_list_routes.Rd:39): Warning: missing </ul> before </div> appmesh_list_tags_for_resource.html:72:1 (appmesh_list_tags_for_resource.Rd:30): Warning: missing </ul> before </div> appmesh_list_virtual_gateways.html:82:1 (appmesh_list_virtual_gateways.Rd:38): Warning: missing </ul> before </div> appmesh_list_virtual_nodes.html:82:1 (appmesh_list_virtual_nodes.Rd:38): Warning: missing </ul> before </div> appmesh_list_virtual_routers.html:82:1 (appmesh_list_virtual_routers.Rd:38): Warning: missing </ul> before </div> appmesh_list_virtual_services.html:82:1 (appmesh_list_virtual_services.Rd:38): Warning: missing </ul> before </div> appmesh_tag_resource.html:55:1 (appmesh_tag_resource.Rd:15): Warning: missing </ul> before </div> appmesh_untag_resource.html:52:1 (appmesh_untag_resource.Rd:12): Warning: missing </ul> before </div> appmesh_update_gateway_route.html:83:1 (appmesh_update_gateway_route.Rd:35): Warning: missing </ul> before </div> appmesh_update_mesh.html:58:1 (appmesh_update_mesh.Rd:16): Warning: missing </ul> before </div> appmesh_update_route.html:81:1 (appmesh_update_route.Rd:33): Warning: missing </ul> before </div> appmesh_update_virtual_gateway.html:76:1 (appmesh_update_virtual_gateway.Rd:30): Warning: missing </ul> before </div> appmesh_update_virtual_node.html:76:1 (appmesh_update_virtual_node.Rd:30): Warning: missing </ul> before </div> appmesh_update_virtual_router.html:76:1 (appmesh_update_virtual_router.Rd:30): Warning: missing </ul> before </div> appmesh_update_virtual_service.html:76:1 (appmesh_update_virtual_service.Rd:30): Warning: missing </ul> before </div> arczonalshift_cancel_zonal_shift.html:48:1 (arczonalshift_cancel_zonal_shift.Rd:10): Warning: missing </ul> before </div> arczonalshift_create_practice_run_configuration.html:109:1 (arczonalshift_create_practice_run_configuration.Rd:63): Warning: missing </ul> before </div> arczonalshift_delete_practice_run_configuration.html:50:1 (arczonalshift_delete_practice_run_configuration.Rd:12): Warning: missing </ul> before </div> arczonalshift_get_managed_resource.html:54:1 (arczonalshift_get_managed_resource.Rd:16): Warning: missing </ul> before </div> arczonalshift_list_autoshifts.html:64:1 (arczonalshift_list_autoshifts.Rd:22): Warning: missing </ul> before </div> arczonalshift_list_managed_resources.html:58:1 (arczonalshift_list_managed_resources.Rd:18): Warning: missing </ul> before </div> arczonalshift_list_zonal_shifts.html:87:1 (arczonalshift_list_zonal_shifts.Rd:36): Warning: missing </ul> before </div> arczonalshift_start_zonal_shift.html:101:1 (arczonalshift_start_zonal_shift.Rd:52): Warning: missing </ul> before </div> arczonalshift_update_autoshift_observer_notification_status.html:52:1 (arczonalshift_update_autoshift_observer_notification_status.Rd:14): Warning: missing </ul> before </div> arczonalshift_update_practice_run_configuration.html:99:1 (arczonalshift_update_practice_run_configuration.Rd:53): Warning: missing </ul> before </div> arczonalshift_update_zonal_autoshift_configuration.html:63:1 (arczonalshift_update_zonal_autoshift_configuration.Rd:23): Warning: missing </ul> before </div> arczonalshift_update_zonal_shift.html:86:1 (arczonalshift_update_zonal_shift.Rd:39): Warning: missing </ul> before </div> backupgateway_associate_gateway_to_server.html:55:1 (backupgateway_associate_gateway_to_server.Rd:15): Warning: missing </ul> before </div> backupgateway_create_gateway.html:66:1 (backupgateway_create_gateway.Rd:22): Warning: missing </ul> before </div> backupgateway_delete_gateway.html:48:1 (backupgateway_delete_gateway.Rd:10): Warning: missing </ul> before </div> backupgateway_delete_hypervisor.html:48:1 (backupgateway_delete_hypervisor.Rd:10): Warning: missing </ul> before </div> backupgateway_disassociate_gateway_from_server.html:48:1 (backupgateway_disassociate_gateway_from_server.Rd:10): Warning: missing </ul> before </div> backupgateway_get_bandwidth_rate_limit_schedule.html:51:1 (backupgateway_get_bandwidth_rate_limit_schedule.Rd:13): Warning: missing </ul> before </div> backupgateway_get_gateway.html:49:1 (backupgateway_get_gateway.Rd:11): Warning: missing </ul> before </div> backupgateway_get_hypervisor.html:49:1 (backupgateway_get_hypervisor.Rd:11): Warning: missing </ul> before </div> backupgateway_get_hypervisor_property_mappings.html:48:1 (backupgateway_get_hypervisor_property_mappings.Rd:10): Warning: missing </ul> before </div> backupgateway_get_virtual_machine.html:49:1 (backupgateway_get_virtual_machine.Rd:11): Warning: missing </ul> before </div> backupgateway_import_hypervisor_configuration.html:76:1 (backupgateway_import_hypervisor_configuration.Rd:28): Warning: missing </ul> before </div> backupgateway_list_gateways.html:56:1 (backupgateway_list_gateways.Rd:16): Warning: missing </ul> before </div> backupgateway_list_hypervisors.html:55:1 (backupgateway_list_hypervisors.Rd:15): Warning: missing </ul> before </div> backupgateway_list_tags_for_resource.html:49:1 (backupgateway_list_tags_for_resource.Rd:11): Warning: missing </ul> before </div> backupgateway_list_virtual_machines.html:64:1 (backupgateway_list_virtual_machines.Rd:22): Warning: missing </ul> before </div> backupgateway_put_bandwidth_rate_limit_schedule.html:61:1 (backupgateway_put_bandwidth_rate_limit_schedule.Rd:21): Warning: missing </ul> before </div> backupgateway_put_hypervisor_property_mappings.html:61:1 (backupgateway_put_hypervisor_property_mappings.Rd:19): Warning: missing </ul> before </div> backupgateway_put_maintenance_start_time.html:73:1 (backupgateway_put_maintenance_start_time.Rd:27): Warning: missing </ul> before </div> backupgateway_start_virtual_machines_metadata_sync.html:49:1 (backupgateway_start_virtual_machines_metadata_sync.Rd:11): Warning: missing </ul> before </div> backupgateway_tag_resource.html:52:1 (backupgateway_tag_resource.Rd:12): Warning: missing </ul> before </div> backupgateway_test_hypervisor_configuration.html:67:1 (backupgateway_test_hypervisor_configuration.Rd:23): Warning: missing </ul> before </div> backupgateway_untag_resource.html:53:1 (backupgateway_untag_resource.Rd:13): Warning: missing </ul> before </div> backupgateway_update_gateway_information.html:52:1 (backupgateway_update_gateway_information.Rd:12): Warning: missing </ul> before </div> backupgateway_update_gateway_software_now.html:48:1 (backupgateway_update_gateway_software_now.Rd:10): Warning: missing </ul> before </div> backupgateway_update_hypervisor.html:78:1 (backupgateway_update_hypervisor.Rd:30): Warning: missing </ul> before </div> cloudfront_associate_alias.html:53:1 (cloudfront_associate_alias.Rd:13): Warning: missing </ul> before </div> cloudfront_copy_distribution.html:85:1 (cloudfront_copy_distribution.Rd:39): Warning: missing </ul> before </div> cloudfront_create_anycast_ip_list.html:56:1 (cloudfront_create_anycast_ip_list.Rd:15): Warning: missing </ul> before </div> cloudfront_create_cache_policy.html:48:1 (cloudfront_create_cache_policy.Rd:10): Warning: missing </ul> before </div> cloudfront_create_cloud_front_origin_access_identity.html:50:1 (cloudfront_create_cloud_front_origin_access_identity.Rd:12): Warning: missing </ul> before </div> cloudfront_create_continuous_deployment_policy.html:51:1 (cloudfront_create_continuous_deployment_policy.Rd:13): Warning: missing </ul> before </div> cloudfront_create_distribution.html:48:1 (cloudfront_create_distribution.Rd:10): Warning: missing </ul> before </div> cloudfront_create_distribution_with_tags.html:48:1 (cloudfront_create_distribution_with_tags.Rd:10): Warning: missing </ul> before </div> cloudfront_create_field_level_encryption_config.html:48:1 (cloudfront_create_field_level_encryption_config.Rd:10): Warning: missing </ul> before </div> cloudfront_create_field_level_encryption_profile.html:50:1 (cloudfront_create_field_level_encryption_profile.Rd:12): Warning: missing </ul> before </div> cloudfront_create_function.html:59:1 (cloudfront_create_function.Rd:17): Warning: missing </ul> before </div> cloudfront_create_invalidation.html:52:1 (cloudfront_create_invalidation.Rd:12): Warning: missing </ul> before </div> cloudfront_create_key_group.html:49:1 (cloudfront_create_key_group.Rd:11): Warning: missing </ul> before </div> cloudfront_create_key_value_store.html:58:1 (cloudfront_create_key_value_store.Rd:16): Warning: missing </ul> before </div> cloudfront_create_monitoring_subscription.html:58:1 (cloudfront_create_monitoring_subscription.Rd:18): Warning: missing </ul> before </div> cloudfront_create_origin_access_control.html:48:1 (cloudfront_create_origin_access_control.Rd:10): Warning: missing </ul> before </div> cloudfront_create_origin_request_policy.html:48:1 (cloudfront_create_origin_request_policy.Rd:10): Warning: missing </ul> before </div> cloudfront_create_public_key.html:49:1 (cloudfront_create_public_key.Rd:11): Warning: missing </ul> before </div> cloudfront_create_realtime_log_config.html:66:1 (cloudfront_create_realtime_log_config.Rd:22): Warning: missing </ul> before </div> cloudfront_create_response_headers_policy.html:49:1 (cloudfront_create_response_headers_policy.Rd:11): Warning: missing </ul> before </div> cloudfront_create_streaming_distribution.html:48:1 (cloudfront_create_streaming_distribution.Rd:10): Warning: missing </ul> before </div> cloudfront_create_streaming_distribution_with_tags.html:50:1 (cloudfront_create_streaming_distribution_with_tags.Rd:12): Warning: missing </ul> before </div> cloudfront_create_vpc_origin.html:51:1 (cloudfront_create_vpc_origin.Rd:12): Warning: missing </ul> before </div> cloudfront_delete_anycast_ip_list.html:53:1 (cloudfront_delete_anycast_ip_list.Rd:13): Warning: missing </ul> before </div> cloudfront_delete_cache_policy.html:58:1 (cloudfront_delete_cache_policy.Rd:18): Warning: missing </ul> before </div> cloudfront_delete_cloud_front_origin_access_identity.html:53:1 (cloudfront_delete_cloud_front_origin_access_identity.Rd:13): Warning: missing </ul> before </div> cloudfront_delete_continuous_deployment_policy.html:54:1 (cloudfront_delete_continuous_deployment_policy.Rd:14): Warning: missing </ul> before </div> cloudfront_delete_distribution.html:53:1 (cloudfront_delete_distribution.Rd:13): Warning: missing </ul> before </div> cloudfront_delete_field_level_encryption_config.html:53:1 (cloudfront_delete_field_level_encryption_config.Rd:13): Warning: missing </ul> before </div> cloudfront_delete_field_level_encryption_profile.html:53:1 (cloudfront_delete_field_level_encryption_profile.Rd:13): Warning: missing </ul> before </div> cloudfront_delete_function.html:54:1 (cloudfront_delete_function.Rd:14): Warning: missing </ul> before </div> cloudfront_delete_key_group.html:56:1 (cloudfront_delete_key_group.Rd:16): Warning: missing </ul> before </div> cloudfront_delete_key_value_store.html:52:1 (cloudfront_delete_key_value_store.Rd:12): Warning: missing </ul> before </div> cloudfront_delete_monitoring_subscription.html:49:1 (cloudfront_delete_monitoring_subscription.Rd:11): Warning: missing </ul> before </div> cloudfront_delete_origin_access_control.html:54:1 (cloudfront_delete_origin_access_control.Rd:14): Warning: missing </ul> before </div> cloudfront_delete_origin_request_policy.html:59:1 (cloudfront_delete_origin_request_policy.Rd:19): Warning: missing </ul> before </div> cloudfront_delete_public_key.html:53:1 (cloudfront_delete_public_key.Rd:13): Warning: missing </ul> before </div> cloudfront_delete_realtime_log_config.html:53:1 (cloudfront_delete_realtime_log_config.Rd:13): Warning: missing </ul> before </div> cloudfront_delete_response_headers_policy.html:62:1 (cloudfront_delete_response_headers_policy.Rd:22): Warning: missing </ul> before </div> cloudfront_delete_streaming_distribution.html:53:1 (cloudfront_delete_streaming_distribution.Rd:13): Warning: missing </ul> before </div> cloudfront_delete_vpc_origin.html:54:1 (cloudfront_delete_vpc_origin.Rd:14): Warning: missing </ul> before </div> cloudfront_describe_function.html:53:1 (cloudfront_describe_function.Rd:13): Warning: missing </ul> before </div> cloudfront_describe_key_value_store.html:48:1 (cloudfront_describe_key_value_store.Rd:10): Warning: missing </ul> before </div> cloudfront_get_anycast_ip_list.html:48:1 (cloudfront_get_anycast_ip_list.Rd:10): Warning: missing </ul> before </div> cloudfront_get_cache_policy.html:53:1 (cloudfront_get_cache_policy.Rd:15): Warning: missing </ul> before </div> cloudfront_get_cache_policy_config.html:53:1 (cloudfront_get_cache_policy_config.Rd:15): Warning: missing </ul> before </div> cloudfront_get_cloud_front_origin_access_identity.html:48:1 (cloudfront_get_cloud_front_origin_access_identity.Rd:10): Warning: missing </ul> before </div> cloudfront_get_cloud_front_origin_access_identity_config.html:48:1 (cloudfront_get_cloud_front_origin_access_identity_config.Rd:10): Warning: missing </ul> before </div> cloudfront_get_continuous_deployment_policy.html:49:1 (cloudfront_get_continuous_deployment_policy.Rd:11): Warning: missing </ul> before </div> cloudfront_get_continuous_deployment_policy_config.html:49:1 (cloudfront_get_continuous_deployment_policy_config.Rd:11): Warning: missing </ul> before </div> cloudfront_get_distribution.html:49:1 (cloudfront_get_distribution.Rd:11): Warning: missing </ul> before </div> cloudfront_get_distribution_config.html:49:1 (cloudfront_get_distribution_config.Rd:11): Warning: missing </ul> before </div> cloudfront_get_field_level_encryption.html:48:1 (cloudfront_get_field_level_encryption.Rd:10): Warning: missing </ul> before </div> cloudfront_get_field_level_encryption_config.html:48:1 (cloudfront_get_field_level_encryption_config.Rd:10): Warning: missing </ul> before </div> cloudfront_get_field_level_encryption_profile.html:48:1 (cloudfront_get_field_level_encryption_profile.Rd:10): Warning: missing </ul> before </div> cloudfront_get_field_level_encryption_profile_config.html:49:1 (cloudfront_get_field_level_encryption_profile_config.Rd:11): Warning: missing </ul> before </div> cloudfront_get_function.html:52:1 (cloudfront_get_function.Rd:12): Warning: missing </ul> before </div> cloudfront_get_invalidation.html:53:1 (cloudfront_get_invalidation.Rd:13): Warning: missing </ul> before </div> cloudfront_get_key_group.html:50:1 (cloudfront_get_key_group.Rd:12): Warning: missing </ul> before </div> cloudfront_get_key_group_config.html:49:1 (cloudfront_get_key_group_config.Rd:11): Warning: missing </ul> before </div> cloudfront_get_monitoring_subscription.html:49:1 (cloudfront_get_monitoring_subscription.Rd:11): Warning: missing </ul> before </div> cloudfront_get_origin_access_control.html:48:1 (cloudfront_get_origin_access_control.Rd:10): Warning: missing </ul> before </div> cloudfront_get_origin_access_control_config.html:48:1 (cloudfront_get_origin_access_control_config.Rd:10): Warning: missing </ul> before </div> cloudfront_get_origin_request_policy.html:55:1 (cloudfront_get_origin_request_policy.Rd:17): Warning: missing </ul> before </div> cloudfront_get_origin_request_policy_config.html:55:1 (cloudfront_get_origin_request_policy_config.Rd:17): Warning: missing </ul> before </div> cloudfront_get_public_key.html:48:1 (cloudfront_get_public_key.Rd:10): Warning: missing </ul> before </div> cloudfront_get_public_key_config.html:48:1 (cloudfront_get_public_key_config.Rd:10): Warning: missing </ul> before </div> cloudfront_get_realtime_log_config.html:53:1 (cloudfront_get_realtime_log_config.Rd:13): Warning: missing </ul> before </div> cloudfront_get_response_headers_policy.html:57:1 (cloudfront_get_response_headers_policy.Rd:19): Warning: missing </ul> before </div> cloudfront_get_response_headers_policy_config.html:56:1 (cloudfront_get_response_headers_policy_config.Rd:18): Warning: missing </ul> before </div> cloudfront_get_streaming_distribution.html:49:1 (cloudfront_get_streaming_distribution.Rd:11): Warning: missing </ul> before </div> cloudfront_get_streaming_distribution_config.html:48:1 (cloudfront_get_streaming_distribution_config.Rd:10): Warning: missing </ul> before </div> cloudfront_get_vpc_origin.html:48:1 (cloudfront_get_vpc_origin.Rd:10): Warning: missing </ul> before </div> cloudfront_list_anycast_ip_lists.html:56:1 (cloudfront_list_anycast_ip_lists.Rd:16): Warning: missing </ul> before </div> cloudfront_list_cache_policies.html:72:1 (cloudfront_list_cache_policies.Rd:25): Warning: missing </ul> before </div> cloudfront_list_cloud_front_origin_access_identities.html:60:1 (cloudfront_list_cloud_front_origin_access_identities.Rd:20): Warning: missing </ul> before </div> cloudfront_list_conflicting_aliases.html:73:1 (cloudfront_list_conflicting_aliases.Rd:29): Warning: missing </ul> before </div> cloudfront_list_continuous_deployment_policies.html:58:1 (cloudfront_list_continuous_deployment_policies.Rd:18): Warning: missing </ul> before </div> cloudfront_list_distributions.html:56:1 (cloudfront_list_distributions.Rd:16): Warning: missing </ul> before </div> cloudfront_list_distributions_by_anycast_ip_list_id.html:65:1 (cloudfront_list_distributions_by_anycast_ip_list_id.Rd:23): Warning: missing </ul> before </div> cloudfront_list_distributions_by_cache_policy_id.html:66:1 (cloudfront_list_distributions_by_cache_policy_id.Rd:24): Warning: missing </ul> before </div> cloudfront_list_distributions_by_key_group.html:66:1 (cloudfront_list_distributions_by_key_group.Rd:24): Warning: missing </ul> before </div> cloudfront_list_distributions_by_origin_request_policy_id.html:66:1 (cloudfront_list_distributions_by_origin_request_policy_id.Rd:24): Warning: missing </ul> before </div> cloudfront_list_distributions_by_realtime_log_config.html:72:1 (cloudfront_list_distributions_by_realtime_log_config.Rd:28): Warning: missing </ul> before </div> cloudfront_list_distributions_by_response_headers_policy_id.html:67:1 (cloudfront_list_distributions_by_response_headers_policy_id.Rd:25): Warning: missing </ul> before </div> cloudfront_list_distributions_by_vpc_origin_id.html:60:1 (cloudfront_list_distributions_by_vpc_origin_id.Rd:18): Warning: missing </ul> before </div> cloudfront_list_distributions_by_web_acl_id.html:74:1 (cloudfront_list_distributions_by_web_acl_id.Rd:32): Warning: missing </ul> before </div> cloudfront_list_field_level_encryption_configs.html:58:1 (cloudfront_list_field_level_encryption_configs.Rd:18): Warning: missing </ul> before </div> cloudfront_list_field_level_encryption_profiles.html:58:1 (cloudfront_list_field_level_encryption_profiles.Rd:18): Warning: missing </ul> before </div> cloudfront_list_functions.html:62:1 (cloudfront_list_functions.Rd:20): Warning: missing </ul> before </div> cloudfront_list_invalidations.html:63:1 (cloudfront_list_invalidations.Rd:21): Warning: missing </ul> before </div> cloudfront_list_key_groups.html:56:1 (cloudfront_list_key_groups.Rd:16): Warning: missing </ul> before </div> cloudfront_list_key_value_stores.html:56:1 (cloudfront_list_key_value_stores.Rd:14): Warning: missing </ul> before </div> cloudfront_list_origin_access_controls.html:58:1 (cloudfront_list_origin_access_controls.Rd:18): Warning: missing </ul> before </div> cloudfront_list_origin_request_policies.html:77:1 (cloudfront_list_origin_request_policies.Rd:30): Warning: missing </ul> before </div> cloudfront_list_public_keys.html:56:1 (cloudfront_list_public_keys.Rd:16): Warning: missing </ul> before </div> cloudfront_list_realtime_log_configs.html:57:1 (cloudfront_list_realtime_log_configs.Rd:17): Warning: missing </ul> before </div> cloudfront_list_response_headers_policies.html:77:1 (cloudfront_list_response_headers_policies.Rd:30): Warning: missing </ul> before </div> cloudfront_list_streaming_distributions.html:52:1 (cloudfront_list_streaming_distributions.Rd:12): Warning: missing </ul> before </div> cloudfront_list_tags_for_resource.html:48:1 (cloudfront_list_tags_for_resource.Rd:10): Warning: missing </ul> before </div> cloudfront_list_vpc_origins.html:52:1 (cloudfront_list_vpc_origins.Rd:12): Warning: missing </ul> before </div> cloudfront_publish_function.html:55:1 (cloudfront_publish_function.Rd:15): Warning: missing </ul> before </div> cloudfront_tag_resource.html:52:1 (cloudfront_tag_resource.Rd:12): Warning: missing </ul> before </div> cloudfront_test_function.html:65:1 (cloudfront_test_function.Rd:21): Warning: missing </ul> before </div> cloudfront_untag_resource.html:52:1 (cloudfront_untag_resource.Rd:12): Warning: missing </ul> before </div> cloudfront_update_cache_policy.html:61:1 (cloudfront_update_cache_policy.Rd:19): Warning: missing </ul> before </div> cloudfront_update_cloud_front_origin_access_identity.html:61:1 (cloudfront_update_cloud_front_origin_access_identity.Rd:19): Warning: missing </ul> before </div> cloudfront_update_continuous_deployment_policy.html:62:1 (cloudfront_update_continuous_deployment_policy.Rd:20): Warning: missing </ul> before </div> cloudfront_update_distribution.html:57:1 (cloudfront_update_distribution.Rd:15): Warning: missing </ul> before </div> cloudfront_update_distribution_with_staging_config.html:66:1 (cloudfront_update_distribution_with_staging_config.Rd:24): Warning: missing </ul> before </div> cloudfront_update_field_level_encryption_config.html:61:1 (cloudfront_update_field_level_encryption_config.Rd:19): Warning: missing </ul> before </div> cloudfront_update_field_level_encryption_profile.html:61:1 (cloudfront_update_field_level_encryption_profile.Rd:19): Warning: missing </ul> before </div> cloudfront_update_function.html:64:1 (cloudfront_update_function.Rd:20): Warning: missing </ul> before </div> cloudfront_update_key_group.html:57:1 (cloudfront_update_key_group.Rd:15): Warning: missing </ul> before </div> cloudfront_update_key_value_store.html:56:1 (cloudfront_update_key_value_store.Rd:14): Warning: missing </ul> before </div> cloudfront_update_origin_access_control.html:62:1 (cloudfront_update_origin_access_control.Rd:20): Warning: missing </ul> before </div> cloudfront_update_origin_request_policy.html:66:1 (cloudfront_update_origin_request_policy.Rd:24): Warning: missing </ul> before </div> cloudfront_update_public_key.html:57:1 (cloudfront_update_public_key.Rd:15): Warning: missing </ul> before </div> cloudfront_update_realtime_log_config.html:77:1 (cloudfront_update_realtime_log_config.Rd:31): Warning: missing </ul> before </div> cloudfront_update_response_headers_policy.html:64:1 (cloudfront_update_response_headers_policy.Rd:22): Warning: missing </ul> before </div> cloudfront_update_streaming_distribution.html:61:1 (cloudfront_update_streaming_distribution.Rd:19): Warning: missing </ul> before </div> cloudfront_update_vpc_origin.html:56:1 (cloudfront_update_vpc_origin.Rd:14): Warning: missing </ul> before </div> cloudfrontkeyvaluestore_delete_key.html:57:1 (cloudfrontkeyvaluestore_delete_key.Rd:15): Warning: missing </ul> before </div> cloudfrontkeyvaluestore_describe_key_value_store.html:48:1 (cloudfrontkeyvaluestore_describe_key_value_store.Rd:10): Warning: missing </ul> before </div> cloudfrontkeyvaluestore_get_key.html:52:1 (cloudfrontkeyvaluestore_get_key.Rd:12): Warning: missing </ul> before </div> cloudfrontkeyvaluestore_list_keys.html:59:1 (cloudfrontkeyvaluestore_list_keys.Rd:17): Warning: missing </ul> before </div> cloudfrontkeyvaluestore_put_key.html:61:1 (cloudfrontkeyvaluestore_put_key.Rd:17): Warning: missing </ul> before </div> cloudfrontkeyvaluestore_update_keys.html:67:1 (cloudfrontkeyvaluestore_update_keys.Rd:23): Warning: missing </ul> before </div> directconnect_accept_direct_connec_gatewa_associ_propos.html:71:1 (directconnect_accept_direct_connec_gatewa_associ_propos.Rd:27): Warning: missing </ul> before </div> directconnect_allocate_connection_on_interconnect.html:75:1 (directconnect_allocate_connection_on_interconnect.Rd:29): Warning: missing </ul> before </div> directconnect_allocate_hosted_connection.html:81:1 (directconnect_allocate_hosted_connection.Rd:33): Warning: missing </ul> before </div> directconnect_allocate_private_virtual_interface.html:63:1 (directconnect_allocate_private_virtual_interface.Rd:21): Warning: missing </ul> before </div> directconnect_allocate_public_virtual_interface.html:63:1 (directconnect_allocate_public_virtual_interface.Rd:21): Warning: missing </ul> before </div> directconnect_allocate_transit_virtual_interface.html:63:1 (directconnect_allocate_transit_virtual_interface.Rd:21): Warning: missing </ul> before </div> directconnect_associate_connection_with_lag.html:52:1 (directconnect_associate_connection_with_lag.Rd:12): Warning: missing </ul> before </div> directconnect_associate_hosted_connection.html:53:1 (directconnect_associate_hosted_connection.Rd:13): Warning: missing </ul> before </div> directconnect_associate_mac_sec_key.html:96:1 (directconnect_associate_mac_sec_key.Rd:52): Warning: missing </ul> before </div> directconnect_associate_virtual_interface.html:53:1 (directconnect_associate_virtual_interface.Rd:13): Warning: missing </ul> before </div> directconnect_confirm_connection.html:49:1 (directconnect_confirm_connection.Rd:11): Warning: missing </ul> before </div> directconnect_confirm_customer_agreement.html:49:1 (directconnect_confirm_customer_agreement.Rd:11): Warning: missing </ul> before </div> directconnect_confirm_private_virtual_interface.html:61:1 (directconnect_confirm_private_virtual_interface.Rd:19): Warning: missing </ul> before </div> directconnect_confirm_public_virtual_interface.html:49:1 (directconnect_confirm_public_virtual_interface.Rd:11): Warning: missing </ul> before </div> directconnect_confirm_transit_virtual_interface.html:56:1 (directconnect_confirm_transit_virtual_interface.Rd:16): Warning: missing </ul> before </div> directconnect_create_bgp_peer.html:52:1 (directconnect_create_bgp_peer.Rd:12): Warning: missing </ul> before </div> directconnect_create_connection.html:87:1 (directconnect_create_connection.Rd:37): Warning: missing </ul> before </div> directconnect_create_direct_connec_gatewa_associ_propos.html:73:1 (directconnect_create_direct_connec_gatewa_associ_propos.Rd:27): Warning: missing </ul> before </div> directconnect_create_direct_connect_gateway.html:60:1 (directconnect_create_direct_connect_gateway.Rd:20): Warning: missing </ul> before </div> directconnect_create_direct_connect_gateway_association.html:72:1 (directconnect_create_direct_connect_gateway_association.Rd:28): Warning: missing </ul> before </div> directconnect_create_interconnect.html:76:1 (directconnect_create_interconnect.Rd:28): Warning: missing </ul> before </div> directconnect_create_lag.html:101:1 (directconnect_create_lag.Rd:47): Warning: missing </ul> before </div> directconnect_create_private_virtual_interface.html:55:1 (directconnect_create_private_virtual_interface.Rd:15): Warning: missing </ul> before </div> directconnect_create_public_virtual_interface.html:55:1 (directconnect_create_public_virtual_interface.Rd:15): Warning: missing </ul> before </div> directconnect_create_transit_virtual_interface.html:55:1 (directconnect_create_transit_virtual_interface.Rd:15): Warning: missing </ul> before </div> directconnect_delete_bgp_peer.html:67:1 (directconnect_delete_bgp_peer.Rd:23): Warning: missing </ul> before </div> directconnect_delete_connection.html:48:1 (directconnect_delete_connection.Rd:10): Warning: missing </ul> before </div> directconnect_delete_direct_connec_gatewa_associ_propos.html:49:1 (directconnect_delete_direct_connec_gatewa_associ_propos.Rd:11): Warning: missing </ul> before </div> directconnect_delete_direct_connect_gateway.html:48:1 (directconnect_delete_direct_connect_gateway.Rd:10): Warning: missing </ul> before </div> directconnect_delete_direct_connect_gateway_association.html:61:1 (directconnect_delete_direct_connect_gateway_association.Rd:19): Warning: missing </ul> before </div> directconnect_delete_interconnect.html:48:1 (directconnect_delete_interconnect.Rd:10): Warning: missing </ul> before </div> directconnect_delete_lag.html:48:1 (directconnect_delete_lag.Rd:10): Warning: missing </ul> before </div> directconnect_delete_virtual_interface.html:48:1 (directconnect_delete_virtual_interface.Rd:10): Warning: missing </ul> before </div> directconnect_descri_direct_connec_gatewa_associ_propos.html:76:1 (directconnect_descri_direct_connec_gatewa_associ_propos.Rd:30): Warning: missing </ul> before </div> directconnect_describe_connection_loa.html:64:1 (directconnect_describe_connection_loa.Rd:22): Warning: missing </ul> before </div> directconnect_describe_connections.html:48:1 (directconnect_describe_connections.Rd:10): Warning: missing </ul> before </div> directconnect_describe_connections_on_interconnect.html:48:1 (directconnect_describe_connections_on_interconnect.Rd:10): Warning: missing </ul> before </div> directconnect_describe_direct_connect_gateway_associations.html:81:1 (directconnect_describe_direct_connect_gateway_associations.Rd:33): Warning: missing </ul> before </div> directconnect_describe_direct_connect_gateway_attachments.html:71:1 (directconnect_describe_direct_connect_gateway_attachments.Rd:27): Warning: missing </ul> before </div> directconnect_describe_direct_connect_gateways.html:66:1 (directconnect_describe_direct_connect_gateways.Rd:24): Warning: missing </ul> before </div> directconnect_describe_hosted_connections.html:49:1 (directconnect_describe_hosted_connections.Rd:11): Warning: missing </ul> before </div> directconnect_describe_interconnect_loa.html:63:1 (directconnect_describe_interconnect_loa.Rd:21): Warning: missing </ul> before </div> directconnect_describe_interconnects.html:49:1 (directconnect_describe_interconnects.Rd:11): Warning: missing </ul> before </div> directconnect_describe_lags.html:48:1 (directconnect_describe_lags.Rd:10): Warning: missing </ul> before </div> directconnect_describe_loa.html:64:1 (directconnect_describe_loa.Rd:22): Warning: missing </ul> before </div> directconnect_describe_router_configuration.html:56:1 (directconnect_describe_router_configuration.Rd:16): Warning: missing </ul> before </div> directconnect_describe_tags.html:49:1 (directconnect_describe_tags.Rd:11): Warning: missing </ul> before </div> directconnect_describe_virtual_interfaces.html:55:1 (directconnect_describe_virtual_interfaces.Rd:15): Warning: missing </ul> before </div> directconnect_disassociate_connection_from_lag.html:52:1 (directconnect_disassociate_connection_from_lag.Rd:12): Warning: missing </ul> before </div> directconnect_disassociate_mac_sec_key.html:61:1 (directconnect_disassociate_mac_sec_key.Rd:21): Warning: missing </ul> before </div> directconnect_list_virtual_interface_test_history.html:81:1 (directconnect_list_virtual_interface_test_history.Rd:33): Warning: missing </ul> before </div> directconnect_start_bgp_failover_test.html:66:1 (directconnect_start_bgp_failover_test.Rd:24): Warning: missing </ul> before </div> directconnect_stop_bgp_failover_test.html:48:1 (directconnect_stop_bgp_failover_test.Rd:10): Warning: missing </ul> before </div> directconnect_tag_resource.html:52:1 (directconnect_tag_resource.Rd:12): Warning: missing </ul> before </div> directconnect_untag_resource.html:52:1 (directconnect_untag_resource.Rd:12): Warning: missing </ul> before </div> directconnect_update_connection.html:65:1 (directconnect_update_connection.Rd:23): Warning: missing </ul> before </div> directconnect_update_direct_connect_gateway.html:55:1 (directconnect_update_direct_connect_gateway.Rd:15): Warning: missing </ul> before </div> directconnect_update_direct_connect_gateway_association.html:62:1 (directconnect_update_direct_connect_gateway_association.Rd:20): Warning: missing </ul> before </div> directconnect_update_lag.html:69:1 (directconnect_update_lag.Rd:25): Warning: missing </ul> before </div> directconnect_update_virtual_interface_attributes.html:67:1 (directconnect_update_virtual_interface_attributes.Rd:23): Warning: missing </ul> before </div> elb_add_tags.html:52:1 (elb_add_tags.Rd:12): Warning: missing </ul> before </div> elb_apply_security_groups_to_load_balancer.html:54:1 (elb_apply_security_groups_to_load_balancer.Rd:14): Warning: missing </ul> before </div> elb_attach_load_balancer_to_subnets.html:54:1 (elb_attach_load_balancer_to_subnets.Rd:14): Warning: missing </ul> before </div> elb_configure_health_check.html:53:1 (elb_configure_health_check.Rd:13): Warning: missing </ul> before </div> elb_create_app_cookie_stickiness_policy.html:63:1 (elb_create_app_cookie_stickiness_policy.Rd:21): Warning: missing </ul> before </div> elb_create_lb_cookie_stickiness_policy.html:67:1 (elb_create_lb_cookie_stickiness_policy.Rd:25): Warning: missing </ul> before </div> elb_create_load_balancer.html:108:1 (elb_create_load_balancer.Rd:58): Warning: missing </ul> before </div> elb_create_load_balancer_listeners.html:52:1 (elb_create_load_balancer_listeners.Rd:12): Warning: missing </ul> before </div> elb_create_load_balancer_policy.html:68:1 (elb_create_load_balancer_policy.Rd:24): Warning: missing </ul> before </div> elb_delete_load_balancer.html:48:1 (elb_delete_load_balancer.Rd:10): Warning: missing </ul> before </div> elb_delete_load_balancer_listeners.html:52:1 (elb_delete_load_balancer_listeners.Rd:12): Warning: missing </ul> before </div> elb_delete_load_balancer_policy.html:52:1 (elb_delete_load_balancer_policy.Rd:12): Warning: missing </ul> before </div> elb_deregister_instances_from_load_balancer.html:52:1 (elb_deregister_instances_from_load_balancer.Rd:12): Warning: missing </ul> before </div> elb_describe_account_limits.html:54:1 (elb_describe_account_limits.Rd:14): Warning: missing </ul> before </div> elb_describe_instance_health.html:53:1 (elb_describe_instance_health.Rd:13): Warning: missing </ul> before </div> elb_describe_load_balancer_attributes.html:48:1 (elb_describe_load_balancer_attributes.Rd:10): Warning: missing </ul> before </div> elb_describe_load_balancer_policies.html:55:1 (elb_describe_load_balancer_policies.Rd:15): Warning: missing </ul> before </div> elb_describe_load_balancer_policy_types.html:50:1 (elb_describe_load_balancer_policy_types.Rd:12): Warning: missing </ul> before </div> elb_describe_load_balancers.html:62:1 (elb_describe_load_balancers.Rd:20): Warning: missing </ul> before </div> elb_describe_tags.html:48:1 (elb_describe_tags.Rd:10): Warning: missing </ul> before </div> elb_detach_load_balancer_from_subnets.html:53:1 (elb_detach_load_balancer_from_subnets.Rd:13): Warning: missing </ul> before </div> elb_disable_availability_zones_for_load_balancer.html:56:1 (elb_disable_availability_zones_for_load_balancer.Rd:16): Warning: missing </ul> before </div> elb_enable_availability_zones_for_load_balancer.html:57:1 (elb_enable_availability_zones_for_load_balancer.Rd:17): Warning: missing </ul> before </div> elb_modify_load_balancer_attributes.html:52:1 (elb_modify_load_balancer_attributes.Rd:12): Warning: missing </ul> before </div> elb_register_instances_with_load_balancer.html:52:1 (elb_register_instances_with_load_balancer.Rd:12): Warning: missing </ul> before </div> elb_remove_tags.html:53:1 (elb_remove_tags.Rd:13): Warning: missing </ul> before </div> elb_set_load_balancer_listener_ssl_certificate.html:61:1 (elb_set_load_balancer_listener_ssl_certificate.Rd:19): Warning: missing </ul> before </div> elb_set_load_balancer_policies_for_backend_server.html:62:1 (elb_set_load_balancer_policies_for_backend_server.Rd:20): Warning: missing </ul> before </div> elb_set_load_balancer_policies_of_listener.html:63:1 (elb_set_load_balancer_policies_of_listener.Rd:21): Warning: missing </ul> before </div> elbv2_add_listener_certificates.html:54:1 (elbv2_add_listener_certificates.Rd:14): Warning: missing </ul> before </div> elbv2_add_tags.html:52:1 (elbv2_add_tags.Rd:12): Warning: missing </ul> before </div> elbv2_add_trust_store_revocations.html:52:1 (elbv2_add_trust_store_revocations.Rd:12): Warning: missing </ul> before </div> elbv2_create_listener.html:127:1 (elbv2_create_listener.Rd:62): Warning: missing </ul> before </div> elbv2_create_load_balancer.html:164:1 (elbv2_create_load_balancer.Rd:108): Warning: missing </ul> before </div> elbv2_create_rule.html:65:1 (elbv2_create_rule.Rd:19): Warning: missing </ul> before </div> elbv2_create_target_group.html:209:1 (elbv2_create_target_group.Rd:130): Warning: missing </ul> before </div> elbv2_create_trust_store.html:73:1 (elbv2_create_trust_store.Rd:27): Warning: missing </ul> before </div> elbv2_delete_listener.html:48:1 (elbv2_delete_listener.Rd:10): Warning: missing </ul> before </div> elbv2_delete_load_balancer.html:49:1 (elbv2_delete_load_balancer.Rd:11): Warning: missing </ul> before </div> elbv2_delete_rule.html:48:1 (elbv2_delete_rule.Rd:10): Warning: missing </ul> before </div> elbv2_delete_shared_trust_store_association.html:52:1 (elbv2_delete_shared_trust_store_association.Rd:12): Warning: missing </ul> before </div> elbv2_delete_target_group.html:48:1 (elbv2_delete_target_group.Rd:10): Warning: missing </ul> before </div> elbv2_delete_trust_store.html:48:1 (elbv2_delete_trust_store.Rd:10): Warning: missing </ul> before </div> elbv2_deregister_targets.html:54:1 (elbv2_deregister_targets.Rd:14): Warning: missing </ul> before </div> elbv2_describe_account_limits.html:54:1 (elbv2_describe_account_limits.Rd:14): Warning: missing </ul> before </div> elbv2_describe_capacity_reservation.html:49:1 (elbv2_describe_capacity_reservation.Rd:11): Warning: missing </ul> before </div> elbv2_describe_listener_attributes.html:48:1 (elbv2_describe_listener_attributes.Rd:10): Warning: missing </ul> before </div> elbv2_describe_listener_certificates.html:62:1 (elbv2_describe_listener_certificates.Rd:20): Warning: missing </ul> before </div> elbv2_describe_listeners.html:68:1 (elbv2_describe_listeners.Rd:24): Warning: missing </ul> before </div> elbv2_describe_load_balancer_attributes.html:49:1 (elbv2_describe_load_balancer_attributes.Rd:11): Warning: missing </ul> before </div> elbv2_describe_load_balancers.html:67:1 (elbv2_describe_load_balancers.Rd:23): Warning: missing </ul> before </div> elbv2_describe_rules.html:66:1 (elbv2_describe_rules.Rd:22): Warning: missing </ul> before </div> elbv2_describe_ssl_policies.html:68:1 (elbv2_describe_ssl_policies.Rd:24): Warning: missing </ul> before </div> elbv2_describe_tags.html:49:1 (elbv2_describe_tags.Rd:11): Warning: missing </ul> before </div> elbv2_describe_target_group_attributes.html:48:1 (elbv2_describe_target_group_attributes.Rd:10): Warning: missing </ul> before </div> elbv2_describe_target_groups.html:71:1 (elbv2_describe_target_groups.Rd:25): Warning: missing </ul> before </div> elbv2_describe_target_health.html:56:1 (elbv2_describe_target_health.Rd:14): Warning: missing </ul> before </div> elbv2_describe_trust_store_associations.html:61:1 (elbv2_describe_trust_store_associations.Rd:19): Warning: missing </ul> before </div> elbv2_describe_trust_store_revocations.html:67:1 (elbv2_describe_trust_store_revocations.Rd:23): Warning: missing </ul> before </div> elbv2_describe_trust_stores.html:66:1 (elbv2_describe_trust_stores.Rd:22): Warning: missing </ul> before </div> elbv2_get_resource_policy.html:48:1 (elbv2_get_resource_policy.Rd:10): Warning: missing </ul> before </div> elbv2_get_trust_store_ca_certificates_bundle.html:48:1 (elbv2_get_trust_store_ca_certificates_bundle.Rd:10): Warning: missing </ul> before </div> elbv2_get_trust_store_revocation_content.html:52:1 (elbv2_get_trust_store_revocation_content.Rd:12): Warning: missing </ul> before </div> elbv2_modify_capacity_reservation.html:60:1 (elbv2_modify_capacity_reservation.Rd:18): Warning: missing </ul> before </div> elbv2_modify_listener.html:120:1 (elbv2_modify_listener.Rd:57): Warning: missing </ul> before </div> elbv2_modify_listener_attributes.html:52:1 (elbv2_modify_listener_attributes.Rd:12): Warning: missing </ul> before </div> elbv2_modify_load_balancer_attributes.html:53:1 (elbv2_modify_load_balancer_attributes.Rd:13): Warning: missing </ul> before </div> elbv2_modify_rule.html:56:1 (elbv2_modify_rule.Rd:14): Warning: missing </ul> before </div> elbv2_modify_target_group.html:119:1 (elbv2_modify_target_group.Rd:63): Warning: missing </ul> before </div> elbv2_modify_target_group_attributes.html:52:1 (elbv2_modify_target_group_attributes.Rd:12): Warning: missing </ul> before </div> elbv2_modify_trust_store.html:66:1 (elbv2_modify_trust_store.Rd:22): Warning: missing </ul> before </div> elbv2_register_targets.html:52:1 (elbv2_register_targets.Rd:12): Warning: missing </ul> before </div> elbv2_remove_listener_certificates.html:54:1 (elbv2_remove_listener_certificates.Rd:14): Warning: missing </ul> before </div> elbv2_remove_tags.html:53:1 (elbv2_remove_tags.Rd:13): Warning: missing </ul> before </div> elbv2_remove_trust_store_revocations.html:52:1 (elbv2_remove_trust_store_revocations.Rd:12): Warning: missing </ul> before </div> elbv2_set_ip_address_type.html:67:1 (elbv2_set_ip_address_type.Rd:27): Warning: missing </ul> before </div> elbv2_set_rule_priorities.html:48:1 (elbv2_set_rule_priorities.Rd:10): Warning: missing </ul> before </div> elbv2_set_security_groups.html:63:1 (elbv2_set_security_groups.Rd:21): Warning: missing </ul> before </div> elbv2_set_subnets.html:117:1 (elbv2_set_subnets.Rd:71): Warning: missing </ul> before </div> globalaccelerator_add_custom_routing_endpoints.html:57:1 (globalaccelerator_add_custom_routing_endpoints.Rd:17): Warning: missing </ul> before </div> globalaccelerator_add_endpoints.html:52:1 (globalaccelerator_add_endpoints.Rd:12): Warning: missing </ul> before </div> globalaccelerator_advertise_byoip_cidr.html:55:1 (globalaccelerator_advertise_byoip_cidr.Rd:17): Warning: missing </ul> before </div> globalaccelerator_allow_custom_routing_traffic.html:94:1 (globalaccelerator_allow_custom_routing_traffic.Rd:48): Warning: missing </ul> before </div> globalaccelerator_create_accelerator.html:107:1 (globalaccelerator_create_accelerator.Rd:59): Warning: missing </ul> before </div> globalaccelerator_create_cross_account_attachment.html:79:1 (globalaccelerator_create_cross_account_attachment.Rd:33): Warning: missing </ul> before </div> globalaccelerator_create_custom_routing_accelerator.html:107:1 (globalaccelerator_create_custom_routing_accelerator.Rd:59): Warning: missing </ul> before </div> globalaccelerator_create_custom_routing_endpoint_group.html:71:1 (globalaccelerator_create_custom_routing_endpoint_group.Rd:27): Warning: missing </ul> before </div> globalaccelerator_create_custom_routing_listener.html:67:1 (globalaccelerator_create_custom_routing_listener.Rd:25): Warning: missing </ul> before </div> globalaccelerator_create_endpoint_group.html:126:1 (globalaccelerator_create_endpoint_group.Rd:68): Warning: missing </ul> before </div> globalaccelerator_create_listener.html:93:1 (globalaccelerator_create_listener.Rd:47): Warning: missing </ul> before </div> globalaccelerator_delete_accelerator.html:48:1 (globalaccelerator_delete_accelerator.Rd:10): Warning: missing </ul> before </div> globalaccelerator_delete_cross_account_attachment.html:49:1 (globalaccelerator_delete_cross_account_attachment.Rd:11): Warning: missing </ul> before </div> globalaccelerator_delete_custom_routing_accelerator.html:49:1 (globalaccelerator_delete_custom_routing_accelerator.Rd:11): Warning: missing </ul> before </div> globalaccelerator_delete_custom_routing_endpoint_group.html:49:1 (globalaccelerator_delete_custom_routing_endpoint_group.Rd:11): Warning: missing </ul> before </div> globalaccelerator_delete_custom_routing_listener.html:48:1 (globalaccelerator_delete_custom_routing_listener.Rd:10): Warning: missing </ul> before </div> globalaccelerator_delete_endpoint_group.html:48:1 (globalaccelerator_delete_endpoint_group.Rd:10): Warning: missing </ul> before </div> globalaccelerator_delete_listener.html:48:1 (globalaccelerator_delete_listener.Rd:10): Warning: missing </ul> before </div> globalaccelerator_deny_custom_routing_traffic.html:91:1 (globalaccelerator_deny_custom_routing_traffic.Rd:45): Warning: missing </ul> before </div> globalaccelerator_deprovision_byoip_cidr.html:54:1 (globalaccelerator_deprovision_byoip_cidr.Rd:16): Warning: missing </ul> before </div> globalaccelerator_descri_custom_routin_accele_attrib.html:51:1 (globalaccelerator_descri_custom_routin_accele_attrib.Rd:13): Warning: missing </ul> before </div> globalaccelerator_describe_accelerator.html:48:1 (globalaccelerator_describe_accelerator.Rd:10): Warning: missing </ul> before </div> globalaccelerator_describe_accelerator_attributes.html:49:1 (globalaccelerator_describe_accelerator_attributes.Rd:11): Warning: missing </ul> before </div> globalaccelerator_describe_cross_account_attachment.html:49:1 (globalaccelerator_describe_cross_account_attachment.Rd:11): Warning: missing </ul> before </div> globalaccelerator_describe_custom_routing_accelerator.html:48:1 (globalaccelerator_describe_custom_routing_accelerator.Rd:10): Warning: missing </ul> before </div> globalaccelerator_describe_custom_routing_endpoint_group.html:48:1 (globalaccelerator_describe_custom_routing_endpoint_group.Rd:10): Warning: missing </ul> before </div> globalaccelerator_describe_custom_routing_listener.html:48:1 (globalaccelerator_describe_custom_routing_listener.Rd:10): Warning: missing </ul> before </div> globalaccelerator_describe_endpoint_group.html:48:1 (globalaccelerator_describe_endpoint_group.Rd:10): Warning: missing </ul> before </div> globalaccelerator_describe_listener.html:48:1 (globalaccelerator_describe_listener.Rd:10): Warning: missing </ul> before </div> globalaccelerator_list_accelerators.html:54:1 (globalaccelerator_list_accelerators.Rd:14): Warning: missing </ul> before </div> globalaccelerator_list_byoip_cidrs.html:56:1 (globalaccelerator_list_byoip_cidrs.Rd:16): Warning: missing </ul> before </div> globalaccelerator_list_cross_account_attachments.html:58:1 (globalaccelerator_list_cross_account_attachments.Rd:18): Warning: missing </ul> before </div> globalaccelerator_list_cross_account_resources.html:68:1 (globalaccelerator_list_cross_account_resources.Rd:24): Warning: missing </ul> before </div> globalaccelerator_list_custo_routi_port_mappi_by_desti.html:69:1 (globalaccelerator_list_custo_routi_port_mappi_by_desti.Rd:25): Warning: missing </ul> before </div> globalaccelerator_list_custom_routing_accelerators.html:57:1 (globalaccelerator_list_custom_routing_accelerators.Rd:17): Warning: missing </ul> before </div> globalaccelerator_list_custom_routing_endpoint_groups.html:64:1 (globalaccelerator_list_custom_routing_endpoint_groups.Rd:22): Warning: missing </ul> before </div> globalaccelerator_list_custom_routing_listeners.html:62:1 (globalaccelerator_list_custom_routing_listeners.Rd:20): Warning: missing </ul> before </div> globalaccelerator_list_custom_routing_port_mappings.html:71:1 (globalaccelerator_list_custom_routing_port_mappings.Rd:27): Warning: missing </ul> before </div> globalaccelerator_list_endpoint_groups.html:62:1 (globalaccelerator_list_endpoint_groups.Rd:20): Warning: missing </ul> before </div> globalaccelerator_list_listeners.html:63:1 (globalaccelerator_list_listeners.Rd:21): Warning: missing </ul> before </div> globalaccelerator_list_tags_for_resource.html:49:1 (globalaccelerator_list_tags_for_resource.Rd:11): Warning: missing </ul> before </div> globalaccelerator_provision_byoip_cidr.html:61:1 (globalaccelerator_provision_byoip_cidr.Rd:21): Warning: missing </ul> before </div> globalaccelerator_remove_custom_routing_endpoints.html:57:1 (globalaccelerator_remove_custom_routing_endpoints.Rd:17): Warning: missing </ul> before </div> globalaccelerator_remove_endpoints.html:52:1 (globalaccelerator_remove_endpoints.Rd:12): Warning: missing </ul> before </div> globalaccelerator_tag_resource.html:54:1 (globalaccelerator_tag_resource.Rd:14): Warning: missing </ul> before </div> globalaccelerator_untag_resource.html:53:1 (globalaccelerator_untag_resource.Rd:13): Warning: missing </ul> before </div> globalaccelerator_update_accelerator.html:77:1 (globalaccelerator_update_accelerator.Rd:31): Warning: missing </ul> before </div> globalaccelerator_update_accelerator_attributes.html:80:1 (globalaccelerator_update_accelerator_attributes.Rd:36): Warning: missing </ul> before </div> globalaccelerator_update_cross_account_attachment.html:98:1 (globalaccelerator_update_cross_account_attachment.Rd:50): Warning: missing </ul> before </div> globalaccelerator_update_custom_routin_accele_attrib.html:82:1 (globalaccelerator_update_custom_routin_accele_attrib.Rd:38): Warning: missing </ul> before </div> globalaccelerator_update_custom_routing_accelerator.html:77:1 (globalaccelerator_update_custom_routing_accelerator.Rd:31): Warning: missing </ul> before </div> globalaccelerator_update_custom_routing_listener.html:57:1 (globalaccelerator_update_custom_routing_listener.Rd:17): Warning: missing </ul> before </div> globalaccelerator_update_endpoint_group.html:115:1 (globalaccelerator_update_endpoint_group.Rd:61): Warning: missing </ul> before </div> globalaccelerator_update_listener.html:87:1 (globalaccelerator_update_listener.Rd:43): Warning: missing </ul> before </div> globalaccelerator_withdraw_byoip_cidr.html:52:1 (globalaccelerator_withdraw_byoip_cidr.Rd:14): Warning: missing </ul> before </div> networkfirewall_associate_firewall_policy.html:86:1 (networkfirewall_associate_firewall_policy.Rd:42): Warning: missing </ul> before </div> networkfirewall_associate_subnets.html:86:1 (networkfirewall_associate_subnets.Rd:42): Warning: missing </ul> before </div> networkfirewall_create_firewall.html:122:1 (networkfirewall_create_firewall.Rd:64): Warning: missing </ul> before </div> networkfirewall_create_firewall_policy.html:90:1 (networkfirewall_create_firewall_policy.Rd:42): Warning: missing </ul> before </div> networkfirewall_create_rule_group.html:185:1 (networkfirewall_create_rule_group.Rd:120): Warning: missing </ul> before </div> networkfirewall_create_tls_inspection_configuration.html:87:1 (networkfirewall_create_tls_inspection_configuration.Rd:42): Warning: missing </ul> before </div> networkfirewall_delete_firewall.html:57:1 (networkfirewall_delete_firewall.Rd:17): Warning: missing </ul> before </div> networkfirewall_delete_firewall_policy.html:60:1 (networkfirewall_delete_firewall_policy.Rd:20): Warning: missing </ul> before </div> networkfirewall_delete_resource_policy.html:50:1 (networkfirewall_delete_resource_policy.Rd:12): Warning: missing </ul> before </div> networkfirewall_delete_rule_group.html:70:1 (networkfirewall_delete_rule_group.Rd:28): Warning: missing </ul> before </div> networkfirewall_delete_tls_inspection_configuration.html:60:1 (networkfirewall_delete_tls_inspection_configuration.Rd:20): Warning: missing </ul> before </div> networkfirewall_describe_firewall.html:57:1 (networkfirewall_describe_firewall.Rd:17): Warning: missing </ul> before </div> networkfirewall_describe_firewall_policy.html:60:1 (networkfirewall_describe_firewall_policy.Rd:20): Warning: missing </ul> before </div> networkfirewall_describe_logging_configuration.html:60:1 (networkfirewall_describe_logging_configuration.Rd:20): Warning: missing </ul> before </div> networkfirewall_describe_resource_policy.html:50:1 (networkfirewall_describe_resource_policy.Rd:12): Warning: missing </ul> before </div> networkfirewall_describe_rule_group.html:77:1 (networkfirewall_describe_rule_group.Rd:33): Warning: missing </ul> before </div> networkfirewall_describe_rule_group_metadata.html:72:1 (networkfirewall_describe_rule_group_metadata.Rd:30): Warning: missing </ul> before </div> networkfirewall_describe_tls_inspection_configuration.html:60:1 (networkfirewall_describe_tls_inspection_configuration.Rd:20): Warning: missing </ul> before </div> networkfirewall_disassociate_subnets.html:86:1 (networkfirewall_disassociate_subnets.Rd:42): Warning: missing </ul> before </div> networkfirewall_get_analysis_report_results.html:84:1 (networkfirewall_get_analysis_report_results.Rd:38): Warning: missing </ul> before </div> networkfirewall_list_analysis_reports.html:78:1 (networkfirewall_list_analysis_reports.Rd:34): Warning: missing </ul> before </div> networkfirewall_list_firewall_policies.html:59:1 (networkfirewall_list_firewall_policies.Rd:19): Warning: missing </ul> before </div> networkfirewall_list_firewalls.html:69:1 (networkfirewall_list_firewalls.Rd:27): Warning: missing </ul> before </div> networkfirewall_list_rule_groups.html:82:1 (networkfirewall_list_rule_groups.Rd:36): Warning: missing </ul> before </div> networkfirewall_list_tags_for_resource.html:67:1 (networkfirewall_list_tags_for_resource.Rd:25): Warning: missing </ul> before </div> networkfirewall_list_tls_inspection_configurations.html:63:1 (networkfirewall_list_tls_inspection_configurations.Rd:23): Warning: missing </ul> before </div> networkfirewall_put_resource_policy.html:86:1 (networkfirewall_put_resource_policy.Rd:34): Warning: missing </ul> before </div> networkfirewall_start_analysis_report.html:66:1 (networkfirewall_start_analysis_report.Rd:24): Warning: missing </ul> before </div> networkfirewall_tag_resource.html:52:1 (networkfirewall_tag_resource.Rd:12): Warning: missing </ul> before </div> networkfirewall_untag_resource.html:52:1 (networkfirewall_untag_resource.Rd:12): Warning: missing </ul> before </div> networkfirewall_update_firewall_analysis_settings.html:88:1 (networkfirewall_update_firewall_analysis_settings.Rd:44): Warning: missing </ul> before </div> networkfirewall_update_firewall_delete_protection.html:91:1 (networkfirewall_update_firewall_delete_protection.Rd:47): Warning: missing </ul> before </div> networkfirewall_update_firewall_description.html:87:1 (networkfirewall_update_firewall_description.Rd:43): Warning: missing </ul> before </div> networkfirewall_update_firewall_encryption_configuration.html:82:1 (networkfirewall_update_firewall_encryption_configuration.Rd:39): Warning: missing </ul> before </div> networkfirewall_update_firewall_policy.html:111:1 (networkfirewall_update_firewall_policy.Rd:61): Warning: missing </ul> before </div> networkfirewall_update_firewall_policy_change_protection.html:91:1 (networkfirewall_update_firewall_policy_change_protection.Rd:47): Warning: missing </ul> before </div> networkfirewall_update_logging_configuration.html:66:1 (networkfirewall_update_logging_configuration.Rd:24): Warning: missing </ul> before </div> networkfirewall_update_rule_group.html:152:1 (networkfirewall_update_rule_group.Rd:94): Warning: missing </ul> before </div> networkfirewall_update_subnet_change_protection.html:90:1 (networkfirewall_update_subnet_change_protection.Rd:46): Warning: missing </ul> before </div> networkfirewall_update_tls_inspection_configuration.html:107:1 (networkfirewall_update_tls_inspection_configuration.Rd:59): Warning: missing </ul> before </div> networkmanager_accept_attachment.html:48:1 (networkmanager_accept_attachment.Rd:10): Warning: missing </ul> before </div> networkmanager_associate_connect_peer.html:66:1 (networkmanager_associate_connect_peer.Rd:22): Warning: missing </ul> before </div> networkmanager_associate_customer_gateway.html:65:1 (networkmanager_associate_customer_gateway.Rd:21): Warning: missing </ul> before </div> networkmanager_associate_link.html:56:1 (networkmanager_associate_link.Rd:14): Warning: missing </ul> before </div> networkmanager_associate_transit_gateway_connect_peer.html:66:1 (networkmanager_associate_transit_gateway_connect_peer.Rd:22): Warning: missing </ul> before </div> networkmanager_create_connect_attachment.html:76:1 (networkmanager_create_connect_attachment.Rd:28): Warning: missing </ul> before </div> networkmanager_create_connect_peer.html:89:1 (networkmanager_create_connect_peer.Rd:37): Warning: missing </ul> before </div> networkmanager_create_connection.html:82:1 (networkmanager_create_connection.Rd:32): Warning: missing </ul> before </div> networkmanager_create_core_network.html:71:1 (networkmanager_create_core_network.Rd:25): Warning: missing </ul> before </div> networkmanager_create_device.html:104:1 (networkmanager_create_device.Rd:48): Warning: missing </ul> before </div> networkmanager_create_direct_connect_gateway_attachment.html:73:1 (networkmanager_create_direct_connect_gateway_attachment.Rd:27): Warning: missing </ul> before </div> networkmanager_create_global_network.html:54:1 (networkmanager_create_global_network.Rd:14): Warning: missing </ul> before </div> networkmanager_create_link.html:88:1 (networkmanager_create_link.Rd:38): Warning: missing </ul> before </div> networkmanager_create_site.html:81:1 (networkmanager_create_site.Rd:30): Warning: missing </ul> before </div> networkmanager_create_site_to_site_vpn_attachment.html:67:1 (networkmanager_create_site_to_site_vpn_attachment.Rd:23): Warning: missing </ul> before </div> networkmanager_create_transit_gateway_peering.html:65:1 (networkmanager_create_transit_gateway_peering.Rd:21): Warning: missing </ul> before </div> networkmanager_create_transit_gateway_route_table_attachment.html:67:1 (networkmanager_create_transit_gateway_route_table_attachment.Rd:23): Warning: missing </ul> before </div> networkmanager_create_vpc_attachment.html:75:1 (networkmanager_create_vpc_attachment.Rd:27): Warning: missing </ul> before </div> networkmanager_delete_attachment.html:48:1 (networkmanager_delete_attachment.Rd:10): Warning: missing </ul> before </div> networkmanager_delete_connect_peer.html:48:1 (networkmanager_delete_connect_peer.Rd:10): Warning: missing </ul> before </div> networkmanager_delete_connection.html:52:1 (networkmanager_delete_connection.Rd:12): Warning: missing </ul> before </div> networkmanager_delete_core_network.html:48:1 (networkmanager_delete_core_network.Rd:10): Warning: missing </ul> before </div> networkmanager_delete_core_network_policy_version.html:55:1 (networkmanager_delete_core_network_policy_version.Rd:15): Warning: missing </ul> before </div> networkmanager_delete_device.html:52:1 (networkmanager_delete_device.Rd:12): Warning: missing </ul> before </div> networkmanager_delete_global_network.html:48:1 (networkmanager_delete_global_network.Rd:10): Warning: missing </ul> before </div> networkmanager_delete_link.html:52:1 (networkmanager_delete_link.Rd:12): Warning: missing </ul> before </div> networkmanager_delete_peering.html:48:1 (networkmanager_delete_peering.Rd:10): Warning: missing </ul> before </div> networkmanager_delete_resource_policy.html:48:1 (networkmanager_delete_resource_policy.Rd:10): Warning: missing </ul> before </div> networkmanager_delete_site.html:52:1 (networkmanager_delete_site.Rd:12): Warning: missing </ul> before </div> networkmanager_deregister_transit_gateway.html:52:1 (networkmanager_deregister_transit_gateway.Rd:12): Warning: missing </ul> before </div> networkmanager_describe_global_networks.html:60:1 (networkmanager_describe_global_networks.Rd:18): Warning: missing </ul> before </div> networkmanager_disassociate_connect_peer.html:52:1 (networkmanager_disassociate_connect_peer.Rd:12): Warning: missing </ul> before </div> networkmanager_disassociate_customer_gateway.html:55:1 (networkmanager_disassociate_customer_gateway.Rd:15): Warning: missing </ul> before </div> networkmanager_disassociate_link.html:56:1 (networkmanager_disassociate_link.Rd:14): Warning: missing </ul> before </div> networkmanager_disassociate_transit_gateway_connect_peer.html:55:1 (networkmanager_disassociate_transit_gateway_connect_peer.Rd:15): Warning: missing </ul> before </div> networkmanager_execute_core_network_change_set.html:52:1 (networkmanager_execute_core_network_change_set.Rd:12): Warning: missing </ul> before </div> networkmanager_get_connect_attachment.html:48:1 (networkmanager_get_connect_attachment.Rd:10): Warning: missing </ul> before </div> networkmanager_get_connect_peer.html:48:1 (networkmanager_get_connect_peer.Rd:10): Warning: missing </ul> before </div> networkmanager_get_connect_peer_associations.html:65:1 (networkmanager_get_connect_peer_associations.Rd:21): Warning: missing </ul> before </div> networkmanager_get_connections.html:71:1 (networkmanager_get_connections.Rd:25): Warning: missing </ul> before </div> networkmanager_get_core_network.html:48:1 (networkmanager_get_core_network.Rd:10): Warning: missing </ul> before </div> networkmanager_get_core_network_change_events.html:65:1 (networkmanager_get_core_network_change_events.Rd:21): Warning: missing </ul> before </div> networkmanager_get_core_network_change_set.html:66:1 (networkmanager_get_core_network_change_set.Rd:22): Warning: missing </ul> before </div> networkmanager_get_core_network_policy.html:60:1 (networkmanager_get_core_network_policy.Rd:18): Warning: missing </ul> before </div> networkmanager_get_customer_gateway_associations.html:67:1 (networkmanager_get_customer_gateway_associations.Rd:23): Warning: missing </ul> before </div> networkmanager_get_devices.html:70:1 (networkmanager_get_devices.Rd:24): Warning: missing </ul> before </div> networkmanager_get_direct_connect_gateway_attachment.html:50:1 (networkmanager_get_direct_connect_gateway_attachment.Rd:12): Warning: missing </ul> before </div> networkmanager_get_link_associations.html:70:1 (networkmanager_get_link_associations.Rd:24): Warning: missing </ul> before </div> networkmanager_get_links.html:80:1 (networkmanager_get_links.Rd:30): Warning: missing </ul> before </div> networkmanager_get_network_resource_counts.html:132:1 (networkmanager_get_network_resource_counts.Rd:51): Warning: missing </ul> before </div> networkmanager_get_network_resource_relationships.html:156:1 (networkmanager_get_network_resource_relationships.Rd:65): Warning: missing </ul> before </div> networkmanager_get_network_resources.html:156:1 (networkmanager_get_network_resources.Rd:65): Warning: missing </ul> before </div> networkmanager_get_network_routes.html:97:1 (networkmanager_get_network_routes.Rd:41): Warning: missing </ul> before </div> networkmanager_get_network_telemetry.html:102:1 (networkmanager_get_network_telemetry.Rd:41): Warning: missing </ul> before </div> networkmanager_get_resource_policy.html:48:1 (networkmanager_get_resource_policy.Rd:10): Warning: missing </ul> before </div> networkmanager_get_route_analysis.html:52:1 (networkmanager_get_route_analysis.Rd:12): Warning: missing </ul> before </div> networkmanager_get_site_to_site_vpn_attachment.html:48:1 (networkmanager_get_site_to_site_vpn_attachment.Rd:10): Warning: missing </ul> before </div> networkmanager_get_sites.html:65:1 (networkmanager_get_sites.Rd:21): Warning: missing </ul> before </div> networkmanager_get_transit_gateway_connect_peer_associations.html:66:1 (networkmanager_get_transit_gateway_connect_peer_associations.Rd:22): Warning: missing </ul> before </div> networkmanager_get_transit_gateway_peering.html:48:1 (networkmanager_get_transit_gateway_peering.Rd:10): Warning: missing </ul> before </div> networkmanager_get_transit_gateway_registrations.html:67:1 (networkmanager_get_transit_gateway_registrations.Rd:23): Warning: missing </ul> before </div> networkmanager_get_transit_gateway_route_table_attachment.html:48:1 (networkmanager_get_transit_gateway_route_table_attachment.Rd:10): Warning: missing </ul> before </div> networkmanager_get_vpc_attachment.html:48:1 (networkmanager_get_vpc_attachment.Rd:10): Warning: missing </ul> before </div> networkmanager_list_attachments.html:75:1 (networkmanager_list_attachments.Rd:27): Warning: missing </ul> before </div> networkmanager_list_connect_peers.html:65:1 (networkmanager_list_connect_peers.Rd:21): Warning: missing </ul> before </div> networkmanager_list_core_network_policy_versions.html:60:1 (networkmanager_list_core_network_policy_versions.Rd:18): Warning: missing </ul> before </div> networkmanager_list_core_networks.html:52:1 (networkmanager_list_core_networks.Rd:12): Warning: missing </ul> before </div> networkmanager_list_organization_service_access_status.html:56:1 (networkmanager_list_organization_service_access_status.Rd:16): Warning: missing </ul> before </div> networkmanager_list_peerings.html:75:1 (networkmanager_list_peerings.Rd:27): Warning: missing </ul> before </div> networkmanager_list_tags_for_resource.html:48:1 (networkmanager_list_tags_for_resource.Rd:10): Warning: missing </ul> before </div> networkmanager_put_core_network_policy.html:70:1 (networkmanager_put_core_network_policy.Rd:24): Warning: missing </ul> before </div> networkmanager_put_resource_policy.html:52:1 (networkmanager_put_resource_policy.Rd:12): Warning: missing </ul> before </div> networkmanager_register_transit_gateway.html:52:1 (networkmanager_register_transit_gateway.Rd:12): Warning: missing </ul> before </div> networkmanager_reject_attachment.html:48:1 (networkmanager_reject_attachment.Rd:10): Warning: missing </ul> before </div> networkmanager_restore_core_network_policy_version.html:56:1 (networkmanager_restore_core_network_policy_version.Rd:16): Warning: missing </ul> before </div> networkmanager_start_organization_service_access_update.html:50:1 (networkmanager_start_organization_service_access_update.Rd:12): Warning: missing </ul> before </div> networkmanager_start_route_analysis.html:72:1 (networkmanager_start_route_analysis.Rd:26): Warning: missing </ul> before </div> networkmanager_tag_resource.html:52:1 (networkmanager_tag_resource.Rd:12): Warning: missing </ul> before </div> networkmanager_untag_resource.html:52:1 (networkmanager_untag_resource.Rd:12): Warning: missing </ul> before </div> networkmanager_update_connection.html:72:1 (networkmanager_update_connection.Rd:26): Warning: missing </ul> before </div> networkmanager_update_core_network.html:52:1 (networkmanager_update_core_network.Rd:12): Warning: missing </ul> before </div> networkmanager_update_device.html:103:1 (networkmanager_update_device.Rd:48): Warning: missing </ul> before </div> networkmanager_update_direct_connect_gateway_attachment.html:60:1 (networkmanager_update_direct_connect_gateway_attachment.Rd:20): Warning: missing </ul> before </div> networkmanager_update_global_network.html:54:1 (networkmanager_update_global_network.Rd:14): Warning: missing </ul> before </div> networkmanager_update_link.html:81:1 (networkmanager_update_link.Rd:33): Warning: missing </ul> before </div> networkmanager_update_network_resource_metadata.html:60:1 (networkmanager_update_network_resource_metadata.Rd:18): Warning: missing </ul> before </div> networkmanager_update_site.html:79:1 (networkmanager_update_site.Rd:28): Warning: missing </ul> before </div> networkmanager_update_vpc_attachment.html:65:1 (networkmanager_update_vpc_attachment.Rd:21): Warning: missing </ul> before </div> route53_activate_key_signing_key.html:55:1 (route53_activate_key_signing_key.Rd:15): Warning: missing </ul> before </div> route53_associate_vpc_with_hosted_zone.html:61:1 (route53_associate_vpc_with_hosted_zone.Rd:19): Warning: missing </ul> before </div> route53_change_cidr_collection.html:75:1 (route53_change_cidr_collection.Rd:28): Warning: missing </ul> before </div> route53_change_resource_record_sets.html:56:1 (route53_change_resource_record_sets.Rd:16): Warning: missing </ul> before </div> route53_change_tags_for_resource.html:81:1 (route53_change_tags_for_resource.Rd:32): Warning: missing </ul> before </div> route53_create_cidr_collection.html:55:1 (route53_create_cidr_collection.Rd:15): Warning: missing </ul> before </div> route53_create_health_check.html:85:1 (route53_create_health_check.Rd:36): Warning: missing </ul> before </div> route53_create_hosted_zone.html:117:1 (route53_create_hosted_zone.Rd:66): Warning: missing </ul> before </div> route53_create_key_signing_key.html:119:1 (route53_create_key_signing_key.Rd:63): Warning: missing </ul> before </div> route53_create_query_logging_config.html:63:1 (route53_create_query_logging_config.Rd:23): Warning: missing </ul> before </div> route53_create_reusable_delegation_set.html:62:1 (route53_create_reusable_delegation_set.Rd:22): Warning: missing </ul> before </div> route53_create_traffic_policy.html:59:1 (route53_create_traffic_policy.Rd:17): Warning: missing </ul> before </div> route53_create_traffic_policy_instance.html:78:1 (route53_create_traffic_policy_instance.Rd:32): Warning: missing </ul> before </div> route53_create_traffic_policy_version.html:62:1 (route53_create_traffic_policy_version.Rd:20): Warning: missing </ul> before </div> route53_create_vpc_association_authorization.html:56:1 (route53_create_vpc_association_authorization.Rd:16): Warning: missing </ul> before </div> route53_deactivate_key_signing_key.html:53:1 (route53_deactivate_key_signing_key.Rd:13): Warning: missing </ul> before </div> route53_delete_cidr_collection.html:48:1 (route53_delete_cidr_collection.Rd:10): Warning: missing </ul> before </div> route53_delete_health_check.html:48:1 (route53_delete_health_check.Rd:10): Warning: missing </ul> before </div> route53_delete_hosted_zone.html:48:1 (route53_delete_hosted_zone.Rd:10): Warning: missing </ul> before </div> route53_delete_key_signing_key.html:52:1 (route53_delete_key_signing_key.Rd:12): Warning: missing </ul> before </div> route53_delete_query_logging_config.html:48:1 (route53_delete_query_logging_config.Rd:10): Warning: missing </ul> before </div> route53_delete_reusable_delegation_set.html:48:1 (route53_delete_reusable_delegation_set.Rd:10): Warning: missing </ul> before </div> route53_delete_traffic_policy.html:52:1 (route53_delete_traffic_policy.Rd:12): Warning: missing </ul> before </div> route53_delete_traffic_policy_instance.html:53:1 (route53_delete_traffic_policy_instance.Rd:15): Warning: missing </ul> before </div> route53_delete_vpc_association_authorization.html:59:1 (route53_delete_vpc_association_authorization.Rd:19): Warning: missing </ul> before </div> route53_disable_hosted_zone_dnssec.html:48:1 (route53_disable_hosted_zone_dnssec.Rd:10): Warning: missing </ul> before </div> route53_disassociate_vpc_from_hosted_zone.html:59:1 (route53_disassociate_vpc_from_hosted_zone.Rd:17): Warning: missing </ul> before </div> route53_enable_hosted_zone_dnssec.html:48:1 (route53_enable_hosted_zone_dnssec.Rd:10): Warning: missing </ul> before </div> route53_get_account_limit.html:75:1 (route53_get_account_limit.Rd:26): Warning: missing </ul> before </div> route53_get_change.html:51:1 (route53_get_change.Rd:13): Warning: missing </ul> before </div> route53_get_dnssec.html:49:1 (route53_get_dnssec.Rd:11): Warning: missing </ul> before </div> route53_get_geo_location.html:94:1 (route53_get_geo_location.Rd:37): Warning: missing </ul> before </div> route53_get_health_check.html:51:1 (route53_get_health_check.Rd:13): Warning: missing </ul> before </div> route53_get_health_check_last_failure_reason.html:57:1 (route53_get_health_check_last_failure_reason.Rd:19): Warning: missing </ul> before </div> route53_get_health_check_status.html:56:1 (route53_get_health_check_status.Rd:18): Warning: missing </ul> before </div> route53_get_hosted_zone.html:49:1 (route53_get_hosted_zone.Rd:11): Warning: missing </ul> before </div> route53_get_hosted_zone_limit.html:64:1 (route53_get_hosted_zone_limit.Rd:19): Warning: missing </ul> before </div> route53_get_query_logging_config.html:49:1 (route53_get_query_logging_config.Rd:11): Warning: missing </ul> before </div> route53_get_reusable_delegation_set.html:50:1 (route53_get_reusable_delegation_set.Rd:12): Warning: missing </ul> before </div> route53_get_reusable_delegation_set_limit.html:55:1 (route53_get_reusable_delegation_set_limit.Rd:15): Warning: missing </ul> before </div> route53_get_traffic_policy.html:53:1 (route53_get_traffic_policy.Rd:13): Warning: missing </ul> before </div> route53_get_traffic_policy_instance.html:49:1 (route53_get_traffic_policy_instance.Rd:11): Warning: missing </ul> before </div> route53_list_cidr_blocks.html:66:1 (route53_list_cidr_blocks.Rd:22): Warning: missing </ul> before </div> route53_list_cidr_collections.html:57:1 (route53_list_cidr_collections.Rd:17): Warning: missing </ul> before </div> route53_list_cidr_locations.html:62:1 (route53_list_cidr_locations.Rd:20): Warning: missing </ul> before </div> route53_list_geo_locations.html:88:1 (route53_list_geo_locations.Rd:44): Warning: missing </ul> before </div> route53_list_health_checks.html:66:1 (route53_list_health_checks.Rd:26): Warning: missing </ul> before </div> route53_list_hosted_zones.html:81:1 (route53_list_hosted_zones.Rd:37): Warning: missing </ul> before </div> route53_list_hosted_zones_by_name.html:83:1 (route53_list_hosted_zones_by_name.Rd:41): Warning: missing </ul> before </div> route53_list_hosted_zones_by_vpc.html:81:1 (route53_list_hosted_zones_by_vpc.Rd:37): Warning: missing </ul> before </div> route53_list_query_logging_configs.html:86:1 (route53_list_query_logging_configs.Rd:44): Warning: missing </ul> before </div> route53_list_resource_record_sets.html:120:1 (route53_list_resource_record_sets.Rd:59): Warning: missing </ul> before </div> route53_list_reusable_delegation_sets.html:65:1 (route53_list_reusable_delegation_sets.Rd:25): Warning: missing </ul> before </div> route53_list_tags_for_resource.html:61:1 (route53_list_tags_for_resource.Rd:16): Warning: missing </ul> before </div> route53_list_tags_for_resources.html:62:1 (route53_list_tags_for_resources.Rd:17): Warning: missing </ul> before </div> route53_list_traffic_policies.html:68:1 (route53_list_traffic_policies.Rd:28): Warning: missing </ul> before </div> route53_list_traffic_policy_instances.html:103:1 (route53_list_traffic_policy_instances.Rd:59): Warning: missing </ul> before </div> route53_list_traffic_policy_instances_by_hosted_zone.html:93:1 (route53_list_traffic_policy_instances_by_hosted_zone.Rd:49): Warning: missing </ul> before </div> route53_list_traffic_policy_instances_by_policy.html:121:1 (route53_list_traffic_policy_instances_by_policy.Rd:73): Warning: missing </ul> before </div> route53_list_traffic_policy_versions.html:77:1 (route53_list_traffic_policy_versions.Rd:35): Warning: missing </ul> before </div> route53_list_vpc_association_authorizations.html:70:1 (route53_list_vpc_association_authorizations.Rd:28): Warning: missing </ul> before </div> route53_test_dns_answer.html:101:1 (route53_test_dns_answer.Rd:48): Warning: missing </ul> before </div> route53_update_health_check.html:429:1 (route53_update_health_check.Rd:302): Warning: missing </ul> before </div> route53_update_hosted_zone_comment.html:54:1 (route53_update_hosted_zone_comment.Rd:14): Warning: missing </ul> before </div> route53_update_traffic_policy_comment.html:58:1 (route53_update_traffic_policy_comment.Rd:16): Warning: missing </ul> before </div> route53_update_traffic_policy_instance.html:71:1 (route53_update_traffic_policy_instance.Rd:27): Warning: missing </ul> before </div> route53domains_accep_domai_trans_from_anoth_aws_accou.html:61:1 (route53domains_accep_domai_trans_from_anoth_aws_accou.Rd:21): Warning: missing </ul> before </div> route53domains_associate_delegation_signer_to_domain.html:57:1 (route53domains_associate_delegation_signer_to_domain.Rd:17): Warning: missing </ul> before </div> route53domains_cancel_domain_transfer_to_another_aws_account.html:50:1 (route53domains_cancel_domain_transfer_to_another_aws_account.Rd:12): Warning: missing </ul> before </div> route53domains_check_domain_availability.html:79:1 (route53domains_check_domain_availability.Rd:30): Warning: missing </ul> before </div> route53domains_check_domain_transferability.html:76:1 (route53domains_check_domain_transferability.Rd:27): Warning: missing </ul> before </div> route53domains_delete_domain.html:48:1 (route53domains_delete_domain.Rd:10): Warning: missing </ul> before </div> route53domains_delete_tags_for_domain.html:52:1 (route53domains_delete_tags_for_domain.Rd:12): Warning: missing </ul> before </div> route53domains_disable_domain_auto_renew.html:49:1 (route53domains_disable_domain_auto_renew.Rd:11): Warning: missing </ul> before </div> route53domains_disable_domain_transfer_lock.html:49:1 (route53domains_disable_domain_transfer_lock.Rd:11): Warning: missing </ul> before </div> route53domains_disassociate_delegation_signer_from_domain.html:55:1 (route53domains_disassociate_delegation_signer_from_domain.Rd:15): Warning: missing </ul> before </div> route53domains_enable_domain_auto_renew.html:49:1 (route53domains_enable_domain_auto_renew.Rd:11): Warning: missing </ul> before </div> route53domains_enable_domain_transfer_lock.html:49:1 (route53domains_enable_domain_transfer_lock.Rd:11): Warning: missing </ul> before </div> route53domains_get_contact_reachability_status.html:52:1 (route53domains_get_contact_reachability_status.Rd:14): Warning: missing </ul> before </div> route53domains_get_domain_detail.html:49:1 (route53domains_get_domain_detail.Rd:11): Warning: missing </ul> before </div> route53domains_get_domain_suggestions.html:92:1 (route53domains_get_domain_suggestions.Rd:41): Warning: missing </ul> before </div> route53domains_get_operation_detail.html:51:1 (route53domains_get_operation_detail.Rd:13): Warning: missing </ul> before </div> route53domains_list_domains.html:81:1 (route53domains_list_domains.Rd:37): Warning: missing </ul> before </div> route53domains_list_operations.html:92:1 (route53domains_list_operations.Rd:42): Warning: missing </ul> before </div> route53domains_list_prices.html:71:1 (route53domains_list_prices.Rd:29): Warning: missing </ul> before </div> route53domains_list_tags_for_domain.html:49:1 (route53domains_list_tags_for_domain.Rd:11): Warning: missing </ul> before </div> route53domains_push_domain.html:52:1 (route53domains_push_domain.Rd:12): Warning: missing </ul> before </div> route53domains_register_domain.html:184:1 (route53domains_register_domain.Rd:115): Warning: missing </ul> before </div> route53domains_rejec_domai_trans_from_anoth_aws_accou.html:52:1 (route53domains_rejec_domai_trans_from_anoth_aws_accou.Rd:14): Warning: missing </ul> before </div> route53domains_renew_domain.html:66:1 (route53domains_renew_domain.Rd:24): Warning: missing </ul> before </div> route53domains_resend_contact_reachability_email.html:52:1 (route53domains_resend_contact_reachability_email.Rd:14): Warning: missing </ul> before </div> route53domains_resend_operation_authorization.html:48:1 (route53domains_resend_operation_authorization.Rd:10): Warning: missing </ul> before </div> route53domains_retrieve_domain_auth_code.html:48:1 (route53domains_retrieve_domain_auth_code.Rd:10): Warning: missing </ul> before </div> route53domains_transfer_domain.html:178:1 (route53domains_transfer_domain.Rd:105): Warning: missing </ul> before </div> route53domains_transfer_domain_to_another_aws_account.html:55:1 (route53domains_transfer_domain_to_another_aws_account.Rd:15): Warning: missing </ul> before </div> route53domains_update_domain_contact.html:76:1 (route53domains_update_domain_contact.Rd:28): Warning: missing </ul> before </div> route53domains_update_domain_contact_privacy.html:98:1 (route53domains_update_domain_contact_privacy.Rd:52): Warning: missing </ul> before </div> route53domains_update_domain_nameservers.html:61:1 (route53domains_update_domain_nameservers.Rd:19): Warning: missing </ul> before </div> route53domains_update_tags_for_domain.html:54:1 (route53domains_update_tags_for_domain.Rd:14): Warning: missing </ul> before </div> route53domains_view_billing.html:81:1 (route53domains_view_billing.Rd:37): Warning: missing </ul> before </div> route53profiles_associate_profile.html:61:1 (route53profiles_associate_profile.Rd:17): Warning: missing </ul> before </div> route53profiles_associate_resource_to_profile.html:69:1 (route53profiles_associate_resource_to_profile.Rd:25): Warning: missing </ul> before </div> route53profiles_create_profile.html:64:1 (route53profiles_create_profile.Rd:22): Warning: missing </ul> before </div> route53profiles_delete_profile.html:48:1 (route53profiles_delete_profile.Rd:10): Warning: missing </ul> before </div> route53profiles_disassociate_profile.html:52:1 (route53profiles_disassociate_profile.Rd:12): Warning: missing </ul> before </div> route53profiles_disassociate_resource_from_profile.html:52:1 (route53profiles_disassociate_resource_from_profile.Rd:12): Warning: missing </ul> before </div> route53profiles_get_profile.html:49:1 (route53profiles_get_profile.Rd:11): Warning: missing </ul> before </div> route53profiles_get_profile_association.html:48:1 (route53profiles_get_profile_association.Rd:10): Warning: missing </ul> before </div> route53profiles_get_profile_resource_association.html:50:1 (route53profiles_get_profile_resource_association.Rd:12): Warning: missing </ul> before </div> route53profiles_list_profile_associations.html:78:1 (route53profiles_list_profile_associations.Rd:34): Warning: missing </ul> before </div> route53profiles_list_profile_resource_associations.html:77:1 (route53profiles_list_profile_resource_associations.Rd:33): Warning: missing </ul> before </div> route53profiles_list_profiles.html:65:1 (route53profiles_list_profiles.Rd:25): Warning: missing </ul> before </div> route53profiles_list_tags_for_resource.html:49:1 (route53profiles_list_tags_for_resource.Rd:11): Warning: missing </ul> before </div> route53profiles_tag_resource.html:53:1 (route53profiles_tag_resource.Rd:13): Warning: missing </ul> before </div> route53profiles_untag_resource.html:53:1 (route53profiles_untag_resource.Rd:13): Warning: missing </ul> before </div> route53profiles_update_profile_resource_association.html:64:1 (route53profiles_update_profile_resource_association.Rd:22): Warning: missing </ul> before </div> route53recoverycluster_get_routing_control_state.html:49:1 (route53recoverycluster_get_routing_control_state.Rd:11): Warning: missing </ul> before </div> route53recoverycluster_list_routing_controls.html:65:1 (route53recoverycluster_list_routing_controls.Rd:23): Warning: missing </ul> before </div> route53recoverycluster_update_routing_control_state.html:67:1 (route53recoverycluster_update_routing_control_state.Rd:25): Warning: missing </ul> before </div> route53recoverycluster_update_routing_control_states.html:61:1 (route53recoverycluster_update_routing_control_states.Rd:21): Warning: missing </ul> before </div> route53recoverycontrolconfig_create_cluster.html:62:1 (route53recoverycontrolconfig_create_cluster.Rd:20): Warning: missing </ul> before </div> route53recoverycontrolconfig_create_control_panel.html:67:1 (route53recoverycontrolconfig_create_control_panel.Rd:23): Warning: missing </ul> before </div> route53recoverycontrolconfig_create_routing_control.html:69:1 (route53recoverycontrolconfig_create_routing_control.Rd:25): Warning: missing </ul> before </div> route53recoverycontrolconfig_create_safety_rule.html:67:1 (route53recoverycontrolconfig_create_safety_rule.Rd:23): Warning: missing </ul> before </div> route53recoverycontrolconfig_delete_cluster.html:48:1 (route53recoverycontrolconfig_delete_cluster.Rd:10): Warning: missing </ul> before </div> route53recoverycontrolconfig_delete_control_panel.html:48:1 (route53recoverycontrolconfig_delete_control_panel.Rd:10): Warning: missing </ul> before </div> route53recoverycontrolconfig_delete_routing_control.html:49:1 (route53recoverycontrolconfig_delete_routing_control.Rd:11): Warning: missing </ul> before </div> route53recoverycontrolconfig_delete_safety_rule.html:48:1 (route53recoverycontrolconfig_delete_safety_rule.Rd:10): Warning: missing </ul> before </div> route53recoverycontrolconfig_describe_cluster.html:48:1 (route53recoverycontrolconfig_describe_cluster.Rd:10): Warning: missing </ul> before </div> route53recoverycontrolconfig_describe_control_panel.html:48:1 (route53recoverycontrolconfig_describe_control_panel.Rd:10): Warning: missing </ul> before </div> route53recoverycontrolconfig_describe_routing_control.html:48:1 (route53recoverycontrolconfig_describe_routing_control.Rd:10): Warning: missing </ul> before </div> route53recoverycontrolconfig_describe_safety_rule.html:48:1 (route53recoverycontrolconfig_describe_safety_rule.Rd:10): Warning: missing </ul> before </div> route53recoverycontrolconfig_get_resource_policy.html:48:1 (route53recoverycontrolconfig_get_resource_policy.Rd:10): Warning: missing </ul> before </div> route53recoverycontrolconfig_lis_ass_rou_53_hea_che.html:61:1 (route53recoverycontrolconfig_lis_ass_rou_53_hea_che.Rd:19): Warning: missing </ul> before </div> route53recoverycontrolconfig_list_clusters.html:52:1 (route53recoverycontrolconfig_list_clusters.Rd:12): Warning: missing </ul> before </div> route53recoverycontrolconfig_list_control_panels.html:60:1 (route53recoverycontrolconfig_list_control_panels.Rd:18): Warning: missing </ul> before </div> route53recoverycontrolconfig_list_routing_controls.html:60:1 (route53recoverycontrolconfig_list_routing_controls.Rd:18): Warning: missing </ul> before </div> route53recoverycontrolconfig_list_safety_rules.html:61:1 (route53recoverycontrolconfig_list_safety_rules.Rd:19): Warning: missing </ul> before </div> route53recoverycontrolconfig_list_tags_for_resource.html:48:1 (route53recoverycontrolconfig_list_tags_for_resource.Rd:10): Warning: missing </ul> before </div> route53recoverycontrolconfig_tag_resource.html:52:1 (route53recoverycontrolconfig_tag_resource.Rd:12): Warning: missing </ul> before </div> route53recoverycontrolconfig_untag_resource.html:52:1 (route53recoverycontrolconfig_untag_resource.Rd:12): Warning: missing </ul> before </div> route53recoverycontrolconfig_update_control_panel.html:55:1 (route53recoverycontrolconfig_update_control_panel.Rd:15): Warning: missing </ul> before </div> route53recoverycontrolconfig_update_routing_control.html:55:1 (route53recoverycontrolconfig_update_routing_control.Rd:15): Warning: missing </ul> before </div> route53recoverycontrolconfig_update_safety_rule.html:55:1 (route53recoverycontrolconfig_update_safety_rule.Rd:15): Warning: missing </ul> before </div> route53recoveryreadiness_create_cell.html:57:1 (route53recoveryreadiness_create_cell.Rd:16): Warning: missing </ul> before </div> route53recoveryreadiness_create_cross_account_authorization.html:50:1 (route53recoveryreadiness_create_cross_account_authorization.Rd:12): Warning: missing </ul> before </div> route53recoveryreadiness_create_readiness_check.html:59:1 (route53recoveryreadiness_create_readiness_check.Rd:18): Warning: missing </ul> before </div> route53recoveryreadiness_create_recovery_group.html:59:1 (route53recoveryreadiness_create_recovery_group.Rd:18): Warning: missing </ul> before </div> route53recoveryreadiness_create_resource_set.html:76:1 (route53recoveryreadiness_create_resource_set.Rd:32): Warning: missing </ul> before </div> route53recoveryreadiness_delete_cell.html:48:1 (route53recoveryreadiness_delete_cell.Rd:10): Warning: missing </ul> before </div> route53recoveryreadiness_delete_cross_account_authorization.html:50:1 (route53recoveryreadiness_delete_cross_account_authorization.Rd:12): Warning: missing </ul> before </div> route53recoveryreadiness_delete_readiness_check.html:48:1 (route53recoveryreadiness_delete_readiness_check.Rd:10): Warning: missing </ul> before </div> route53recoveryreadiness_delete_recovery_group.html:48:1 (route53recoveryreadiness_delete_recovery_group.Rd:10): Warning: missing </ul> before </div> route53recoveryreadiness_delete_resource_set.html:48:1 (route53recoveryreadiness_delete_resource_set.Rd:10): Warning: missing </ul> before </div> route53recoveryreadiness_get_architecture_recommendations.html:61:1 (route53recoveryreadiness_get_architecture_recommendations.Rd:19): Warning: missing </ul> before </div> route53recoveryreadiness_get_cell.html:50:1 (route53recoveryreadiness_get_cell.Rd:12): Warning: missing </ul> before </div> route53recoveryreadiness_get_cell_readiness_summary.html:60:1 (route53recoveryreadiness_get_cell_readiness_summary.Rd:18): Warning: missing </ul> before </div> route53recoveryreadiness_get_readiness_check.html:48:1 (route53recoveryreadiness_get_readiness_check.Rd:10): Warning: missing </ul> before </div> route53recoveryreadiness_get_readiness_check_resource_status.html:67:1 (route53recoveryreadiness_get_readiness_check_resource_status.Rd:23): Warning: missing </ul> before </div> route53recoveryreadiness_get_readiness_check_status.html:60:1 (route53recoveryreadiness_get_readiness_check_status.Rd:18): Warning: missing </ul> before </div> route53recoveryreadiness_get_reco_grou_read_summ.html:61:1 (route53recoveryreadiness_get_reco_grou_read_summ.Rd:19): Warning: missing </ul> before </div> route53recoveryreadiness_get_recovery_group.html:49:1 (route53recoveryreadiness_get_recovery_group.Rd:11): Warning: missing </ul> before </div> route53recoveryreadiness_get_resource_set.html:49:1 (route53recoveryreadiness_get_resource_set.Rd:11): Warning: missing </ul> before </div> route53recoveryreadiness_list_cells.html:52:1 (route53recoveryreadiness_list_cells.Rd:12): Warning: missing </ul> before </div> route53recoveryreadiness_list_cross_account_authorizations.html:56:1 (route53recoveryreadiness_list_cross_account_authorizations.Rd:16): Warning: missing </ul> before </div> route53recoveryreadiness_list_readiness_checks.html:55:1 (route53recoveryreadiness_list_readiness_checks.Rd:15): Warning: missing </ul> before </div> route53recoveryreadiness_list_recovery_groups.html:55:1 (route53recoveryreadiness_list_recovery_groups.Rd:15): Warning: missing </ul> before </div> route53recoveryreadiness_list_resource_sets.html:55:1 (route53recoveryreadiness_list_resource_sets.Rd:15): Warning: missing </ul> before </div> route53recoveryreadiness_list_rules.html:61:1 (route53recoveryreadiness_list_rules.Rd:19): Warning: missing </ul> before </div> route53recoveryreadiness_list_tags_for_resources.html:48:1 (route53recoveryreadiness_list_tags_for_resources.Rd:10): Warning: missing </ul> before </div> route53recoveryreadiness_tag_resource.html:52:1 (route53recoveryreadiness_tag_resource.Rd:12): Warning: missing </ul> before </div> route53recoveryreadiness_untag_resource.html:52:1 (route53recoveryreadiness_untag_resource.Rd:12): Warning: missing </ul> before </div> route53recoveryreadiness_update_cell.html:54:1 (route53recoveryreadiness_update_cell.Rd:14): Warning: missing </ul> before </div> route53recoveryreadiness_update_readiness_check.html:55:1 (route53recoveryreadiness_update_readiness_check.Rd:15): Warning: missing </ul> before </div> route53recoveryreadiness_update_recovery_group.html:53:1 (route53recoveryreadiness_update_recovery_group.Rd:13): Warning: missing </ul> before </div> route53recoveryreadiness_update_resource_set.html:71:1 (route53recoveryreadiness_update_resource_set.Rd:29): Warning: missing </ul> before </div> route53resolver_associate_firewall_rule_group.html:100:1 (route53resolver_associate_firewall_rule_group.Rd:50): Warning: missing </ul> before </div> route53resolver_associate_resolver_endpoint_ip_address.html:58:1 (route53resolver_associate_resolver_endpoint_ip_address.Rd:18): Warning: missing </ul> before </div> route53resolver_associate_resolver_query_log_config.html:59:1 (route53resolver_associate_resolver_query_log_config.Rd:19): Warning: missing </ul> before </div> route53resolver_associate_resolver_rule.html:59:1 (route53resolver_associate_resolver_rule.Rd:17): Warning: missing </ul> before </div> route53resolver_create_firewall_domain_list.html:64:1 (route53resolver_create_firewall_domain_list.Rd:22): Warning: missing </ul> before </div> route53resolver_create_firewall_rule.html:250:1 (route53resolver_create_firewall_rule.Rd:136): Warning: missing </ul> before </div> route53resolver_create_firewall_rule_group.html:60:1 (route53resolver_create_firewall_rule_group.Rd:18): Warning: missing </ul> before </div> route53resolver_create_outpost_resolver.html:83:1 (route53resolver_create_outpost_resolver.Rd:35): Warning: missing </ul> before </div> route53resolver_create_resolver_endpoint.html:173:1 (route53resolver_create_resolver_endpoint.Rd:90): Warning: missing </ul> before </div> route53resolver_create_resolver_query_log_config.html:95:1 (route53resolver_create_resolver_query_log_config.Rd:44): Warning: missing </ul> before </div> route53resolver_create_resolver_rule.html:111:1 (route53resolver_create_resolver_rule.Rd:61): Warning: missing </ul> before </div> route53resolver_delete_firewall_domain_list.html:48:1 (route53resolver_delete_firewall_domain_list.Rd:10): Warning: missing </ul> before </div> route53resolver_delete_firewall_rule.html:116:1 (route53resolver_delete_firewall_rule.Rd:43): Warning: missing </ul> before </div> route53resolver_delete_firewall_rule_group.html:49:1 (route53resolver_delete_firewall_rule_group.Rd:11): Warning: missing </ul> before </div> route53resolver_delete_outpost_resolver.html:48:1 (route53resolver_delete_outpost_resolver.Rd:10): Warning: missing </ul> before </div> route53resolver_delete_resolver_endpoint.html:48:1 (route53resolver_delete_resolver_endpoint.Rd:10): Warning: missing </ul> before </div> route53resolver_delete_resolver_query_log_config.html:48:1 (route53resolver_delete_resolver_query_log_config.Rd:10): Warning: missing </ul> before </div> route53resolver_delete_resolver_rule.html:48:1 (route53resolver_delete_resolver_rule.Rd:10): Warning: missing </ul> before </div> route53resolver_disassociate_firewall_rule_group.html:51:1 (route53resolver_disassociate_firewall_rule_group.Rd:13): Warning: missing </ul> before </div> route53resolver_disassociate_resolver_endpoint_ip_address.html:56:1 (route53resolver_disassociate_resolver_endpoint_ip_address.Rd:16): Warning: missing </ul> before </div> route53resolver_disassociate_resolver_query_log_config.html:57:1 (route53resolver_disassociate_resolver_query_log_config.Rd:17): Warning: missing </ul> before </div> route53resolver_disassociate_resolver_rule.html:54:1 (route53resolver_disassociate_resolver_rule.Rd:14): Warning: missing </ul> before </div> route53resolver_get_firewall_config.html:49:1 (route53resolver_get_firewall_config.Rd:11): Warning: missing </ul> before </div> route53resolver_get_firewall_domain_list.html:48:1 (route53resolver_get_firewall_domain_list.Rd:10): Warning: missing </ul> before </div> route53resolver_get_firewall_rule_group.html:48:1 (route53resolver_get_firewall_rule_group.Rd:10): Warning: missing </ul> before </div> route53resolver_get_firewall_rule_group_association.html:51:1 (route53resolver_get_firewall_rule_group_association.Rd:13): Warning: missing </ul> before </div> route53resolver_get_firewall_rule_group_policy.html:49:1 (route53resolver_get_firewall_rule_group_policy.Rd:11): Warning: missing </ul> before </div> route53resolver_get_outpost_resolver.html:49:1 (route53resolver_get_outpost_resolver.Rd:11): Warning: missing </ul> before </div> route53resolver_get_resolver_config.html:49:1 (route53resolver_get_resolver_config.Rd:11): Warning: missing </ul> before </div> route53resolver_get_resolver_dnssec_config.html:49:1 (route53resolver_get_resolver_dnssec_config.Rd:11): Warning: missing </ul> before </div> route53resolver_get_resolver_endpoint.html:50:1 (route53resolver_get_resolver_endpoint.Rd:12): Warning: missing </ul> before </div> route53resolver_get_resolver_query_log_config.html:51:1 (route53resolver_get_resolver_query_log_config.Rd:13): Warning: missing </ul> before </div> route53resolver_get_resolver_query_log_config_association.html:52:1 (route53resolver_get_resolver_query_log_config_association.Rd:14): Warning: missing </ul> before </div> route53resolver_get_resolver_query_log_config_policy.html:49:1 (route53resolver_get_resolver_query_log_config_policy.Rd:11): Warning: missing </ul> before </div> route53resolver_get_resolver_rule.html:50:1 (route53resolver_get_resolver_rule.Rd:12): Warning: missing </ul> before </div> route53resolver_get_resolver_rule_association.html:50:1 (route53resolver_get_resolver_rule_association.Rd:12): Warning: missing </ul> before </div> route53resolver_get_resolver_rule_policy.html:49:1 (route53resolver_get_resolver_rule_policy.Rd:11): Warning: missing </ul> before </div> route53resolver_import_firewall_domains.html:69:1 (route53resolver_import_firewall_domains.Rd:27): Warning: missing </ul> before </div> route53resolver_list_firewall_configs.html:64:1 (route53resolver_list_firewall_configs.Rd:24): Warning: missing </ul> before </div> route53resolver_list_firewall_domain_lists.html:64:1 (route53resolver_list_firewall_domain_lists.Rd:24): Warning: missing </ul> before </div> route53resolver_list_firewall_domains.html:73:1 (route53resolver_list_firewall_domains.Rd:31): Warning: missing </ul> before </div> route53resolver_list_firewall_rule_group_associations.html:95:1 (route53resolver_list_firewall_rule_group_associations.Rd:47): Warning: missing </ul> before </div> route53resolver_list_firewall_rule_groups.html:65:1 (route53resolver_list_firewall_rule_groups.Rd:25): Warning: missing </ul> before </div> route53resolver_list_firewall_rules.html:107:1 (route53resolver_list_firewall_rules.Rd:54): Warning: missing </ul> before </div> route53resolver_list_outpost_resolvers.html:63:1 (route53resolver_list_outpost_resolvers.Rd:21): Warning: missing </ul> before </div> route53resolver_list_resolver_configs.html:66:1 (route53resolver_list_resolver_configs.Rd:26): Warning: missing </ul> before </div> route53resolver_list_resolver_dnssec_configs.html:74:1 (route53resolver_list_resolver_dnssec_configs.Rd:32): Warning: missing </ul> before </div> route53resolver_list_resolver_endpoint_ip_addresses.html:72:1 (route53resolver_list_resolver_endpoint_ip_addresses.Rd:30): Warning: missing </ul> before </div> route53resolver_list_resolver_endpoints.html:79:1 (route53resolver_list_resolver_endpoints.Rd:37): Warning: missing </ul> before </div> route53resolver_list_resolver_query_log_config_associations.html:170:1 (route53resolver_list_resolver_query_log_config_associations.Rd:92): Warning: missing </ul> before </div> route53resolver_list_resolver_query_log_configs.html:173:1 (route53resolver_list_resolver_query_log_configs.Rd:92): Warning: missing </ul> before </div> route53resolver_list_resolver_rule_associations.html:76:1 (route53resolver_list_resolver_rule_associations.Rd:34): Warning: missing </ul> before </div> route53resolver_list_resolver_rules.html:78:1 (route53resolver_list_resolver_rules.Rd:36): Warning: missing </ul> before </div> route53resolver_list_tags_for_resource.html:71:1 (route53resolver_list_tags_for_resource.Rd:29): Warning: missing </ul> before </div> route53resolver_put_firewall_rule_group_policy.html:55:1 (route53resolver_put_firewall_rule_group_policy.Rd:15): Warning: missing </ul> before </div> route53resolver_put_resolver_query_log_config_policy.html:79:1 (route53resolver_put_resolver_query_log_config_policy.Rd:32): Warning: missing </ul> before </div> route53resolver_put_resolver_rule_policy.html:82:1 (route53resolver_put_resolver_rule_policy.Rd:31): Warning: missing </ul> before </div> route53resolver_tag_resource.html:75:1 (route53resolver_tag_resource.Rd:22): Warning: missing </ul> before </div> route53resolver_untag_resource.html:75:1 (route53resolver_untag_resource.Rd:22): Warning: missing </ul> before </div> route53resolver_update_firewall_config.html:71:1 (route53resolver_update_firewall_config.Rd:26): Warning: missing </ul> before </div> route53resolver_update_firewall_domains.html:94:1 (route53resolver_update_firewall_domains.Rd:38): Warning: missing </ul> before </div> route53resolver_update_firewall_rule.html:253:1 (route53resolver_update_firewall_rule.Rd:134): Warning: missing </ul> before </div> route53resolver_update_firewall_rule_group_association.html:76:1 (route53resolver_update_firewall_rule_group_association.Rd:32): Warning: missing </ul> before </div> route53resolver_update_outpost_resolver.html:66:1 (route53resolver_update_outpost_resolver.Rd:22): Warning: missing </ul> before </div> route53resolver_update_resolver_config.html:65:1 (route53resolver_update_resolver_config.Rd:25): Warning: missing </ul> before </div> route53resolver_update_resolver_dnssec_config.html:55:1 (route53resolver_update_resolver_dnssec_config.Rd:15): Warning: missing </ul> before </div> route53resolver_update_resolver_endpoint.html:124:1 (route53resolver_update_resolver_endpoint.Rd:56): Warning: missing </ul> before </div> route53resolver_update_resolver_rule.html:52:1 (route53resolver_update_resolver_rule.Rd:12): Warning: missing </ul> before </div> servicediscovery_create_http_namespace.html:71:1 (servicediscovery_create_http_namespace.Rd:27): Warning: missing </ul> before </div> servicediscovery_create_private_dns_namespace.html:84:1 (servicediscovery_create_private_dns_namespace.Rd:36): Warning: missing </ul> before </div> servicediscovery_create_public_dns_namespace.html:80:1 (servicediscovery_create_public_dns_namespace.Rd:34): Warning: missing </ul> before </div> servicediscovery_create_service.html:147:1 (servicediscovery_create_service.Rd:88): Warning: missing </ul> before </div> servicediscovery_delete_namespace.html:48:1 (servicediscovery_delete_namespace.Rd:10): Warning: missing </ul> before </div> servicediscovery_delete_service.html:48:1 (servicediscovery_delete_service.Rd:10): Warning: missing </ul> before </div> servicediscovery_delete_service_attributes.html:52:1 (servicediscovery_delete_service_attributes.Rd:12): Warning: missing </ul> before </div> servicediscovery_deregister_instance.html:54:1 (servicediscovery_deregister_instance.Rd:14): Warning: missing </ul> before </div> servicediscovery_discover_instances.html:110:1 (servicediscovery_discover_instances.Rd:62): Warning: missing </ul> before </div> servicediscovery_discover_instances_revision.html:54:1 (servicediscovery_discover_instances_revision.Rd:14): Warning: missing </ul> before </div> servicediscovery_get_instance.html:52:1 (servicediscovery_get_instance.Rd:12): Warning: missing </ul> before </div> servicediscovery_get_instances_health_status.html:86:1 (servicediscovery_get_instances_health_status.Rd:42): Warning: missing </ul> before </div> servicediscovery_get_namespace.html:48:1 (servicediscovery_get_namespace.Rd:10): Warning: missing </ul> before </div> servicediscovery_get_operation.html:49:1 (servicediscovery_get_operation.Rd:11): Warning: missing </ul> before </div> servicediscovery_get_service.html:48:1 (servicediscovery_get_service.Rd:10): Warning: missing </ul> before </div> servicediscovery_get_service_attributes.html:48:1 (servicediscovery_get_service_attributes.Rd:10): Warning: missing </ul> before </div> servicediscovery_list_instances.html:66:1 (servicediscovery_list_instances.Rd:24): Warning: missing </ul> before </div> servicediscovery_list_namespaces.html:80:1 (servicediscovery_list_namespaces.Rd:38): Warning: missing </ul> before </div> servicediscovery_list_operations.html:80:1 (servicediscovery_list_operations.Rd:38): Warning: missing </ul> before </div> servicediscovery_list_services.html:80:1 (servicediscovery_list_services.Rd:38): Warning: missing </ul> before </div> servicediscovery_list_tags_for_resource.html:49:1 (servicediscovery_list_tags_for_resource.Rd:11): Warning: missing </ul> before </div> servicediscovery_register_instance.html:228:1 (servicediscovery_register_instance.Rd:157): Warning: missing </ul> before </div> servicediscovery_tag_resource.html:55:1 (servicediscovery_tag_resource.Rd:15): Warning: missing </ul> before </div> servicediscovery_untag_resource.html:53:1 (servicediscovery_untag_resource.Rd:13): Warning: missing </ul> before </div> servicediscovery_update_http_namespace.html:60:1 (servicediscovery_update_http_namespace.Rd:18): Warning: missing </ul> before </div> servicediscovery_update_instance_custom_health_status.html:62:1 (servicediscovery_update_instance_custom_health_status.Rd:20): Warning: missing </ul> before </div> servicediscovery_update_private_dns_namespace.html:64:1 (servicediscovery_update_private_dns_namespace.Rd:22): Warning: missing </ul> before </div> servicediscovery_update_public_dns_namespace.html:64:1 (servicediscovery_update_public_dns_namespace.Rd:22): Warning: missing </ul> before </div> servicediscovery_update_service.html:53:1 (servicediscovery_update_service.Rd:13): Warning: missing </ul> before </div> servicediscovery_update_service_attributes.html:53:1 (servicediscovery_update_service_attributes.Rd:13): Warning: missing </ul> before </div> telconetworkbuilder_cancel_sol_network_operation.html:48:1 (telconetworkbuilder_cancel_sol_network_operation.Rd:10): Warning: missing </ul> before </div> telconetworkbuilder_create_sol_function_package.html:51:1 (telconetworkbuilder_create_sol_function_package.Rd:13): Warning: missing </ul> before </div> telconetworkbuilder_create_sol_network_instance.html:68:1 (telconetworkbuilder_create_sol_network_instance.Rd:24): Warning: missing </ul> before </div> telconetworkbuilder_create_sol_network_package.html:51:1 (telconetworkbuilder_create_sol_network_package.Rd:13): Warning: missing </ul> before </div> telconetworkbuilder_delete_sol_function_package.html:48:1 (telconetworkbuilder_delete_sol_function_package.Rd:10): Warning: missing </ul> before </div> telconetworkbuilder_delete_sol_network_instance.html:48:1 (telconetworkbuilder_delete_sol_network_instance.Rd:10): Warning: missing </ul> before </div> telconetworkbuilder_delete_sol_network_package.html:48:1 (telconetworkbuilder_delete_sol_network_package.Rd:10): Warning: missing </ul> before </div> telconetworkbuilder_get_sol_function_instance.html:50:1 (telconetworkbuilder_get_sol_function_instance.Rd:12): Warning: missing </ul> before </div> telconetworkbuilder_get_sol_function_package.html:49:1 (telconetworkbuilder_get_sol_function_package.Rd:11): Warning: missing </ul> before </div> telconetworkbuilder_get_sol_function_package_content.html:53:1 (telconetworkbuilder_get_sol_function_package_content.Rd:13): Warning: missing </ul> before </div> telconetworkbuilder_get_sol_function_package_descriptor.html:53:1 (telconetworkbuilder_get_sol_function_package_descriptor.Rd:13): Warning: missing </ul> before </div> telconetworkbuilder_get_sol_network_instance.html:48:1 (telconetworkbuilder_get_sol_network_instance.Rd:10): Warning: missing </ul> before </div> telconetworkbuilder_get_sol_network_operation.html:49:1 (telconetworkbuilder_get_sol_network_operation.Rd:11): Warning: missing </ul> before </div> telconetworkbuilder_get_sol_network_package.html:48:1 (telconetworkbuilder_get_sol_network_package.Rd:10): Warning: missing </ul> before </div> telconetworkbuilder_get_sol_network_package_content.html:52:1 (telconetworkbuilder_get_sol_network_package_content.Rd:12): Warning: missing </ul> before </div> telconetworkbuilder_get_sol_network_package_descriptor.html:48:1 (telconetworkbuilder_get_sol_network_package_descriptor.Rd:10): Warning: missing </ul> before </div> telconetworkbuilder_instantiate_sol_network_instance.html:72:1 (telconetworkbuilder_instantiate_sol_network_instance.Rd:28): Warning: missing </ul> before </div> telconetworkbuilder_list_sol_function_instances.html:55:1 (telconetworkbuilder_list_sol_function_instances.Rd:15): Warning: missing </ul> before </div> telconetworkbuilder_list_sol_function_packages.html:55:1 (telconetworkbuilder_list_sol_function_packages.Rd:15): Warning: missing </ul> before </div> telconetworkbuilder_list_sol_network_instances.html:55:1 (telconetworkbuilder_list_sol_network_instances.Rd:15): Warning: missing </ul> before </div> telconetworkbuilder_list_sol_network_operations.html:62:1 (telconetworkbuilder_list_sol_network_operations.Rd:20): Warning: missing </ul> before </div> telconetworkbuilder_list_sol_network_packages.html:55:1 (telconetworkbuilder_list_sol_network_packages.Rd:15): Warning: missing </ul> before </div> telconetworkbuilder_list_tags_for_resource.html:48:1 (telconetworkbuilder_list_tags_for_resource.Rd:10): Warning: missing </ul> before </div> telconetworkbuilder_put_sol_function_package_content.html:60:1 (telconetworkbuilder_put_sol_function_package_content.Rd:18): Warning: missing </ul> before </div> telconetworkbuilder_put_sol_network_package_content.html:60:1 (telconetworkbuilder_put_sol_network_package_content.Rd:18): Warning: missing </ul> before </div> telconetworkbuilder_tag_resource.html:55:1 (telconetworkbuilder_tag_resource.Rd:15): Warning: missing </ul> before </div> telconetworkbuilder_terminate_sol_network_instance.html:56:1 (telconetworkbuilder_terminate_sol_network_instance.Rd:16): Warning: missing </ul> before </div> telconetworkbuilder_untag_resource.html:52:1 (telconetworkbuilder_untag_resource.Rd:12): Warning: missing </ul> before </div> telconetworkbuilder_update_sol_function_package.html:52:1 (telconetworkbuilder_update_sol_function_package.Rd:12): Warning: missing </ul> before </div> telconetworkbuilder_update_sol_network_instance.html:92:1 (telconetworkbuilder_update_sol_network_instance.Rd:41): Warning: missing </ul> before </div> telconetworkbuilder_update_sol_network_package.html:53:1 (telconetworkbuilder_update_sol_network_package.Rd:13): Warning: missing </ul> before </div> telconetworkbuilder_validate_sol_function_package_content.html:60:1 (telconetworkbuilder_validate_sol_function_package_content.Rd:18): Warning: missing </ul> before </div> telconetworkbuilder_validate_sol_network_package_content.html:60:1 (telconetworkbuilder_validate_sol_network_package_content.Rd:18): Warning: missing </ul> before </div> vpclattice_batch_update_rule.html:56:1 (vpclattice_batch_update_rule.Rd:14): Warning: missing </ul> before </div> vpclattice_create_access_log_subscription.html:77:1 (vpclattice_create_access_log_subscription.Rd:31): Warning: missing </ul> before </div> vpclattice_create_listener.html:89:1 (vpclattice_create_listener.Rd:39): Warning: missing </ul> before </div> vpclattice_create_resource_configuration.html:127:1 (vpclattice_create_resource_configuration.Rd:62): Warning: missing </ul> before </div> vpclattice_create_resource_gateway.html:85:1 (vpclattice_create_resource_gateway.Rd:35): Warning: missing </ul> before </div> vpclattice_create_rule.html:93:1 (vpclattice_create_rule.Rd:41): Warning: missing </ul> before </div> vpclattice_create_service.html:92:1 (vpclattice_create_service.Rd:39): Warning: missing </ul> before </div> vpclattice_create_service_network.html:88:1 (vpclattice_create_service_network.Rd:37): Warning: missing </ul> before </div> vpclattice_create_service_network_resource_association.html:72:1 (vpclattice_create_service_network_resource_association.Rd:28): Warning: missing </ul> before </div> vpclattice_create_service_network_service_association.html:70:1 (vpclattice_create_service_network_service_association.Rd:26): Warning: missing </ul> before </div> vpclattice_create_service_network_vpc_association.html:79:1 (vpclattice_create_service_network_vpc_association.Rd:33): Warning: missing </ul> before </div> vpclattice_create_target_group.html:77:1 (vpclattice_create_target_group.Rd:31): Warning: missing </ul> before </div> vpclattice_delete_access_log_subscription.html:48:1 (vpclattice_delete_access_log_subscription.Rd:10): Warning: missing </ul> before </div> vpclattice_delete_auth_policy.html:48:1 (vpclattice_delete_auth_policy.Rd:10): Warning: missing </ul> before </div> vpclattice_delete_listener.html:52:1 (vpclattice_delete_listener.Rd:12): Warning: missing </ul> before </div> vpclattice_delete_resource_configuration.html:48:1 (vpclattice_delete_resource_configuration.Rd:10): Warning: missing </ul> before </div> vpclattice_delete_resource_endpoint_association.html:50:1 (vpclattice_delete_resource_endpoint_association.Rd:12): Warning: missing </ul> before </div> vpclattice_delete_resource_gateway.html:48:1 (vpclattice_delete_resource_gateway.Rd:10): Warning: missing </ul> before </div> vpclattice_delete_resource_policy.html:48:1 (vpclattice_delete_resource_policy.Rd:10): Warning: missing </ul> before </div> vpclattice_delete_rule.html:56:1 (vpclattice_delete_rule.Rd:14): Warning: missing </ul> before </div> vpclattice_delete_service.html:48:1 (vpclattice_delete_service.Rd:10): Warning: missing </ul> before </div> vpclattice_delete_service_network.html:48:1 (vpclattice_delete_service_network.Rd:10): Warning: missing </ul> before </div> vpclattice_delete_service_network_resource_association.html:51:1 (vpclattice_delete_service_network_resource_association.Rd:13): Warning: missing </ul> before </div> vpclattice_delete_service_network_service_association.html:50:1 (vpclattice_delete_service_network_service_association.Rd:12): Warning: missing </ul> before </div> vpclattice_delete_service_network_vpc_association.html:50:1 (vpclattice_delete_service_network_vpc_association.Rd:12): Warning: missing </ul> before </div> vpclattice_delete_target_group.html:48:1 (vpclattice_delete_target_group.Rd:10): Warning: missing </ul> before </div> vpclattice_deregister_targets.html:52:1 (vpclattice_deregister_targets.Rd:12): Warning: missing </ul> before </div> vpclattice_get_access_log_subscription.html:48:1 (vpclattice_get_access_log_subscription.Rd:10): Warning: missing </ul> before </div> vpclattice_get_auth_policy.html:49:1 (vpclattice_get_auth_policy.Rd:11): Warning: missing </ul> before </div> vpclattice_get_listener.html:53:1 (vpclattice_get_listener.Rd:13): Warning: missing </ul> before </div> vpclattice_get_resource_configuration.html:48:1 (vpclattice_get_resource_configuration.Rd:10): Warning: missing </ul> before </div> vpclattice_get_resource_gateway.html:48:1 (vpclattice_get_resource_gateway.Rd:10): Warning: missing </ul> before </div> vpclattice_get_resource_policy.html:48:1 (vpclattice_get_resource_policy.Rd:10): Warning: missing </ul> before </div> vpclattice_get_rule.html:56:1 (vpclattice_get_rule.Rd:14): Warning: missing </ul> before </div> vpclattice_get_service.html:48:1 (vpclattice_get_service.Rd:10): Warning: missing </ul> before </div> vpclattice_get_service_network.html:48:1 (vpclattice_get_service_network.Rd:10): Warning: missing </ul> before </div> vpclattice_get_service_network_resource_association.html:51:1 (vpclattice_get_service_network_resource_association.Rd:13): Warning: missing </ul> before </div> vpclattice_get_service_network_service_association.html:51:1 (vpclattice_get_service_network_service_association.Rd:13): Warning: missing </ul> before </div> vpclattice_get_service_network_vpc_association.html:51:1 (vpclattice_get_service_network_vpc_association.Rd:13): Warning: missing </ul> before </div> vpclattice_get_target_group.html:48:1 (vpclattice_get_target_group.Rd:10): Warning: missing </ul> before </div> vpclattice_list_access_log_subscriptions.html:61:1 (vpclattice_list_access_log_subscriptions.Rd:19): Warning: missing </ul> before </div> vpclattice_list_listeners.html:60:1 (vpclattice_list_listeners.Rd:18): Warning: missing </ul> before </div> vpclattice_list_resource_configurations.html:65:1 (vpclattice_list_resource_configurations.Rd:21): Warning: missing </ul> before </div> vpclattice_list_resource_endpoint_associations.html:75:1 (vpclattice_list_resource_endpoint_associations.Rd:27): Warning: missing </ul> before </div> vpclattice_list_resource_gateways.html:53:1 (vpclattice_list_resource_gateways.Rd:13): Warning: missing </ul> before </div> vpclattice_list_rules.html:65:1 (vpclattice_list_rules.Rd:21): Warning: missing </ul> before </div> vpclattice_list_service_network_resource_associations.html:67:1 (vpclattice_list_service_network_resource_associations.Rd:23): Warning: missing </ul> before </div> vpclattice_list_service_network_service_associations.html:65:1 (vpclattice_list_service_network_service_associations.Rd:21): Warning: missing </ul> before </div> vpclattice_list_service_network_vpc_associations.html:65:1 (vpclattice_list_service_network_vpc_associations.Rd:21): Warning: missing </ul> before </div> vpclattice_list_service_network_vpc_endpoint_associations.html:61:1 (vpclattice_list_service_network_vpc_endpoint_associations.Rd:19): Warning: missing </ul> before </div> vpclattice_list_service_networks.html:52:1 (vpclattice_list_service_networks.Rd:12): Warning: missing </ul> before </div> vpclattice_list_services.html:53:1 (vpclattice_list_services.Rd:13): Warning: missing </ul> before </div> vpclattice_list_tags_for_resource.html:48:1 (vpclattice_list_tags_for_resource.Rd:10): Warning: missing </ul> before </div> vpclattice_list_target_groups.html:65:1 (vpclattice_list_target_groups.Rd:21): Warning: missing </ul> before </div> vpclattice_list_targets.html:65:1 (vpclattice_list_targets.Rd:21): Warning: missing </ul> before </div> vpclattice_put_auth_policy.html:54:1 (vpclattice_put_auth_policy.Rd:14): Warning: missing </ul> before </div> vpclattice_put_resource_policy.html:55:1 (vpclattice_put_resource_policy.Rd:15): Warning: missing </ul> before </div> vpclattice_register_targets.html:52:1 (vpclattice_register_targets.Rd:12): Warning: missing </ul> before </div> vpclattice_tag_resource.html:52:1 (vpclattice_tag_resource.Rd:12): Warning: missing </ul> before </div> vpclattice_untag_resource.html:52:1 (vpclattice_untag_resource.Rd:12): Warning: missing </ul> before </div> vpclattice_update_access_log_subscription.html:55:1 (vpclattice_update_access_log_subscription.Rd:15): Warning: missing </ul> before </div> vpclattice_update_listener.html:60:1 (vpclattice_update_listener.Rd:18): Warning: missing </ul> before </div> vpclattice_update_resource_configuration.html:68:1 (vpclattice_update_resource_configuration.Rd:24): Warning: missing </ul> before </div> vpclattice_update_resource_gateway.html:55:1 (vpclattice_update_resource_gateway.Rd:15): Warning: missing </ul> before </div> vpclattice_update_rule.html:76:1 (vpclattice_update_rule.Rd:28): Warning: missing </ul> before </div> vpclattice_update_service.html:71:1 (vpclattice_update_service.Rd:24): Warning: missing </ul> before </div> vpclattice_update_service_network.html:63:1 (vpclattice_update_service_network.Rd:18): Warning: missing </ul> before </div> vpclattice_update_service_network_vpc_association.html:55:1 (vpclattice_update_service_network_vpc_association.Rd:15): Warning: missing </ul> before </div> vpclattice_update_target_group.html:52:1 (vpclattice_update_target_group.Rd:12): Warning: missing </ul> before </div> Flavor: r-devel-linux-x86_64-debian-gcc

Version: 0.9.0
Check: installed package size
Result: NOTE installed size is 5.5Mb sub-directories of 1Mb or more: R 3.1Mb help 2.3Mb Flavors: r-oldrel-macos-arm64, r-oldrel-macos-x86_64