Last updated on 2025-10-21 09:48:40 CEST.
Flavor | Version | Tinstall | Tcheck | Ttotal | Status | Flags |
---|---|---|---|---|---|---|
r-devel-linux-x86_64-debian-clang | 0.9.0 | 140.78 | 383.79 | 524.57 | NOTE | |
r-devel-linux-x86_64-debian-gcc | 0.9.0 | 84.22 | 255.92 | 340.14 | NOTE | |
r-devel-linux-x86_64-fedora-clang | 0.9.0 | 758.90 | OK | |||
r-devel-linux-x86_64-fedora-gcc | 0.9.0 | 684.75 | OK | |||
r-devel-windows-x86_64 | 0.9.0 | 139.00 | 645.00 | 784.00 | OK | |
r-patched-linux-x86_64 | 0.9.0 | 172.02 | 358.72 | 530.74 | OK | |
r-release-linux-x86_64 | 0.9.0 | 125.98 | 357.91 | 483.89 | OK | |
r-release-macos-arm64 | 0.9.0 | 197.00 | OK | |||
r-release-macos-x86_64 | 0.9.0 | 408.00 | OK | |||
r-release-windows-x86_64 | 0.9.0 | 141.00 | 631.00 | 772.00 | OK | |
r-oldrel-macos-arm64 | 0.9.0 | 178.00 | NOTE | |||
r-oldrel-macos-x86_64 | 0.9.0 | 359.00 | NOTE | |||
r-oldrel-windows-x86_64 | 0.9.0 | 201.00 | 704.00 | 905.00 | NOTE |
Version: 0.9.0
Check: CRAN incoming feasibility
Result: NOTE
Maintainer: ‘Dyfan Jones <dyfan.r.jones@gmail.com>’
Found the following (possibly) invalid URLs:
URL: https://docs.aws.amazon.com/kms/latest/developerguide/concepts.html##aws-managed-cmk
From: man/kms_describe_key.Rd
Message: Invalid URL: '#' not allowed in fragment
Flavors: r-devel-linux-x86_64-debian-clang, r-devel-linux-x86_64-debian-gcc
Version: 0.9.0
Check: HTML version of manual
Result: NOTE
Found the following HTML validation problems:
accessanalyzer_apply_archive_rule.html:57:1 (accessanalyzer_apply_archive_rule.Rd:15): Warning: missing </ul> before </div>
accessanalyzer_cancel_policy_generation.html:54:1 (accessanalyzer_cancel_policy_generation.Rd:16): Warning: missing </ul> before </div>
accessanalyzer_check_access_not_granted.html:69:1 (accessanalyzer_check_access_not_granted.Rd:27): Warning: missing </ul> before </div>
accessanalyzer_check_no_new_access.html:69:1 (accessanalyzer_check_no_new_access.Rd:27): Warning: missing </ul> before </div>
accessanalyzer_check_no_public_access.html:58:1 (accessanalyzer_check_no_public_access.Rd:18): Warning: missing </ul> before </div>
accessanalyzer_create_access_preview.html:66:1 (accessanalyzer_create_access_preview.Rd:24): Warning: missing </ul> before </div>
accessanalyzer_create_analyzer.html:90:1 (accessanalyzer_create_analyzer.Rd:42): Warning: missing </ul> before </div>
accessanalyzer_create_archive_rule.html:65:1 (accessanalyzer_create_archive_rule.Rd:21): Warning: missing </ul> before </div>
accessanalyzer_delete_analyzer.html:52:1 (accessanalyzer_delete_analyzer.Rd:12): Warning: missing </ul> before </div>
accessanalyzer_delete_archive_rule.html:57:1 (accessanalyzer_delete_archive_rule.Rd:15): Warning: missing </ul> before </div>
accessanalyzer_generate_finding_recommendation.html:53:1 (accessanalyzer_generate_finding_recommendation.Rd:13): Warning: missing </ul> before </div>
accessanalyzer_get_access_preview.html:53:1 (accessanalyzer_get_access_preview.Rd:13): Warning: missing </ul> before </div>
accessanalyzer_get_analyzed_resource.html:53:1 (accessanalyzer_get_analyzed_resource.Rd:13): Warning: missing </ul> before </div>
accessanalyzer_get_analyzer.html:48:1 (accessanalyzer_get_analyzer.Rd:10): Warning: missing </ul> before </div>
accessanalyzer_get_archive_rule.html:52:1 (accessanalyzer_get_archive_rule.Rd:12): Warning: missing </ul> before </div>
accessanalyzer_get_finding.html:53:1 (accessanalyzer_get_finding.Rd:13): Warning: missing </ul> before </div>
accessanalyzer_get_finding_recommendation.html:67:1 (accessanalyzer_get_finding_recommendation.Rd:23): Warning: missing </ul> before </div>
accessanalyzer_get_finding_v2.html:66:1 (accessanalyzer_get_finding_v2.Rd:22): Warning: missing </ul> before </div>
accessanalyzer_get_findings_statistics.html:50:1 (accessanalyzer_get_findings_statistics.Rd:12): Warning: missing </ul> before </div>
accessanalyzer_get_generated_policy.html:76:1 (accessanalyzer_get_generated_policy.Rd:34): Warning: missing </ul> before </div>
accessanalyzer_list_access_preview_findings.html:72:1 (accessanalyzer_list_access_preview_findings.Rd:26): Warning: missing </ul> before </div>
accessanalyzer_list_access_previews.html:61:1 (accessanalyzer_list_access_previews.Rd:19): Warning: missing </ul> before </div>
accessanalyzer_list_analyzed_resources.html:67:1 (accessanalyzer_list_analyzed_resources.Rd:23): Warning: missing </ul> before </div>
accessanalyzer_list_analyzers.html:56:1 (accessanalyzer_list_analyzers.Rd:14): Warning: missing </ul> before </div>
accessanalyzer_list_archive_rules.html:60:1 (accessanalyzer_list_archive_rules.Rd:18): Warning: missing </ul> before </div>
accessanalyzer_list_findings.html:71:1 (accessanalyzer_list_findings.Rd:25): Warning: missing </ul> before </div>
accessanalyzer_list_findings_v2.html:70:1 (accessanalyzer_list_findings_v2.Rd:25): Warning: missing </ul> before </div>
accessanalyzer_list_policy_generations.html:62:1 (accessanalyzer_list_policy_generations.Rd:20): Warning: missing </ul> before </div>
accessanalyzer_list_tags_for_resource.html:48:1 (accessanalyzer_list_tags_for_resource.Rd:10): Warning: missing </ul> before </div>
accessanalyzer_start_policy_generation.html:70:1 (accessanalyzer_start_policy_generation.Rd:28): Warning: missing </ul> before </div>
accessanalyzer_start_resource_scan.html:64:1 (accessanalyzer_start_resource_scan.Rd:22): Warning: missing </ul> before </div>
accessanalyzer_tag_resource.html:52:1 (accessanalyzer_tag_resource.Rd:12): Warning: missing </ul> before </div>
accessanalyzer_untag_resource.html:52:1 (accessanalyzer_untag_resource.Rd:12): Warning: missing </ul> before </div>
accessanalyzer_update_analyzer.html:51:1 (accessanalyzer_update_analyzer.Rd:12): Warning: missing </ul> before </div>
accessanalyzer_update_archive_rule.html:66:1 (accessanalyzer_update_archive_rule.Rd:22): Warning: missing </ul> before </div>
accessanalyzer_update_findings.html:73:1 (accessanalyzer_update_findings.Rd:27): Warning: missing </ul> before </div>
accessanalyzer_validate_policy.html:97:1 (accessanalyzer_validate_policy.Rd:49): Warning: missing </ul> before </div>
account_accept_primary_email_update.html:75:1 (account_accept_primary_email_update.Rd:33): Warning: missing </ul> before </div>
account_delete_alternate_contact.html:75:1 (account_delete_alternate_contact.Rd:35): Warning: missing </ul> before </div>
account_disable_region.html:75:1 (account_disable_region.Rd:35): Warning: missing </ul> before </div>
account_enable_region.html:76:1 (account_enable_region.Rd:36): Warning: missing </ul> before </div>
account_get_alternate_contact.html:75:1 (account_get_alternate_contact.Rd:35): Warning: missing </ul> before </div>
account_get_contact_information.html:67:1 (account_get_contact_information.Rd:29): Warning: missing </ul> before </div>
account_get_primary_email.html:60:1 (account_get_primary_email.Rd:22): Warning: missing </ul> before </div>
account_get_region_opt_status.html:72:1 (account_get_region_opt_status.Rd:32): Warning: missing </ul> before </div>
account_list_regions.html:98:1 (account_list_regions.Rd:54): Warning: missing </ul> before </div>
account_put_alternate_contact.html:98:1 (account_put_alternate_contact.Rd:50): Warning: missing </ul> before </div>
account_put_contact_information.html:72:1 (account_put_contact_information.Rd:32): Warning: missing </ul> before </div>
account_start_primary_email_update.html:66:1 (account_start_primary_email_update.Rd:26): Warning: missing </ul> before </div>
acm_add_tags_to_certificate.html:57:1 (acm_add_tags_to_certificate.Rd:17): Warning: missing </ul> before </div>
acm_delete_certificate.html:53:1 (acm_delete_certificate.Rd:15): Warning: missing </ul> before </div>
acm_describe_certificate.html:53:1 (acm_describe_certificate.Rd:15): Warning: missing </ul> before </div>
acm_export_certificate.html:66:1 (acm_export_certificate.Rd:26): Warning: missing </ul> before </div>
acm_get_certificate.html:52:1 (acm_get_certificate.Rd:14): Warning: missing </ul> before </div>
acm_import_certificate.html:75:1 (acm_import_certificate.Rd:29): Warning: missing </ul> before </div>
acm_list_certificates.html:84:1 (acm_list_certificates.Rd:36): Warning: missing </ul> before </div>
acm_list_tags_for_certificate.html:53:1 (acm_list_tags_for_certificate.Rd:15): Warning: missing </ul> before </div>
acm_put_account_configuration.html:58:1 (acm_put_account_configuration.Rd:18): Warning: missing </ul> before </div>
acm_remove_tags_from_certificate.html:57:1 (acm_remove_tags_from_certificate.Rd:17): Warning: missing </ul> before </div>
acm_renew_certificate.html:53:1 (acm_renew_certificate.Rd:15): Warning: missing </ul> before </div>
acm_request_certificate.html:186:1 (acm_request_certificate.Rd:118): Warning: missing </ul> before </div>
acm_resend_validation_email.html:88:1 (acm_resend_validation_email.Rd:35): Warning: missing </ul> before </div>
acm_update_certificate_options.html:59:1 (acm_update_certificate_options.Rd:19): Warning: missing </ul> before </div>
acmpca_create_certificate_authority.html:142:1 (acmpca_create_certificate_authority.Rd:83): Warning: missing </ul> before </div>
acmpca_create_certificate_authority_audit_report.html:65:1 (acmpca_create_certificate_authority_audit_report.Rd:23): Warning: missing </ul> before </div>
acmpca_create_permission.html:76:1 (acmpca_create_permission.Rd:32): Warning: missing </ul> before </div>
acmpca_delete_certificate_authority.html:60:1 (acmpca_delete_certificate_authority.Rd:20): Warning: missing </ul> before </div>
acmpca_delete_permission.html:68:1 (acmpca_delete_permission.Rd:26): Warning: missing </ul> before </div>
acmpca_delete_policy.html:52:1 (acmpca_delete_policy.Rd:14): Warning: missing </ul> before </div>
acmpca_describe_certificate_authority.html:53:1 (acmpca_describe_certificate_authority.Rd:15): Warning: missing </ul> before </div>
acmpca_describe_certificate_authority_audit_report.html:61:1 (acmpca_describe_certificate_authority_audit_report.Rd:21): Warning: missing </ul> before </div>
acmpca_get_certificate.html:60:1 (acmpca_get_certificate.Rd:20): Warning: missing </ul> before </div>
acmpca_get_certificate_authority_certificate.html:51:1 (acmpca_get_certificate_authority_certificate.Rd:13): Warning: missing </ul> before </div>
acmpca_get_certificate_authority_csr.html:53:1 (acmpca_get_certificate_authority_csr.Rd:15): Warning: missing </ul> before </div>
acmpca_get_policy.html:52:1 (acmpca_get_policy.Rd:15): Warning: missing </ul> before </div>
acmpca_import_certificate_authority_certificate.html:74:1 (acmpca_import_certificate_authority_certificate.Rd:32): Warning: missing </ul> before </div>
acmpca_issue_certificate.html:172:1 (acmpca_issue_certificate.Rd:120): Warning: missing </ul> before </div>
acmpca_list_certificate_authorities.html:71:1 (acmpca_list_certificate_authorities.Rd:29): Warning: missing </ul> before </div>
acmpca_list_permissions.html:74:1 (acmpca_list_permissions.Rd:32): Warning: missing </ul> before </div>
acmpca_list_tags.html:67:1 (acmpca_list_tags.Rd:25): Warning: missing </ul> before </div>
acmpca_put_policy.html:60:1 (acmpca_put_policy.Rd:20): Warning: missing </ul> before </div>
acmpca_restore_certificate_authority.html:52:1 (acmpca_restore_certificate_authority.Rd:14): Warning: missing </ul> before </div>
acmpca_revoke_certificate.html:76:1 (acmpca_revoke_certificate.Rd:34): Warning: missing </ul> before </div>
acmpca_tag_certificate_authority.html:56:1 (acmpca_tag_certificate_authority.Rd:16): Warning: missing </ul> before </div>
acmpca_untag_certificate_authority.html:56:1 (acmpca_untag_certificate_authority.Rd:16): Warning: missing </ul> before </div>
acmpca_update_certificate_authority.html:110:1 (acmpca_update_certificate_authority.Rd:59): Warning: missing </ul> before </div>
cleanroomsml_cancel_trained_model.html:53:1 (cleanroomsml_cancel_trained_model.Rd:13): Warning: missing </ul> before </div>
cleanroomsml_cancel_trained_model_inference_job.html:57:1 (cleanroomsml_cancel_trained_model_inference_job.Rd:17): Warning: missing </ul> before </div>
cleanroomsml_create_audience_model.html:122:1 (cleanroomsml_create_audience_model.Rd:57): Warning: missing </ul> before </div>
cleanroomsml_create_configured_audience_model.html:155:1 (cleanroomsml_create_configured_audience_model.Rd:86): Warning: missing </ul> before </div>
cleanroomsml_create_configured_model_algorithm.html:125:1 (cleanroomsml_create_configured_model_algorithm.Rd:60): Warning: missing </ul> before </div>
cleanroomsml_create_configured_model_algorithm_association.html:119:1 (cleanroomsml_create_configured_model_algorithm_association.Rd:56): Warning: missing </ul> before </div>
cleanroomsml_create_ml_input_channel.html:126:1 (cleanroomsml_create_ml_input_channel.Rd:59): Warning: missing </ul> before </div>
cleanroomsml_create_trained_model.html:144:1 (cleanroomsml_create_trained_model.Rd:71): Warning: missing </ul> before </div>
cleanroomsml_create_training_dataset.html:116:1 (cleanroomsml_create_training_dataset.Rd:55): Warning: missing </ul> before </div>
cleanroomsml_delete_audience_generation_job.html:50:1 (cleanroomsml_delete_audience_generation_job.Rd:12): Warning: missing </ul> before </div>
cleanroomsml_delete_audience_model.html:49:1 (cleanroomsml_delete_audience_model.Rd:11): Warning: missing </ul> before </div>
cleanroomsml_delete_configured_audience_model.html:49:1 (cleanroomsml_delete_configured_audience_model.Rd:11): Warning: missing </ul> before </div>
cleanroomsml_delete_configured_audience_model_policy.html:51:1 (cleanroomsml_delete_configured_audience_model_policy.Rd:13): Warning: missing </ul> before </div>
cleanroomsml_delete_configured_model_algorithm.html:49:1 (cleanroomsml_delete_configured_model_algorithm.Rd:11): Warning: missing </ul> before </div>
cleanroomsml_delete_configured_model_algorithm_association.html:57:1 (cleanroomsml_delete_configured_model_algorithm_association.Rd:17): Warning: missing </ul> before </div>
cleanroomsml_delete_ml_configuration.html:49:1 (cleanroomsml_delete_ml_configuration.Rd:11): Warning: missing </ul> before </div>
cleanroomsml_delete_ml_input_channel_data.html:57:1 (cleanroomsml_delete_ml_input_channel_data.Rd:17): Warning: missing </ul> before </div>
cleanroomsml_delete_trained_model_output.html:54:1 (cleanroomsml_delete_trained_model_output.Rd:14): Warning: missing </ul> before </div>
cleanroomsml_delete_training_dataset.html:49:1 (cleanroomsml_delete_training_dataset.Rd:11): Warning: missing </ul> before </div>
cleanroomsml_get_audience_generation_job.html:49:1 (cleanroomsml_get_audience_generation_job.Rd:11): Warning: missing </ul> before </div>
cleanroomsml_get_audience_model.html:49:1 (cleanroomsml_get_audience_model.Rd:11): Warning: missing </ul> before </div>
cleanroomsml_get_collab_config_model_algori_associ.html:58:1 (cleanroomsml_get_collab_config_model_algori_associ.Rd:18): Warning: missing </ul> before </div>
cleanroomsml_get_collaboration_ml_input_channel.html:57:1 (cleanroomsml_get_collaboration_ml_input_channel.Rd:17): Warning: missing </ul> before </div>
cleanroomsml_get_collaboration_trained_model.html:57:1 (cleanroomsml_get_collaboration_trained_model.Rd:17): Warning: missing </ul> before </div>
cleanroomsml_get_configured_audience_model.html:49:1 (cleanroomsml_get_configured_audience_model.Rd:11): Warning: missing </ul> before </div>
cleanroomsml_get_configured_audience_model_policy.html:49:1 (cleanroomsml_get_configured_audience_model_policy.Rd:11): Warning: missing </ul> before </div>
cleanroomsml_get_configured_model_algorithm.html:49:1 (cleanroomsml_get_configured_model_algorithm.Rd:11): Warning: missing </ul> before </div>
cleanroomsml_get_configured_model_algorithm_association.html:57:1 (cleanroomsml_get_configured_model_algorithm_association.Rd:17): Warning: missing </ul> before </div>
cleanroomsml_get_ml_configuration.html:49:1 (cleanroomsml_get_ml_configuration.Rd:11): Warning: missing </ul> before </div>
cleanroomsml_get_ml_input_channel.html:54:1 (cleanroomsml_get_ml_input_channel.Rd:14): Warning: missing </ul> before </div>
cleanroomsml_get_trained_model.html:54:1 (cleanroomsml_get_trained_model.Rd:14): Warning: missing </ul> before </div>
cleanroomsml_get_trained_model_inference_job.html:57:1 (cleanroomsml_get_trained_model_inference_job.Rd:17): Warning: missing </ul> before </div>
cleanroomsml_get_training_dataset.html:49:1 (cleanroomsml_get_training_dataset.Rd:11): Warning: missing </ul> before </div>
cleanroomsml_list_audience_export_jobs.html:62:1 (cleanroomsml_list_audience_export_jobs.Rd:20): Warning: missing </ul> before </div>
cleanroomsml_list_audience_generation_jobs.html:68:1 (cleanroomsml_list_audience_generation_jobs.Rd:24): Warning: missing </ul> before </div>
cleanroomsml_list_audience_models.html:53:1 (cleanroomsml_list_audience_models.Rd:13): Warning: missing </ul> before </div>
cleanroomsml_list_collab_config_model_algori_associ.html:63:1 (cleanroomsml_list_collab_config_model_algori_associ.Rd:21): Warning: missing </ul> before </div>
cleanroomsml_list_collaboration_ml_input_channels.html:62:1 (cleanroomsml_list_collaboration_ml_input_channels.Rd:20): Warning: missing </ul> before </div>
cleanroomsml_list_collaboration_trained_model_export_jobs.html:68:1 (cleanroomsml_list_collaboration_trained_model_export_jobs.Rd:24): Warning: missing </ul> before </div>
cleanroomsml_list_collaboration_trained_model_inference_jobs.html:69:1 (cleanroomsml_list_collaboration_trained_model_inference_jobs.Rd:25): Warning: missing </ul> before </div>
cleanroomsml_list_collaboration_trained_models.html:62:1 (cleanroomsml_list_collaboration_trained_models.Rd:20): Warning: missing </ul> before </div>
cleanroomsml_list_configured_audience_models.html:56:1 (cleanroomsml_list_configured_audience_models.Rd:16): Warning: missing </ul> before </div>
cleanroomsml_list_configured_model_algorithm_associations.html:62:1 (cleanroomsml_list_configured_model_algorithm_associations.Rd:20): Warning: missing </ul> before </div>
cleanroomsml_list_configured_model_algorithms.html:56:1 (cleanroomsml_list_configured_model_algorithms.Rd:16): Warning: missing </ul> before </div>
cleanroomsml_list_ml_input_channels.html:62:1 (cleanroomsml_list_ml_input_channels.Rd:20): Warning: missing </ul> before </div>
cleanroomsml_list_tags_for_resource.html:49:1 (cleanroomsml_list_tags_for_resource.Rd:11): Warning: missing </ul> before </div>
cleanroomsml_list_trained_model_inference_jobs.html:68:1 (cleanroomsml_list_trained_model_inference_jobs.Rd:24): Warning: missing </ul> before </div>
cleanroomsml_list_trained_models.html:62:1 (cleanroomsml_list_trained_models.Rd:20): Warning: missing </ul> before </div>
cleanroomsml_list_training_datasets.html:53:1 (cleanroomsml_list_training_datasets.Rd:13): Warning: missing </ul> before </div>
cleanroomsml_put_configured_audience_model_policy.html:67:1 (cleanroomsml_put_configured_audience_model_policy.Rd:23): Warning: missing </ul> before </div>
cleanroomsml_put_ml_configuration.html:53:1 (cleanroomsml_put_ml_configuration.Rd:13): Warning: missing </ul> before </div>
cleanroomsml_start_audience_export_job.html:67:1 (cleanroomsml_start_audience_export_job.Rd:23): Warning: missing </ul> before </div>
cleanroomsml_start_audience_generation_job.html:121:1 (cleanroomsml_start_audience_generation_job.Rd:56): Warning: missing </ul> before </div>
cleanroomsml_start_trained_model_export_job.html:72:1 (cleanroomsml_start_trained_model_export_job.Rd:26): Warning: missing </ul> before </div>
cleanroomsml_start_trained_model_inference_job.html:151:1 (cleanroomsml_start_trained_model_inference_job.Rd:76): Warning: missing </ul> before </div>
cleanroomsml_tag_resource.html:92:1 (cleanroomsml_tag_resource.Rd:37): Warning: missing </ul> before </div>
cleanroomsml_untag_resource.html:53:1 (cleanroomsml_untag_resource.Rd:13): Warning: missing </ul> before </div>
cleanroomsml_update_configured_audience_model.html:83:1 (cleanroomsml_update_configured_audience_model.Rd:33): Warning: missing </ul> before </div>
clouddirectory_add_facet_to_object.html:67:1 (clouddirectory_add_facet_to_object.Rd:23): Warning: missing </ul> before </div>
clouddirectory_apply_schema.html:55:1 (clouddirectory_apply_schema.Rd:15): Warning: missing </ul> before </div>
clouddirectory_attach_object.html:66:1 (clouddirectory_attach_object.Rd:22): Warning: missing </ul> before </div>
clouddirectory_attach_policy.html:58:1 (clouddirectory_attach_policy.Rd:16): Warning: missing </ul> before </div>
clouddirectory_attach_to_index.html:57:1 (clouddirectory_attach_to_index.Rd:15): Warning: missing </ul> before </div>
clouddirectory_attach_typed_link.html:71:1 (clouddirectory_attach_typed_link.Rd:25): Warning: missing </ul> before </div>
clouddirectory_batch_read.html:59:1 (clouddirectory_batch_read.Rd:17): Warning: missing </ul> before </div>
clouddirectory_batch_write.html:53:1 (clouddirectory_batch_write.Rd:13): Warning: missing </ul> before </div>
clouddirectory_create_directory.html:53:1 (clouddirectory_create_directory.Rd:13): Warning: missing </ul> before </div>
clouddirectory_create_facet.html:92:1 (clouddirectory_create_facet.Rd:37): Warning: missing </ul> before </div>
clouddirectory_create_index.html:72:1 (clouddirectory_create_index.Rd:26): Warning: missing </ul> before </div>
clouddirectory_create_object.html:74:1 (clouddirectory_create_object.Rd:28): Warning: missing </ul> before </div>
clouddirectory_create_schema.html:49:1 (clouddirectory_create_schema.Rd:11): Warning: missing </ul> before </div>
clouddirectory_create_typed_link_facet.html:53:1 (clouddirectory_create_typed_link_facet.Rd:13): Warning: missing </ul> before </div>
clouddirectory_delete_directory.html:48:1 (clouddirectory_delete_directory.Rd:10): Warning: missing </ul> before </div>
clouddirectory_delete_facet.html:53:1 (clouddirectory_delete_facet.Rd:13): Warning: missing </ul> before </div>
clouddirectory_delete_object.html:53:1 (clouddirectory_delete_object.Rd:13): Warning: missing </ul> before </div>
clouddirectory_delete_schema.html:49:1 (clouddirectory_delete_schema.Rd:11): Warning: missing </ul> before </div>
clouddirectory_delete_typed_link_facet.html:53:1 (clouddirectory_delete_typed_link_facet.Rd:13): Warning: missing </ul> before </div>
clouddirectory_detach_from_index.html:57:1 (clouddirectory_detach_from_index.Rd:15): Warning: missing </ul> before </div>
clouddirectory_detach_object.html:58:1 (clouddirectory_detach_object.Rd:16): Warning: missing </ul> before </div>
clouddirectory_detach_policy.html:58:1 (clouddirectory_detach_policy.Rd:16): Warning: missing </ul> before </div>
clouddirectory_detach_typed_link.html:53:1 (clouddirectory_detach_typed_link.Rd:13): Warning: missing </ul> before </div>
clouddirectory_disable_directory.html:48:1 (clouddirectory_disable_directory.Rd:10): Warning: missing </ul> before </div>
clouddirectory_enable_directory.html:48:1 (clouddirectory_enable_directory.Rd:10): Warning: missing </ul> before </div>
clouddirectory_get_applied_schema_version.html:49:1 (clouddirectory_get_applied_schema_version.Rd:11): Warning: missing </ul> before </div>
clouddirectory_get_directory.html:48:1 (clouddirectory_get_directory.Rd:10): Warning: missing </ul> before </div>
clouddirectory_get_facet.html:54:1 (clouddirectory_get_facet.Rd:14): Warning: missing </ul> before </div>
clouddirectory_get_link_attributes.html:67:1 (clouddirectory_get_link_attributes.Rd:23): Warning: missing </ul> before </div>
clouddirectory_get_object_attributes.html:72:1 (clouddirectory_get_object_attributes.Rd:26): Warning: missing </ul> before </div>
clouddirectory_get_object_information.html:60:1 (clouddirectory_get_object_information.Rd:18): Warning: missing </ul> before </div>
clouddirectory_get_schema_as_json.html:48:1 (clouddirectory_get_schema_as_json.Rd:10): Warning: missing </ul> before </div>
clouddirectory_get_typed_link_facet_information.html:53:1 (clouddirectory_get_typed_link_facet_information.Rd:13): Warning: missing </ul> before </div>
clouddirectory_list_applied_schema_arns.html:68:1 (clouddirectory_list_applied_schema_arns.Rd:24): Warning: missing </ul> before </div>
clouddirectory_list_attached_indices.html:70:1 (clouddirectory_list_attached_indices.Rd:24): Warning: missing </ul> before </div>
clouddirectory_list_development_schema_arns.html:56:1 (clouddirectory_list_development_schema_arns.Rd:16): Warning: missing </ul> before </div>
clouddirectory_list_directories.html:61:1 (clouddirectory_list_directories.Rd:19): Warning: missing </ul> before </div>
clouddirectory_list_facet_attributes.html:65:1 (clouddirectory_list_facet_attributes.Rd:21): Warning: missing </ul> before </div>
clouddirectory_list_facet_names.html:56:1 (clouddirectory_list_facet_names.Rd:14): Warning: missing </ul> before </div>
clouddirectory_list_incoming_typed_links.html:86:1 (clouddirectory_list_incoming_typed_links.Rd:36): Warning: missing </ul> before </div>
clouddirectory_list_index.html:76:1 (clouddirectory_list_index.Rd:28): Warning: missing </ul> before </div>
clouddirectory_list_managed_schema_arns.html:61:1 (clouddirectory_list_managed_schema_arns.Rd:19): Warning: missing </ul> before </div>
clouddirectory_list_object_attributes.html:81:1 (clouddirectory_list_object_attributes.Rd:33): Warning: missing </ul> before </div>
clouddirectory_list_object_children.html:76:1 (clouddirectory_list_object_children.Rd:30): Warning: missing </ul> before </div>
clouddirectory_list_object_parent_paths.html:67:1 (clouddirectory_list_object_parent_paths.Rd:23): Warning: missing </ul> before </div>
clouddirectory_list_object_parents.html:82:1 (clouddirectory_list_object_parents.Rd:34): Warning: missing </ul> before </div>
clouddirectory_list_object_policies.html:74:1 (clouddirectory_list_object_policies.Rd:28): Warning: missing </ul> before </div>
clouddirectory_list_outgoing_typed_links.html:86:1 (clouddirectory_list_outgoing_typed_links.Rd:36): Warning: missing </ul> before </div>
clouddirectory_list_policy_attachments.html:74:1 (clouddirectory_list_policy_attachments.Rd:28): Warning: missing </ul> before </div>
clouddirectory_list_published_schema_arns.html:63:1 (clouddirectory_list_published_schema_arns.Rd:21): Warning: missing </ul> before </div>
clouddirectory_list_tags_for_resource.html:63:1 (clouddirectory_list_tags_for_resource.Rd:21): Warning: missing </ul> before </div>
clouddirectory_list_typed_link_facet_attributes.html:67:1 (clouddirectory_list_typed_link_facet_attributes.Rd:23): Warning: missing </ul> before </div>
clouddirectory_list_typed_link_facet_names.html:62:1 (clouddirectory_list_typed_link_facet_names.Rd:20): Warning: missing </ul> before </div>
clouddirectory_lookup_policy.html:68:1 (clouddirectory_lookup_policy.Rd:24): Warning: missing </ul> before </div>
clouddirectory_publish_schema.html:71:1 (clouddirectory_publish_schema.Rd:27): Warning: missing </ul> before </div>
clouddirectory_put_schema_from_json.html:52:1 (clouddirectory_put_schema_from_json.Rd:12): Warning: missing </ul> before </div>
clouddirectory_remove_facet_from_object.html:60:1 (clouddirectory_remove_facet_from_object.Rd:18): Warning: missing </ul> before </div>
clouddirectory_tag_resource.html:53:1 (clouddirectory_tag_resource.Rd:13): Warning: missing </ul> before </div>
clouddirectory_untag_resource.html:53:1 (clouddirectory_untag_resource.Rd:13): Warning: missing </ul> before </div>
clouddirectory_update_facet.html:69:1 (clouddirectory_update_facet.Rd:25): Warning: missing </ul> before </div>
clouddirectory_update_link_attributes.html:62:1 (clouddirectory_update_link_attributes.Rd:20): Warning: missing </ul> before </div>
clouddirectory_update_object_attributes.html:61:1 (clouddirectory_update_object_attributes.Rd:19): Warning: missing </ul> before </div>
clouddirectory_update_schema.html:53:1 (clouddirectory_update_schema.Rd:13): Warning: missing </ul> before </div>
clouddirectory_update_typed_link_facet.html:74:1 (clouddirectory_update_typed_link_facet.Rd:30): Warning: missing </ul> before </div>
clouddirectory_upgrade_applied_schema.html:64:1 (clouddirectory_upgrade_applied_schema.Rd:22): Warning: missing </ul> before </div>
clouddirectory_upgrade_published_schema.html:71:1 (clouddirectory_upgrade_published_schema.Rd:27): Warning: missing </ul> before </div>
cloudhsm_add_tags_to_resource.html:52:1 (cloudhsm_add_tags_to_resource.Rd:12): Warning: missing </ul> before </div>
cloudhsm_create_hapg.html:48:1 (cloudhsm_create_hapg.Rd:10): Warning: missing </ul> before </div>
cloudhsm_create_hsm.html:91:1 (cloudhsm_create_hsm.Rd:39): Warning: missing </ul> before </div>
cloudhsm_create_luna_client.html:53:1 (cloudhsm_create_luna_client.Rd:13): Warning: missing </ul> before </div>
cloudhsm_delete_hapg.html:48:1 (cloudhsm_delete_hapg.Rd:10): Warning: missing </ul> before </div>
cloudhsm_delete_hsm.html:48:1 (cloudhsm_delete_hsm.Rd:10): Warning: missing </ul> before </div>
cloudhsm_delete_luna_client.html:48:1 (cloudhsm_delete_luna_client.Rd:10): Warning: missing </ul> before </div>
cloudhsm_describe_hapg.html:48:1 (cloudhsm_describe_hapg.Rd:10): Warning: missing </ul> before </div>
cloudhsm_describe_hsm.html:54:1 (cloudhsm_describe_hsm.Rd:14): Warning: missing </ul> before </div>
cloudhsm_describe_luna_client.html:52:1 (cloudhsm_describe_luna_client.Rd:12): Warning: missing </ul> before </div>
cloudhsm_get_config.html:57:1 (cloudhsm_get_config.Rd:15): Warning: missing </ul> before </div>
cloudhsm_list_hapgs.html:50:1 (cloudhsm_list_hapgs.Rd:12): Warning: missing </ul> before </div>
cloudhsm_list_hsms.html:49:1 (cloudhsm_list_hsms.Rd:11): Warning: missing </ul> before </div>
cloudhsm_list_luna_clients.html:50:1 (cloudhsm_list_luna_clients.Rd:12): Warning: missing </ul> before </div>
cloudhsm_list_tags_for_resource.html:48:1 (cloudhsm_list_tags_for_resource.Rd:10): Warning: missing </ul> before </div>
cloudhsm_modify_hapg.html:57:1 (cloudhsm_modify_hapg.Rd:15): Warning: missing </ul> before </div>
cloudhsm_modify_hsm.html:82:1 (cloudhsm_modify_hsm.Rd:34): Warning: missing </ul> before </div>
cloudhsm_modify_luna_client.html:52:1 (cloudhsm_modify_luna_client.Rd:12): Warning: missing </ul> before </div>
cloudhsm_remove_tags_from_resource.html:56:1 (cloudhsm_remove_tags_from_resource.Rd:16): Warning: missing </ul> before </div>
cloudhsmv2_copy_backup_to_region.html:59:1 (cloudhsmv2_copy_backup_to_region.Rd:17): Warning: missing </ul> before </div>
cloudhsmv2_create_cluster.html:98:1 (cloudhsmv2_create_cluster.Rd:43): Warning: missing </ul> before </div>
cloudhsmv2_create_hsm.html:63:1 (cloudhsmv2_create_hsm.Rd:21): Warning: missing </ul> before </div>
cloudhsmv2_delete_backup.html:49:1 (cloudhsmv2_delete_backup.Rd:11): Warning: missing </ul> before </div>
cloudhsmv2_delete_cluster.html:49:1 (cloudhsmv2_delete_cluster.Rd:11): Warning: missing </ul> before </div>
cloudhsmv2_delete_hsm.html:63:1 (cloudhsmv2_delete_hsm.Rd:19): Warning: missing </ul> before </div>
cloudhsmv2_delete_resource_policy.html:49:1 (cloudhsmv2_delete_resource_policy.Rd:11): Warning: missing </ul> before </div>
cloudhsmv2_describe_backups.html:102:1 (cloudhsmv2_describe_backups.Rd:56): Warning: missing </ul> before </div>
cloudhsmv2_describe_clusters.html:73:1 (cloudhsmv2_describe_clusters.Rd:31): Warning: missing </ul> before </div>
cloudhsmv2_get_resource_policy.html:49:1 (cloudhsmv2_get_resource_policy.Rd:11): Warning: missing </ul> before </div>
cloudhsmv2_initialize_cluster.html:64:1 (cloudhsmv2_initialize_cluster.Rd:22): Warning: missing </ul> before </div>
cloudhsmv2_list_tags.html:61:1 (cloudhsmv2_list_tags.Rd:19): Warning: missing </ul> before </div>
cloudhsmv2_modify_backup_attributes.html:56:1 (cloudhsmv2_modify_backup_attributes.Rd:16): Warning: missing </ul> before </div>
cloudhsmv2_modify_cluster.html:61:1 (cloudhsmv2_modify_cluster.Rd:19): Warning: missing </ul> before </div>
cloudhsmv2_put_resource_policy.html:56:1 (cloudhsmv2_put_resource_policy.Rd:16): Warning: missing </ul> before </div>
cloudhsmv2_restore_backup.html:50:1 (cloudhsmv2_restore_backup.Rd:12): Warning: missing </ul> before </div>
cloudhsmv2_tag_resource.html:54:1 (cloudhsmv2_tag_resource.Rd:14): Warning: missing </ul> before </div>
cloudhsmv2_untag_resource.html:55:1 (cloudhsmv2_untag_resource.Rd:15): Warning: missing </ul> before </div>
cognitoidentity_create_identity_pool.html:102:1 (cognitoidentity_create_identity_pool.Rd:48): Warning: missing </ul> before </div>
cognitoidentity_delete_identities.html:48:1 (cognitoidentity_delete_identities.Rd:10): Warning: missing </ul> before </div>
cognitoidentity_delete_identity_pool.html:48:1 (cognitoidentity_delete_identity_pool.Rd:10): Warning: missing </ul> before </div>
cognitoidentity_describe_identity.html:49:1 (cognitoidentity_describe_identity.Rd:11): Warning: missing </ul> before </div>
cognitoidentity_describe_identity_pool.html:49:1 (cognitoidentity_describe_identity_pool.Rd:11): Warning: missing </ul> before </div>
cognitoidentity_get_credentials_for_identity.html:73:1 (cognitoidentity_get_credentials_for_identity.Rd:31): Warning: missing </ul> before </div>
cognitoidentity_get_id.html:80:1 (cognitoidentity_get_id.Rd:25): Warning: missing </ul> before </div>
cognitoidentity_get_identity_pool_roles.html:48:1 (cognitoidentity_get_identity_pool_roles.Rd:10): Warning: missing </ul> before </div>
cognitoidentity_get_open_id_token.html:56:1 (cognitoidentity_get_open_id_token.Rd:16): Warning: missing </ul> before </div>
cognitoidentity_get_open_id_token_for_developer_identity.html:91:1 (cognitoidentity_get_open_id_token_for_developer_identity.Rd:45): Warning: missing </ul> before </div>
cognitoidentity_get_principal_tag_attribute_map.html:57:1 (cognitoidentity_get_principal_tag_attribute_map.Rd:17): Warning: missing </ul> before </div>
cognitoidentity_list_identities.html:67:1 (cognitoidentity_list_identities.Rd:23): Warning: missing </ul> before </div>
cognitoidentity_list_identity_pools.html:52:1 (cognitoidentity_list_identity_pools.Rd:12): Warning: missing </ul> before </div>
cognitoidentity_list_tags_for_resource.html:49:1 (cognitoidentity_list_tags_for_resource.Rd:11): Warning: missing </ul> before </div>
cognitoidentity_lookup_developer_identity.html:79:1 (cognitoidentity_lookup_developer_identity.Rd:33): Warning: missing </ul> before </div>
cognitoidentity_merge_developer_identities.html:73:1 (cognitoidentity_merge_developer_identities.Rd:29): Warning: missing </ul> before </div>
cognitoidentity_set_identity_pool_roles.html:67:1 (cognitoidentity_set_identity_pool_roles.Rd:25): Warning: missing </ul> before </div>
cognitoidentity_set_principal_tag_attribute_map.html:67:1 (cognitoidentity_set_principal_tag_attribute_map.Rd:23): Warning: missing </ul> before </div>
cognitoidentity_tag_resource.html:52:1 (cognitoidentity_tag_resource.Rd:12): Warning: missing </ul> before </div>
cognitoidentity_unlink_developer_identity.html:66:1 (cognitoidentity_unlink_developer_identity.Rd:22): Warning: missing </ul> before </div>
cognitoidentity_unlink_identity.html:57:1 (cognitoidentity_unlink_identity.Rd:15): Warning: missing </ul> before </div>
cognitoidentity_untag_resource.html:53:1 (cognitoidentity_untag_resource.Rd:13): Warning: missing </ul> before </div>
cognitoidentity_update_identity_pool.html:101:1 (cognitoidentity_update_identity_pool.Rd:45): Warning: missing </ul> before </div>
cognitoidentityprovider_add_custom_attributes.html:90:1 (cognitoidentityprovider_add_custom_attributes.Rd:50): Warning: missing </ul> before </div>
cognitoidentityprovider_admin_add_user_to_group.html:65:1 (cognitoidentityprovider_admin_add_user_to_group.Rd:23): Warning: missing </ul> before </div>
cognitoidentityprovider_admin_confirm_sign_up.html:98:1 (cognitoidentityprovider_admin_confirm_sign_up.Rd:49): Warning: missing </ul> before </div>
cognitoidentityprovider_admin_create_user.html:235:1 (cognitoidentityprovider_admin_create_user.Rd:162): Warning: missing </ul> before </div>
cognitoidentityprovider_admin_delete_user.html:56:1 (cognitoidentityprovider_admin_delete_user.Rd:16): Warning: missing </ul> before </div>
cognitoidentityprovider_admin_delete_user_attributes.html:68:1 (cognitoidentityprovider_admin_delete_user_attributes.Rd:26): Warning: missing </ul> before </div>
cognitoidentityprovider_admin_disable_provider_for_user.html:54:1 (cognitoidentityprovider_admin_disable_provider_for_user.Rd:14): Warning: missing </ul> before </div>
cognitoidentityprovider_admin_disable_user.html:56:1 (cognitoidentityprovider_admin_disable_user.Rd:16): Warning: missing </ul> before </div>
cognitoidentityprovider_admin_enable_user.html:57:1 (cognitoidentityprovider_admin_enable_user.Rd:17): Warning: missing </ul> before </div>
cognitoidentityprovider_admin_forget_device.html:63:1 (cognitoidentityprovider_admin_forget_device.Rd:21): Warning: missing </ul> before </div>
cognitoidentityprovider_admin_get_device.html:63:1 (cognitoidentityprovider_admin_get_device.Rd:21): Warning: missing </ul> before </div>
cognitoidentityprovider_admin_get_user.html:57:1 (cognitoidentityprovider_admin_get_user.Rd:17): Warning: missing </ul> before </div>
cognitoidentityprovider_admin_initiate_auth.html:263:1 (cognitoidentityprovider_admin_initiate_auth.Rd:162): Warning: missing </ul> before </div>
cognitoidentityprovider_admin_link_provider_for_user.html:114:1 (cognitoidentityprovider_admin_link_provider_for_user.Rd:67): Warning: missing </ul> before </div>
cognitoidentityprovider_admin_list_devices.html:75:1 (cognitoidentityprovider_admin_list_devices.Rd:31): Warning: missing </ul> before </div>
cognitoidentityprovider_admin_list_groups_for_user.html:75:1 (cognitoidentityprovider_admin_list_groups_for_user.Rd:31): Warning: missing </ul> before </div>
cognitoidentityprovider_admin_list_user_auth_events.html:78:1 (cognitoidentityprovider_admin_list_user_auth_events.Rd:34): Warning: missing </ul> before </div>
cognitoidentityprovider_admin_remove_user_from_group.html:66:1 (cognitoidentityprovider_admin_remove_user_from_group.Rd:24): Warning: missing </ul> before </div>
cognitoidentityprovider_admin_reset_user_password.html:98:1 (cognitoidentityprovider_admin_reset_user_password.Rd:49): Warning: missing </ul> before </div>
cognitoidentityprovider_admin_respond_to_auth_challenge.html:283:1 (cognitoidentityprovider_admin_respond_to_auth_challenge.Rd:195): Warning: missing </ul> before </div>
cognitoidentityprovider_admin_set_user_mfa_preference.html:82:1 (cognitoidentityprovider_admin_set_user_mfa_preference.Rd:36): Warning: missing </ul> before </div>
cognitoidentityprovider_admin_set_user_password.html:74:1 (cognitoidentityprovider_admin_set_user_password.Rd:30): Warning: missing </ul> before </div>
cognitoidentityprovider_admin_set_user_settings.html:66:1 (cognitoidentityprovider_admin_set_user_settings.Rd:24): Warning: missing </ul> before </div>
cognitoidentityprovider_admin_update_auth_event_feedback.html:78:1 (cognitoidentityprovider_admin_update_auth_event_feedback.Rd:34): Warning: missing </ul> before </div>
cognitoidentityprovider_admin_update_device_status.html:72:1 (cognitoidentityprovider_admin_update_device_status.Rd:28): Warning: missing </ul> before </div>
cognitoidentityprovider_admin_update_user_attributes.html:120:1 (cognitoidentityprovider_admin_update_user_attributes.Rd:69): Warning: missing </ul> before </div>
cognitoidentityprovider_admin_user_global_sign_out.html:57:1 (cognitoidentityprovider_admin_user_global_sign_out.Rd:17): Warning: missing </ul> before </div>
cognitoidentityprovider_associate_software_token.html:63:1 (cognitoidentityprovider_associate_software_token.Rd:23): Warning: missing </ul> before </div>
cognitoidentityprovider_change_password.html:63:1 (cognitoidentityprovider_change_password.Rd:21): Warning: missing </ul> before </div>
cognitoidentityprovider_complete_web_authn_registration.html:58:1 (cognitoidentityprovider_complete_web_authn_registration.Rd:18): Warning: missing </ul> before </div>
cognitoidentityprovider_confirm_device.html:67:1 (cognitoidentityprovider_confirm_device.Rd:23): Warning: missing </ul> before </div>
cognitoidentityprovider_confirm_forgot_password.html:138:1 (cognitoidentityprovider_confirm_forgot_password.Rd:79): Warning: missing </ul> before </div>
cognitoidentityprovider_confirm_sign_up.html:156:1 (cognitoidentityprovider_confirm_sign_up.Rd:95): Warning: missing </ul> before </div>
cognitoidentityprovider_create_group.html:92:1 (cognitoidentityprovider_create_group.Rd:46): Warning: missing </ul> before </div>
cognitoidentityprovider_create_identity_provider.html:148:1 (cognitoidentityprovider_create_identity_provider.Rd:100): Warning: missing </ul> before </div>
cognitoidentityprovider_create_managed_login_branding.html:83:1 (cognitoidentityprovider_create_managed_login_branding.Rd:37): Warning: missing </ul> before </div>
cognitoidentityprovider_create_resource_server.html:75:1 (cognitoidentityprovider_create_resource_server.Rd:31): Warning: missing </ul> before </div>
cognitoidentityprovider_create_user_import_job.html:62:1 (cognitoidentityprovider_create_user_import_job.Rd:20): Warning: missing </ul> before </div>
cognitoidentityprovider_create_user_pool.html:258:1 (cognitoidentityprovider_create_user_pool.Rd:174): Warning: missing </ul> before </div>
cognitoidentityprovider_create_user_pool_client.html:416:1 (cognitoidentityprovider_create_user_pool_client.Rd:302): Warning: missing </ul> before </div>
cognitoidentityprovider_create_user_pool_domain.html:84:1 (cognitoidentityprovider_create_user_pool_domain.Rd:40): Warning: missing </ul> before </div>
cognitoidentityprovider_delete_group.html:52:1 (cognitoidentityprovider_delete_group.Rd:12): Warning: missing </ul> before </div>
cognitoidentityprovider_delete_identity_provider.html:52:1 (cognitoidentityprovider_delete_identity_provider.Rd:12): Warning: missing </ul> before </div>
cognitoidentityprovider_delete_managed_login_branding.html:56:1 (cognitoidentityprovider_delete_managed_login_branding.Rd:16): Warning: missing </ul> before </div>
cognitoidentityprovider_delete_resource_server.html:52:1 (cognitoidentityprovider_delete_resource_server.Rd:12): Warning: missing </ul> before </div>
cognitoidentityprovider_delete_user.html:49:1 (cognitoidentityprovider_delete_user.Rd:11): Warning: missing </ul> before </div>
cognitoidentityprovider_delete_user_attributes.html:57:1 (cognitoidentityprovider_delete_user_attributes.Rd:17): Warning: missing </ul> before </div>
cognitoidentityprovider_delete_user_pool.html:48:1 (cognitoidentityprovider_delete_user_pool.Rd:10): Warning: missing </ul> before </div>
cognitoidentityprovider_delete_user_pool_client.html:52:1 (cognitoidentityprovider_delete_user_pool_client.Rd:12): Warning: missing </ul> before </div>
cognitoidentityprovider_delete_user_pool_domain.html:54:1 (cognitoidentityprovider_delete_user_pool_domain.Rd:14): Warning: missing </ul> before </div>
cognitoidentityprovider_delete_web_authn_credential.html:56:1 (cognitoidentityprovider_delete_web_authn_credential.Rd:16): Warning: missing </ul> before </div>
cognitoidentityprovider_desc_mana_logi_bran_by_clie.html:65:1 (cognitoidentityprovider_desc_mana_logi_bran_by_clie.Rd:23): Warning: missing </ul> before </div>
cognitoidentityprovider_describe_identity_provider.html:53:1 (cognitoidentityprovider_describe_identity_provider.Rd:13): Warning: missing </ul> before </div>
cognitoidentityprovider_describe_managed_login_branding.html:65:1 (cognitoidentityprovider_describe_managed_login_branding.Rd:23): Warning: missing </ul> before </div>
cognitoidentityprovider_describe_resource_server.html:59:1 (cognitoidentityprovider_describe_resource_server.Rd:19): Warning: missing </ul> before </div>
cognitoidentityprovider_describe_risk_configuration.html:64:1 (cognitoidentityprovider_describe_risk_configuration.Rd:24): Warning: missing </ul> before </div>
cognitoidentityprovider_describe_user_import_job.html:52:1 (cognitoidentityprovider_describe_user_import_job.Rd:12): Warning: missing </ul> before </div>
cognitoidentityprovider_describe_user_pool.html:48:1 (cognitoidentityprovider_describe_user_pool.Rd:10): Warning: missing </ul> before </div>
cognitoidentityprovider_describe_user_pool_client.html:53:1 (cognitoidentityprovider_describe_user_pool_client.Rd:13): Warning: missing </ul> before </div>
cognitoidentityprovider_describe_user_pool_domain.html:51:1 (cognitoidentityprovider_describe_user_pool_domain.Rd:13): Warning: missing </ul> before </div>
cognitoidentityprovider_forget_device.html:53:1 (cognitoidentityprovider_forget_device.Rd:13): Warning: missing </ul> before </div>
cognitoidentityprovider_forgot_password.html:122:1 (cognitoidentityprovider_forgot_password.Rd:67): Warning: missing </ul> before </div>
cognitoidentityprovider_get_csv_header.html:49:1 (cognitoidentityprovider_get_csv_header.Rd:11): Warning: missing </ul> before </div>
cognitoidentityprovider_get_device.html:53:1 (cognitoidentityprovider_get_device.Rd:13): Warning: missing </ul> before </div>
cognitoidentityprovider_get_group.html:52:1 (cognitoidentityprovider_get_group.Rd:12): Warning: missing </ul> before </div>
cognitoidentityprovider_get_identity_provider_by_identifier.html:55:1 (cognitoidentityprovider_get_identity_provider_by_identifier.Rd:15): Warning: missing </ul> before </div>
cognitoidentityprovider_get_log_delivery_configuration.html:49:1 (cognitoidentityprovider_get_log_delivery_configuration.Rd:11): Warning: missing </ul> before </div>
cognitoidentityprovider_get_signing_certificate.html:48:1 (cognitoidentityprovider_get_signing_certificate.Rd:10): Warning: missing </ul> before </div>
cognitoidentityprovider_get_ui_customization.html:53:1 (cognitoidentityprovider_get_ui_customization.Rd:13): Warning: missing </ul> before </div>
cognitoidentityprovider_get_user.html:49:1 (cognitoidentityprovider_get_user.Rd:11): Warning: missing </ul> before </div>
cognitoidentityprovider_get_user_attribute_verification_code.html:97:1 (cognitoidentityprovider_get_user_attribute_verification_code.Rd:48): Warning: missing </ul> before </div>
cognitoidentityprovider_get_user_auth_factors.html:49:1 (cognitoidentityprovider_get_user_auth_factors.Rd:11): Warning: missing </ul> before </div>
cognitoidentityprovider_get_user_pool_mfa_config.html:48:1 (cognitoidentityprovider_get_user_pool_mfa_config.Rd:10): Warning: missing </ul> before </div>
cognitoidentityprovider_global_sign_out.html:50:1 (cognitoidentityprovider_global_sign_out.Rd:12): Warning: missing </ul> before </div>
cognitoidentityprovider_initiate_auth.html:257:1 (cognitoidentityprovider_initiate_auth.Rd:158): Warning: missing </ul> before </div>
cognitoidentityprovider_list_devices.html:67:1 (cognitoidentityprovider_list_devices.Rd:25): Warning: missing </ul> before </div>
cognitoidentityprovider_list_groups.html:58:1 (cognitoidentityprovider_list_groups.Rd:16): Warning: missing </ul> before </div>
cognitoidentityprovider_list_identity_providers.html:60:1 (cognitoidentityprovider_list_identity_providers.Rd:18): Warning: missing </ul> before </div>
cognitoidentityprovider_list_resource_servers.html:60:1 (cognitoidentityprovider_list_resource_servers.Rd:18): Warning: missing </ul> before </div>
cognitoidentityprovider_list_tags_for_resource.html:49:1 (cognitoidentityprovider_list_tags_for_resource.Rd:11): Warning: missing </ul> before </div>
cognitoidentityprovider_list_user_import_jobs.html:65:1 (cognitoidentityprovider_list_user_import_jobs.Rd:23): Warning: missing </ul> before </div>
cognitoidentityprovider_list_user_pool_clients.html:63:1 (cognitoidentityprovider_list_user_pool_clients.Rd:21): Warning: missing </ul> before </div>
cognitoidentityprovider_list_user_pools.html:55:1 (cognitoidentityprovider_list_user_pools.Rd:15): Warning: missing </ul> before </div>
cognitoidentityprovider_list_users.html:163:1 (cognitoidentityprovider_list_users.Rd:89): Warning: missing </ul> before </div>
cognitoidentityprovider_list_users_in_group.html:67:1 (cognitoidentityprovider_list_users_in_group.Rd:23): Warning: missing </ul> before </div>
cognitoidentityprovider_list_web_authn_credentials.html:65:1 (cognitoidentityprovider_list_web_authn_credentials.Rd:23): Warning: missing </ul> before </div>
cognitoidentityprovider_resend_confirmation_code.html:123:1 (cognitoidentityprovider_resend_confirmation_code.Rd:68): Warning: missing </ul> before </div>
cognitoidentityprovider_respond_to_auth_challenge.html:252:1 (cognitoidentityprovider_respond_to_auth_challenge.Rd:183): Warning: missing </ul> before </div>
cognitoidentityprovider_revoke_token.html:58:1 (cognitoidentityprovider_revoke_token.Rd:16): Warning: missing </ul> before </div>
cognitoidentityprovider_set_log_delivery_configuration.html:55:1 (cognitoidentityprovider_set_log_delivery_configuration.Rd:15): Warning: missing </ul> before </div>
cognitoidentityprovider_set_risk_configuration.html:76:1 (cognitoidentityprovider_set_risk_configuration.Rd:30): Warning: missing </ul> before </div>
cognitoidentityprovider_set_ui_customization.html:66:1 (cognitoidentityprovider_set_ui_customization.Rd:22): Warning: missing </ul> before </div>
cognitoidentityprovider_set_user_mfa_preference.html:74:1 (cognitoidentityprovider_set_user_mfa_preference.Rd:30): Warning: missing </ul> before </div>
cognitoidentityprovider_set_user_pool_mfa_config.html:99:1 (cognitoidentityprovider_set_user_pool_mfa_config.Rd:44): Warning: missing </ul> before </div>
cognitoidentityprovider_set_user_settings.html:54:1 (cognitoidentityprovider_set_user_settings.Rd:14): Warning: missing </ul> before </div>
cognitoidentityprovider_sign_up.html:159:1 (cognitoidentityprovider_sign_up.Rd:98): Warning: missing </ul> before </div>
cognitoidentityprovider_start_user_import_job.html:52:1 (cognitoidentityprovider_start_user_import_job.Rd:12): Warning: missing </ul> before </div>
cognitoidentityprovider_start_web_authn_registration.html:50:1 (cognitoidentityprovider_start_web_authn_registration.Rd:12): Warning: missing </ul> before </div>
cognitoidentityprovider_stop_user_import_job.html:52:1 (cognitoidentityprovider_stop_user_import_job.Rd:12): Warning: missing </ul> before </div>
cognitoidentityprovider_tag_resource.html:52:1 (cognitoidentityprovider_tag_resource.Rd:12): Warning: missing </ul> before </div>
cognitoidentityprovider_untag_resource.html:53:1 (cognitoidentityprovider_untag_resource.Rd:13): Warning: missing </ul> before </div>
cognitoidentityprovider_update_auth_event_feedback.html:80:1 (cognitoidentityprovider_update_auth_event_feedback.Rd:34): Warning: missing </ul> before </div>
cognitoidentityprovider_update_device_status.html:61:1 (cognitoidentityprovider_update_device_status.Rd:19): Warning: missing </ul> before </div>
cognitoidentityprovider_update_group.html:73:1 (cognitoidentityprovider_update_group.Rd:27): Warning: missing </ul> before </div>
cognitoidentityprovider_update_identity_provider.html:131:1 (cognitoidentityprovider_update_identity_provider.Rd:85): Warning: missing </ul> before </div>
cognitoidentityprovider_update_managed_login_branding.html:79:1 (cognitoidentityprovider_update_managed_login_branding.Rd:33): Warning: missing </ul> before </div>
cognitoidentityprovider_update_resource_server.html:72:1 (cognitoidentityprovider_update_resource_server.Rd:28): Warning: missing </ul> before </div>
cognitoidentityprovider_update_user_attributes.html:105:1 (cognitoidentityprovider_update_user_attributes.Rd:56): Warning: missing </ul> before </div>
cognitoidentityprovider_update_user_pool.html:221:1 (cognitoidentityprovider_update_user_pool.Rd:136): Warning: missing </ul> before </div>
cognitoidentityprovider_update_user_pool_client.html:423:1 (cognitoidentityprovider_update_user_pool_client.Rd:302): Warning: missing </ul> before </div>
cognitoidentityprovider_update_user_pool_domain.html:86:1 (cognitoidentityprovider_update_user_pool_domain.Rd:42): Warning: missing </ul> before </div>
cognitoidentityprovider_verify_software_token.html:70:1 (cognitoidentityprovider_verify_software_token.Rd:26): Warning: missing </ul> before </div>
cognitoidentityprovider_verify_user_attribute.html:57:1 (cognitoidentityprovider_verify_user_attribute.Rd:15): Warning: missing </ul> before </div>
cognitosync_bulk_publish.html:51:1 (cognitosync_bulk_publish.Rd:13): Warning: missing </ul> before </div>
cognitosync_delete_dataset.html:61:1 (cognitosync_delete_dataset.Rd:19): Warning: missing </ul> before </div>
cognitosync_describe_dataset.html:61:1 (cognitosync_describe_dataset.Rd:19): Warning: missing </ul> before </div>
cognitosync_describe_identity_pool_usage.html:51:1 (cognitosync_describe_identity_pool_usage.Rd:13): Warning: missing </ul> before </div>
cognitosync_describe_identity_usage.html:57:1 (cognitosync_describe_identity_usage.Rd:17): Warning: missing </ul> before </div>
cognitosync_get_bulk_publish_details.html:50:1 (cognitosync_get_bulk_publish_details.Rd:12): Warning: missing </ul> before </div>
cognitosync_get_cognito_events.html:49:1 (cognitosync_get_cognito_events.Rd:11): Warning: missing </ul> before </div>
cognitosync_get_identity_pool_configuration.html:50:1 (cognitosync_get_identity_pool_configuration.Rd:12): Warning: missing </ul> before </div>
cognitosync_list_datasets.html:69:1 (cognitosync_list_datasets.Rd:25): Warning: missing </ul> before </div>
cognitosync_list_identity_pool_usage.html:52:1 (cognitosync_list_identity_pool_usage.Rd:12): Warning: missing </ul> before </div>
cognitosync_list_records.html:86:1 (cognitosync_list_records.Rd:36): Warning: missing </ul> before </div>
cognitosync_register_device.html:62:1 (cognitosync_register_device.Rd:18): Warning: missing </ul> before </div>
cognitosync_set_cognito_events.html:52:1 (cognitosync_set_cognito_events.Rd:12): Warning: missing </ul> before </div>
cognitosync_set_identity_pool_configuration.html:62:1 (cognitosync_set_identity_pool_configuration.Rd:20): Warning: missing </ul> before </div>
cognitosync_subscribe_to_dataset.html:68:1 (cognitosync_subscribe_to_dataset.Rd:24): Warning: missing </ul> before </div>
cognitosync_unsubscribe_from_dataset.html:68:1 (cognitosync_unsubscribe_from_dataset.Rd:24): Warning: missing </ul> before </div>
cognitosync_update_records.html:89:1 (cognitosync_update_records.Rd:39): Warning: missing </ul> before </div>
detective_accept_invitation.html:52:1 (detective_accept_invitation.Rd:14): Warning: missing </ul> before </div>
detective_batch_get_graph_member_datasources.html:53:1 (detective_batch_get_graph_member_datasources.Rd:13): Warning: missing </ul> before </div>
detective_batch_get_membership_datasources.html:48:1 (detective_batch_get_membership_datasources.Rd:10): Warning: missing </ul> before </div>
detective_create_graph.html:52:1 (detective_create_graph.Rd:14): Warning: missing </ul> before </div>
detective_create_members.html:75:1 (detective_create_members.Rd:31): Warning: missing </ul> before </div>
detective_delete_graph.html:48:1 (detective_delete_graph.Rd:10): Warning: missing </ul> before </div>
detective_delete_members.html:54:1 (detective_delete_members.Rd:14): Warning: missing </ul> before </div>
detective_describe_organization_configuration.html:49:1 (detective_describe_organization_configuration.Rd:11): Warning: missing </ul> before </div>
detective_disassociate_membership.html:51:1 (detective_disassociate_membership.Rd:13): Warning: missing </ul> before </div>
detective_enable_organization_admin_account.html:50:1 (detective_enable_organization_admin_account.Rd:12): Warning: missing </ul> before </div>
detective_get_investigation.html:53:1 (detective_get_investigation.Rd:13): Warning: missing </ul> before </div>
detective_get_members.html:59:1 (detective_get_members.Rd:19): Warning: missing </ul> before </div>
detective_list_datasource_packages.html:62:1 (detective_list_datasource_packages.Rd:20): Warning: missing </ul> before </div>
detective_list_graphs.html:57:1 (detective_list_graphs.Rd:17): Warning: missing </ul> before </div>
detective_list_indicators.html:77:1 (detective_list_indicators.Rd:31): Warning: missing </ul> before </div>
detective_list_investigations.html:77:1 (detective_list_investigations.Rd:31): Warning: missing </ul> before </div>
detective_list_invitations.html:57:1 (detective_list_invitations.Rd:17): Warning: missing </ul> before </div>
detective_list_members.html:61:1 (detective_list_members.Rd:19): Warning: missing </ul> before </div>
detective_list_organization_admin_accounts.html:55:1 (detective_list_organization_admin_accounts.Rd:15): Warning: missing </ul> before </div>
detective_list_tags_for_resource.html:48:1 (detective_list_tags_for_resource.Rd:10): Warning: missing </ul> before </div>
detective_reject_invitation.html:51:1 (detective_reject_invitation.Rd:13): Warning: missing </ul> before </div>
detective_start_investigation.html:68:1 (detective_start_investigation.Rd:24): Warning: missing </ul> before </div>
detective_start_monitoring_member.html:56:1 (detective_start_monitoring_member.Rd:16): Warning: missing </ul> before </div>
detective_tag_resource.html:55:1 (detective_tag_resource.Rd:15): Warning: missing </ul> before </div>
detective_untag_resource.html:53:1 (detective_untag_resource.Rd:13): Warning: missing </ul> before </div>
detective_update_datasource_packages.html:52:1 (detective_update_datasource_packages.Rd:12): Warning: missing </ul> before </div>
detective_update_investigation_state.html:57:1 (detective_update_investigation_state.Rd:15): Warning: missing </ul> before </div>
detective_update_organization_configuration.html:54:1 (detective_update_organization_configuration.Rd:14): Warning: missing </ul> before </div>
directoryservice_accept_shared_directory.html:50:1 (directoryservice_accept_shared_directory.Rd:12): Warning: missing </ul> before </div>
directoryservice_add_ip_routes.html:151:1 (directoryservice_add_ip_routes.Rd:71): Warning: missing </ul> before </div>
directoryservice_add_region.html:59:1 (directoryservice_add_region.Rd:17): Warning: missing </ul> before </div>
directoryservice_add_tags_to_resource.html:52:1 (directoryservice_add_tags_to_resource.Rd:12): Warning: missing </ul> before </div>
directoryservice_cancel_schema_extension.html:52:1 (directoryservice_cancel_schema_extension.Rd:12): Warning: missing </ul> before </div>
directoryservice_connect_directory.html:82:1 (directoryservice_connect_directory.Rd:32): Warning: missing </ul> before </div>
directoryservice_create_alias.html:56:1 (directoryservice_create_alias.Rd:16): Warning: missing </ul> before </div>
directoryservice_create_computer.html:73:1 (directoryservice_create_computer.Rd:27): Warning: missing </ul> before </div>
directoryservice_create_conditional_forwarder.html:64:1 (directoryservice_create_conditional_forwarder.Rd:22): Warning: missing </ul> before </div>
directoryservice_create_directory.html:122:1 (directoryservice_create_directory.Rd:60): Warning: missing </ul> before </div>
directoryservice_create_log_subscription.html:56:1 (directoryservice_create_log_subscription.Rd:16): Warning: missing </ul> before </div>
directoryservice_create_microsoft_ad.html:93:1 (directoryservice_create_microsoft_ad.Rd:43): Warning: missing </ul> before </div>
directoryservice_create_snapshot.html:53:1 (directoryservice_create_snapshot.Rd:13): Warning: missing </ul> before </div>
directoryservice_create_trust.html:85:1 (directoryservice_create_trust.Rd:35): Warning: missing </ul> before </div>
directoryservice_delete_conditional_forwarder.html:54:1 (directoryservice_delete_conditional_forwarder.Rd:14): Warning: missing </ul> before </div>
directoryservice_delete_directory.html:48:1 (directoryservice_delete_directory.Rd:10): Warning: missing </ul> before </div>
directoryservice_delete_log_subscription.html:48:1 (directoryservice_delete_log_subscription.Rd:10): Warning: missing </ul> before </div>
directoryservice_delete_snapshot.html:48:1 (directoryservice_delete_snapshot.Rd:10): Warning: missing </ul> before </div>
directoryservice_delete_trust.html:56:1 (directoryservice_delete_trust.Rd:16): Warning: missing </ul> before </div>
directoryservice_deregister_certificate.html:53:1 (directoryservice_deregister_certificate.Rd:13): Warning: missing </ul> before </div>
directoryservice_deregister_event_topic.html:55:1 (directoryservice_deregister_event_topic.Rd:15): Warning: missing </ul> before </div>
directoryservice_describe_certificate.html:53:1 (directoryservice_describe_certificate.Rd:13): Warning: missing </ul> before </div>
directoryservice_describe_client_authentication_settings.html:73:1 (directoryservice_describe_client_authentication_settings.Rd:29): Warning: missing </ul> before </div>
directoryservice_describe_conditional_forwarders.html:58:1 (directoryservice_describe_conditional_forwarders.Rd:18): Warning: missing </ul> before </div>
directoryservice_describe_directories.html:68:1 (directoryservice_describe_directories.Rd:26): Warning: missing </ul> before </div>
directoryservice_describe_directory_data_access.html:49:1 (directoryservice_describe_directory_data_access.Rd:11): Warning: missing </ul> before </div>
directoryservice_describe_domain_controllers.html:69:1 (directoryservice_describe_domain_controllers.Rd:25): Warning: missing </ul> before </div>
directoryservice_describe_event_topics.html:59:1 (directoryservice_describe_event_topics.Rd:19): Warning: missing </ul> before </div>
directoryservice_describe_ldaps_settings.html:66:1 (directoryservice_describe_ldaps_settings.Rd:22): Warning: missing </ul> before </div>
directoryservice_describe_regions.html:63:1 (directoryservice_describe_regions.Rd:21): Warning: missing </ul> before </div>
directoryservice_describe_settings.html:63:1 (directoryservice_describe_settings.Rd:21): Warning: missing </ul> before </div>
directoryservice_describe_shared_directories.html:68:1 (directoryservice_describe_shared_directories.Rd:24): Warning: missing </ul> before </div>
directoryservice_describe_snapshots.html:71:1 (directoryservice_describe_snapshots.Rd:27): Warning: missing </ul> before </div>
directoryservice_describe_trusts.html:72:1 (directoryservice_describe_trusts.Rd:28): Warning: missing </ul> before </div>
directoryservice_describe_update_directory.html:68:1 (directoryservice_describe_update_directory.Rd:24): Warning: missing </ul> before </div>
directoryservice_disable_client_authentication.html:54:1 (directoryservice_disable_client_authentication.Rd:14): Warning: missing </ul> before </div>
directoryservice_disable_directory_data_access.html:49:1 (directoryservice_disable_directory_data_access.Rd:11): Warning: missing </ul> before </div>
directoryservice_disable_ldaps.html:53:1 (directoryservice_disable_ldaps.Rd:13): Warning: missing </ul> before </div>
directoryservice_disable_radius.html:50:1 (directoryservice_disable_radius.Rd:12): Warning: missing </ul> before </div>
directoryservice_disable_sso.html:66:1 (directoryservice_disable_sso.Rd:24): Warning: missing </ul> before </div>
directoryservice_enable_client_authentication.html:56:1 (directoryservice_enable_client_authentication.Rd:16): Warning: missing </ul> before </div>
directoryservice_enable_directory_data_access.html:49:1 (directoryservice_enable_directory_data_access.Rd:11): Warning: missing </ul> before </div>
directoryservice_enable_ldaps.html:54:1 (directoryservice_enable_ldaps.Rd:14): Warning: missing </ul> before </div>
directoryservice_enable_radius.html:55:1 (directoryservice_enable_radius.Rd:15): Warning: missing </ul> before </div>
directoryservice_enable_sso.html:66:1 (directoryservice_enable_sso.Rd:24): Warning: missing </ul> before </div>
directoryservice_get_snapshot_limits.html:48:1 (directoryservice_get_snapshot_limits.Rd:10): Warning: missing </ul> before </div>
directoryservice_list_certificates.html:60:1 (directoryservice_list_certificates.Rd:18): Warning: missing </ul> before </div>
directoryservice_list_ip_routes.html:60:1 (directoryservice_list_ip_routes.Rd:18): Warning: missing </ul> before </div>
directoryservice_list_log_subscriptions.html:64:1 (directoryservice_list_log_subscriptions.Rd:22): Warning: missing </ul> before </div>
directoryservice_list_schema_extensions.html:63:1 (directoryservice_list_schema_extensions.Rd:21): Warning: missing </ul> before </div>
directoryservice_list_tags_for_resource.html:60:1 (directoryservice_list_tags_for_resource.Rd:18): Warning: missing </ul> before </div>
directoryservice_register_certificate.html:69:1 (directoryservice_register_certificate.Rd:25): Warning: missing </ul> before </div>
directoryservice_register_event_topic.html:55:1 (directoryservice_register_event_topic.Rd:15): Warning: missing </ul> before </div>
directoryservice_reject_shared_directory.html:50:1 (directoryservice_reject_shared_directory.Rd:12): Warning: missing </ul> before </div>
directoryservice_remove_ip_routes.html:53:1 (directoryservice_remove_ip_routes.Rd:13): Warning: missing </ul> before </div>
directoryservice_remove_region.html:50:1 (directoryservice_remove_region.Rd:12): Warning: missing </ul> before </div>
directoryservice_remove_tags_from_resource.html:52:1 (directoryservice_remove_tags_from_resource.Rd:12): Warning: missing </ul> before </div>
directoryservice_reset_user_password.html:58:1 (directoryservice_reset_user_password.Rd:16): Warning: missing </ul> before </div>
directoryservice_restore_from_snapshot.html:48:1 (directoryservice_restore_from_snapshot.Rd:10): Warning: missing </ul> before </div>
directoryservice_share_directory.html:75:1 (directoryservice_share_directory.Rd:31): Warning: missing </ul> before </div>
directoryservice_start_schema_extension.html:70:1 (directoryservice_start_schema_extension.Rd:26): Warning: missing </ul> before </div>
directoryservice_unshare_directory.html:55:1 (directoryservice_unshare_directory.Rd:15): Warning: missing </ul> before </div>
directoryservice_update_conditional_forwarder.html:64:1 (directoryservice_update_conditional_forwarder.Rd:22): Warning: missing </ul> before </div>
directoryservice_update_directory_setup.html:68:1 (directoryservice_update_directory_setup.Rd:24): Warning: missing </ul> before </div>
directoryservice_update_number_of_domain_controllers.html:56:1 (directoryservice_update_number_of_domain_controllers.Rd:16): Warning: missing </ul> before </div>
directoryservice_update_radius.html:55:1 (directoryservice_update_radius.Rd:15): Warning: missing </ul> before </div>
directoryservice_update_settings.html:52:1 (directoryservice_update_settings.Rd:12): Warning: missing </ul> before </div>
directoryservice_update_trust.html:53:1 (directoryservice_update_trust.Rd:13): Warning: missing </ul> before </div>
directoryservice_verify_trust.html:49:1 (directoryservice_verify_trust.Rd:11): Warning: missing </ul> before </div>
fms_associate_admin_account.html:52:1 (fms_associate_admin_account.Rd:14): Warning: missing </ul> before </div>
fms_associate_third_party_firewall.html:49:1 (fms_associate_third_party_firewall.Rd:11): Warning: missing </ul> before </div>
fms_batch_associate_resource.html:55:1 (fms_batch_associate_resource.Rd:15): Warning: missing </ul> before </div>
fms_batch_disassociate_resource.html:55:1 (fms_batch_disassociate_resource.Rd:15): Warning: missing </ul> before </div>
fms_delete_apps_list.html:51:1 (fms_delete_apps_list.Rd:13): Warning: missing </ul> before </div>
fms_delete_policy.html:95:1 (fms_delete_policy.Rd:43): Warning: missing </ul> before </div>
fms_delete_protocols_list.html:51:1 (fms_delete_protocols_list.Rd:13): Warning: missing </ul> before </div>
fms_delete_resource_set.html:49:1 (fms_delete_resource_set.Rd:11): Warning: missing </ul> before </div>
fms_disassociate_third_party_firewall.html:49:1 (fms_disassociate_third_party_firewall.Rd:11): Warning: missing </ul> before </div>
fms_get_admin_scope.html:48:1 (fms_get_admin_scope.Rd:10): Warning: missing </ul> before </div>
fms_get_apps_list.html:55:1 (fms_get_apps_list.Rd:15): Warning: missing </ul> before </div>
fms_get_compliance_detail.html:56:1 (fms_get_compliance_detail.Rd:16): Warning: missing </ul> before </div>
fms_get_policy.html:48:1 (fms_get_policy.Rd:10): Warning: missing </ul> before </div>
fms_get_protection_status.html:92:1 (fms_get_protection_status.Rd:44): Warning: missing </ul> before </div>
fms_get_protocols_list.html:54:1 (fms_get_protocols_list.Rd:14): Warning: missing </ul> before </div>
fms_get_resource_set.html:49:1 (fms_get_resource_set.Rd:11): Warning: missing </ul> before </div>
fms_get_third_party_firewall_association_status.html:49:1 (fms_get_third_party_firewall_association_status.Rd:11): Warning: missing </ul> before </div>
fms_get_violation_details.html:90:1 (fms_get_violation_details.Rd:31): Warning: missing </ul> before </div>
fms_list_admin_accounts_for_organization.html:61:1 (fms_list_admin_accounts_for_organization.Rd:21): Warning: missing </ul> before </div>
fms_list_admins_managing_account.html:60:1 (fms_list_admins_managing_account.Rd:20): Warning: missing </ul> before </div>
fms_list_apps_lists.html:67:1 (fms_list_apps_lists.Rd:25): Warning: missing </ul> before </div>
fms_list_compliance_status.html:67:1 (fms_list_compliance_status.Rd:25): Warning: missing </ul> before </div>
fms_list_discovered_resources.html:75:1 (fms_list_discovered_resources.Rd:31): Warning: missing </ul> before </div>
fms_list_member_accounts.html:62:1 (fms_list_member_accounts.Rd:22): Warning: missing </ul> before </div>
fms_list_policies.html:63:1 (fms_list_policies.Rd:23): Warning: missing </ul> before </div>
fms_list_protocols_lists.html:67:1 (fms_list_protocols_lists.Rd:25): Warning: missing </ul> before </div>
fms_list_resource_set_resources.html:69:1 (fms_list_resource_set_resources.Rd:27): Warning: missing </ul> before </div>
fms_list_resource_sets.html:59:1 (fms_list_resource_sets.Rd:19): Warning: missing </ul> before </div>
fms_list_tags_for_resource.html:51:1 (fms_list_tags_for_resource.Rd:13): Warning: missing </ul> before </div>
fms_list_third_party_firewall_firewall_policies.html:73:1 (fms_list_third_party_firewall_firewall_policies.Rd:31): Warning: missing </ul> before </div>
fms_put_admin_account.html:60:1 (fms_put_admin_account.Rd:20): Warning: missing </ul> before </div>
fms_put_apps_list.html:52:1 (fms_put_apps_list.Rd:12): Warning: missing </ul> before </div>
fms_put_notification_channel.html:55:1 (fms_put_notification_channel.Rd:15): Warning: missing </ul> before </div>
fms_put_policy.html:52:1 (fms_put_policy.Rd:12): Warning: missing </ul> before </div>
fms_put_protocols_list.html:52:1 (fms_put_protocols_list.Rd:12): Warning: missing </ul> before </div>
fms_put_resource_set.html:57:1 (fms_put_resource_set.Rd:17): Warning: missing </ul> before </div>
fms_tag_resource.html:54:1 (fms_tag_resource.Rd:14): Warning: missing </ul> before </div>
fms_untag_resource.html:54:1 (fms_untag_resource.Rd:14): Warning: missing </ul> before </div>
guardduty_accept_administrator_invitation.html:63:1 (guardduty_accept_administrator_invitation.Rd:21): Warning: missing </ul> before </div>
guardduty_accept_invitation.html:63:1 (guardduty_accept_invitation.Rd:21): Warning: missing </ul> before </div>
guardduty_archive_findings.html:58:1 (guardduty_archive_findings.Rd:18): Warning: missing </ul> before </div>
guardduty_create_detector.html:79:1 (guardduty_create_detector.Rd:31): Warning: missing </ul> before </div>
guardduty_create_filter.html:418:1 (guardduty_create_filter.Rd:166): Warning: missing </ul> before </div>
guardduty_create_ip_set.html:90:1 (guardduty_create_ip_set.Rd:40): Warning: missing </ul> before </div>
guardduty_create_malware_protection_plan.html:74:1 (guardduty_create_malware_protection_plan.Rd:28): Warning: missing </ul> before </div>
guardduty_create_members.html:59:1 (guardduty_create_members.Rd:19): Warning: missing </ul> before </div>
guardduty_create_publishing_destination.html:73:1 (guardduty_create_publishing_destination.Rd:29): Warning: missing </ul> before </div>
guardduty_create_sample_findings.html:57:1 (guardduty_create_sample_findings.Rd:17): Warning: missing </ul> before </div>
guardduty_create_threat_intel_set.html:88:1 (guardduty_create_threat_intel_set.Rd:38): Warning: missing </ul> before </div>
guardduty_decline_invitations.html:51:1 (guardduty_decline_invitations.Rd:13): Warning: missing </ul> before </div>
guardduty_delete_detector.html:53:1 (guardduty_delete_detector.Rd:15): Warning: missing </ul> before </div>
guardduty_delete_filter.html:56:1 (guardduty_delete_filter.Rd:16): Warning: missing </ul> before </div>
guardduty_delete_invitations.html:51:1 (guardduty_delete_invitations.Rd:13): Warning: missing </ul> before </div>
guardduty_delete_ip_set.html:56:1 (guardduty_delete_ip_set.Rd:16): Warning: missing </ul> before </div>
guardduty_delete_malware_protection_plan.html:49:1 (guardduty_delete_malware_protection_plan.Rd:11): Warning: missing </ul> before </div>
guardduty_delete_members.html:59:1 (guardduty_delete_members.Rd:19): Warning: missing </ul> before </div>
guardduty_delete_publishing_destination.html:57:1 (guardduty_delete_publishing_destination.Rd:17): Warning: missing </ul> before </div>
guardduty_delete_threat_intel_set.html:57:1 (guardduty_delete_threat_intel_set.Rd:17): Warning: missing </ul> before </div>
guardduty_describe_malware_scans.html:82:1 (guardduty_describe_malware_scans.Rd:36): Warning: missing </ul> before </div>
guardduty_describe_organization_configuration.html:71:1 (guardduty_describe_organization_configuration.Rd:29): Warning: missing </ul> before </div>
guardduty_describe_publishing_destination.html:58:1 (guardduty_describe_publishing_destination.Rd:18): Warning: missing </ul> before </div>
guardduty_disable_organization_admin_account.html:50:1 (guardduty_disable_organization_admin_account.Rd:12): Warning: missing </ul> before </div>
guardduty_disassociate_from_administrator_account.html:49:1 (guardduty_disassociate_from_administrator_account.Rd:11): Warning: missing </ul> before </div>
guardduty_disassociate_from_master_account.html:49:1 (guardduty_disassociate_from_master_account.Rd:11): Warning: missing </ul> before </div>
guardduty_disassociate_members.html:55:1 (guardduty_disassociate_members.Rd:15): Warning: missing </ul> before </div>
guardduty_enable_organization_admin_account.html:50:1 (guardduty_enable_organization_admin_account.Rd:12): Warning: missing </ul> before </div>
guardduty_get_administrator_account.html:49:1 (guardduty_get_administrator_account.Rd:11): Warning: missing </ul> before </div>
guardduty_get_coverage_statistics.html:64:1 (guardduty_get_coverage_statistics.Rd:22): Warning: missing </ul> before </div>
guardduty_get_detector.html:52:1 (guardduty_get_detector.Rd:14): Warning: missing </ul> before </div>
guardduty_get_filter.html:56:1 (guardduty_get_filter.Rd:16): Warning: missing </ul> before </div>
guardduty_get_findings.html:61:1 (guardduty_get_findings.Rd:19): Warning: missing </ul> before </div>
guardduty_get_findings_statistics.html:86:1 (guardduty_get_findings_statistics.Rd:38): Warning: missing </ul> before </div>
guardduty_get_ip_set.html:56:1 (guardduty_get_ip_set.Rd:16): Warning: missing </ul> before </div>
guardduty_get_malware_protection_plan.html:49:1 (guardduty_get_malware_protection_plan.Rd:11): Warning: missing </ul> before </div>
guardduty_get_malware_scan_settings.html:52:1 (guardduty_get_malware_scan_settings.Rd:14): Warning: missing </ul> before </div>
guardduty_get_master_account.html:53:1 (guardduty_get_master_account.Rd:15): Warning: missing </ul> before </div>
guardduty_get_member_detectors.html:57:1 (guardduty_get_member_detectors.Rd:17): Warning: missing </ul> before </div>
guardduty_get_members.html:59:1 (guardduty_get_members.Rd:19): Warning: missing </ul> before </div>
guardduty_get_remaining_free_trial_days.html:57:1 (guardduty_get_remaining_free_trial_days.Rd:17): Warning: missing </ul> before </div>
guardduty_get_threat_intel_set.html:57:1 (guardduty_get_threat_intel_set.Rd:17): Warning: missing </ul> before </div>
guardduty_get_usage_statistics.html:85:1 (guardduty_get_usage_statistics.Rd:37): Warning: missing </ul> before </div>
guardduty_invite_members.html:76:1 (guardduty_invite_members.Rd:32): Warning: missing </ul> before </div>
guardduty_list_coverage.html:78:1 (guardduty_list_coverage.Rd:32): Warning: missing </ul> before </div>
guardduty_list_detectors.html:58:1 (guardduty_list_detectors.Rd:18): Warning: missing </ul> before </div>
guardduty_list_filters.html:65:1 (guardduty_list_filters.Rd:23): Warning: missing </ul> before </div>
guardduty_list_findings.html:240:1 (guardduty_list_findings.Rd:93): Warning: missing </ul> before </div>
guardduty_list_invitations.html:58:1 (guardduty_list_invitations.Rd:18): Warning: missing </ul> before </div>
guardduty_list_ip_sets.html:64:1 (guardduty_list_ip_sets.Rd:22): Warning: missing </ul> before </div>
guardduty_list_malware_protection_plans.html:53:1 (guardduty_list_malware_protection_plans.Rd:15): Warning: missing </ul> before </div>
guardduty_list_members.html:79:1 (guardduty_list_members.Rd:35): Warning: missing </ul> before </div>
guardduty_list_organization_admin_accounts.html:55:1 (guardduty_list_organization_admin_accounts.Rd:15): Warning: missing </ul> before </div>
guardduty_list_publishing_destinations.html:69:1 (guardduty_list_publishing_destinations.Rd:27): Warning: missing </ul> before </div>
guardduty_list_tags_for_resource.html:48:1 (guardduty_list_tags_for_resource.Rd:10): Warning: missing </ul> before </div>
guardduty_list_threat_intel_sets.html:72:1 (guardduty_list_threat_intel_sets.Rd:30): Warning: missing </ul> before </div>
guardduty_start_malware_scan.html:49:1 (guardduty_start_malware_scan.Rd:11): Warning: missing </ul> before </div>
guardduty_start_monitoring_members.html:58:1 (guardduty_start_monitoring_members.Rd:18): Warning: missing </ul> before </div>
guardduty_stop_monitoring_members.html:57:1 (guardduty_stop_monitoring_members.Rd:17): Warning: missing </ul> before </div>
guardduty_tag_resource.html:53:1 (guardduty_tag_resource.Rd:13): Warning: missing </ul> before </div>
guardduty_unarchive_findings.html:56:1 (guardduty_unarchive_findings.Rd:16): Warning: missing </ul> before </div>
guardduty_untag_resource.html:52:1 (guardduty_untag_resource.Rd:12): Warning: missing </ul> before </div>
guardduty_update_detector.html:79:1 (guardduty_update_detector.Rd:33): Warning: missing </ul> before </div>
guardduty_update_filter.html:89:1 (guardduty_update_filter.Rd:41): Warning: missing </ul> before </div>
guardduty_update_findings_feedback.html:70:1 (guardduty_update_findings_feedback.Rd:26): Warning: missing </ul> before </div>
guardduty_update_ip_set.html:76:1 (guardduty_update_ip_set.Rd:30): Warning: missing </ul> before </div>
guardduty_update_malware_protection_plan.html:69:1 (guardduty_update_malware_protection_plan.Rd:25): Warning: missing </ul> before </div>
guardduty_update_malware_scan_settings.html:66:1 (guardduty_update_malware_scan_settings.Rd:24): Warning: missing </ul> before </div>
guardduty_update_member_detectors.html:70:1 (guardduty_update_member_detectors.Rd:26): Warning: missing </ul> before </div>
guardduty_update_organization_configuration.html:115:1 (guardduty_update_organization_configuration.Rd:62): Warning: missing </ul> before </div>
guardduty_update_publishing_destination.html:67:1 (guardduty_update_publishing_destination.Rd:25): Warning: missing </ul> before </div>
guardduty_update_threat_intel_set.html:76:1 (guardduty_update_threat_intel_set.Rd:30): Warning: missing </ul> before </div>
iam_add_client_id_to_open_id_connect_provider.html:62:1 (iam_add_client_id_to_open_id_connect_provider.Rd:22): Warning: missing </ul> before </div>
iam_add_role_to_instance_profile.html:60:1 (iam_add_role_to_instance_profile.Rd:20): Warning: missing </ul> before </div>
iam_add_user_to_group.html:60:1 (iam_add_user_to_group.Rd:20): Warning: missing </ul> before </div>
iam_attach_group_policy.html:59:1 (iam_attach_group_policy.Rd:19): Warning: missing </ul> before </div>
iam_attach_role_policy.html:59:1 (iam_attach_role_policy.Rd:19): Warning: missing </ul> before </div>
iam_attach_user_policy.html:60:1 (iam_attach_user_policy.Rd:20): Warning: missing </ul> before </div>
iam_change_password.html:63:1 (iam_change_password.Rd:23): Warning: missing </ul> before </div>
iam_create_access_key.html:53:1 (iam_create_access_key.Rd:15): Warning: missing </ul> before </div>
iam_create_account_alias.html:52:1 (iam_create_account_alias.Rd:14): Warning: missing </ul> before </div>
iam_create_group.html:67:1 (iam_create_group.Rd:27): Warning: missing </ul> before </div>
iam_create_instance_profile.html:79:1 (iam_create_instance_profile.Rd:37): Warning: missing </ul> before </div>
iam_create_login_profile.html:86:1 (iam_create_login_profile.Rd:44): Warning: missing </ul> before </div>
iam_create_open_id_connect_provider.html:117:1 (iam_create_open_id_connect_provider.Rd:73): Warning: missing </ul> before </div>
iam_create_policy.html:134:1 (iam_create_policy.Rd:81): Warning: missing </ul> before </div>
iam_create_policy_version.html:96:1 (iam_create_policy_version.Rd:47): Warning: missing </ul> before </div>
iam_create_role.html:159:1 (iam_create_role.Rd:102): Warning: missing </ul> before </div>
iam_create_saml_provider.html:92:1 (iam_create_saml_provider.Rd:46): Warning: missing </ul> before </div>
iam_create_service_linked_role.html:77:1 (iam_create_service_linked_role.Rd:35): Warning: missing </ul> before </div>
iam_create_service_specific_credential.html:62:1 (iam_create_service_specific_credential.Rd:22): Warning: missing </ul> before </div>
iam_create_user.html:93:1 (iam_create_user.Rd:49): Warning: missing </ul> before </div>
iam_create_virtual_mfa_device.html:80:1 (iam_create_virtual_mfa_device.Rd:38): Warning: missing </ul> before </div>
iam_deactivate_mfa_device.html:68:1 (iam_deactivate_mfa_device.Rd:28): Warning: missing </ul> before </div>
iam_delete_access_key.html:60:1 (iam_delete_access_key.Rd:20): Warning: missing </ul> before </div>
iam_delete_account_alias.html:52:1 (iam_delete_account_alias.Rd:14): Warning: missing </ul> before </div>
iam_delete_group.html:52:1 (iam_delete_group.Rd:14): Warning: missing </ul> before </div>
iam_delete_group_policy.html:62:1 (iam_delete_group_policy.Rd:22): Warning: missing </ul> before </div>
iam_delete_instance_profile.html:52:1 (iam_delete_instance_profile.Rd:14): Warning: missing </ul> before </div>
iam_delete_login_profile.html:59:1 (iam_delete_login_profile.Rd:21): Warning: missing </ul> before </div>
iam_delete_open_id_connect_provider.html:52:1 (iam_delete_open_id_connect_provider.Rd:14): Warning: missing </ul> before </div>
iam_delete_policy.html:51:1 (iam_delete_policy.Rd:13): Warning: missing </ul> before </div>
iam_delete_policy_version.html:64:1 (iam_delete_policy_version.Rd:24): Warning: missing </ul> before </div>
iam_delete_role.html:52:1 (iam_delete_role.Rd:14): Warning: missing </ul> before </div>
iam_delete_role_permissions_boundary.html:49:1 (iam_delete_role_permissions_boundary.Rd:11): Warning: missing </ul> before </div>
iam_delete_role_policy.html:62:1 (iam_delete_role_policy.Rd:22): Warning: missing </ul> before </div>
iam_delete_saml_provider.html:48:1 (iam_delete_saml_provider.Rd:10): Warning: missing </ul> before </div>
iam_delete_server_certificate.html:52:1 (iam_delete_server_certificate.Rd:14): Warning: missing </ul> before </div>
iam_delete_service_linked_role.html:49:1 (iam_delete_service_linked_role.Rd:11): Warning: missing </ul> before </div>
iam_delete_service_specific_credential.html:66:1 (iam_delete_service_specific_credential.Rd:26): Warning: missing </ul> before </div>
iam_delete_signing_certificate.html:60:1 (iam_delete_signing_certificate.Rd:20): Warning: missing </ul> before </div>
iam_delete_ssh_public_key.html:59:1 (iam_delete_ssh_public_key.Rd:19): Warning: missing </ul> before </div>
iam_delete_user.html:52:1 (iam_delete_user.Rd:14): Warning: missing </ul> before </div>
iam_delete_user_permissions_boundary.html:49:1 (iam_delete_user_permissions_boundary.Rd:11): Warning: missing </ul> before </div>
iam_delete_user_policy.html:62:1 (iam_delete_user_policy.Rd:22): Warning: missing </ul> before </div>
iam_delete_virtual_mfa_device.html:53:1 (iam_delete_virtual_mfa_device.Rd:15): Warning: missing </ul> before </div>
iam_detach_group_policy.html:60:1 (iam_detach_group_policy.Rd:20): Warning: missing </ul> before </div>
iam_detach_role_policy.html:60:1 (iam_detach_role_policy.Rd:20): Warning: missing </ul> before </div>
iam_detach_user_policy.html:60:1 (iam_detach_user_policy.Rd:20): Warning: missing </ul> before </div>
iam_enable_mfa_device.html:93:1 (iam_enable_mfa_device.Rd:49): Warning: missing </ul> before </div>
iam_generate_organizations_access_report.html:66:1 (iam_generate_organizations_access_report.Rd:26): Warning: missing </ul> before </div>
iam_generate_service_last_accessed_details.html:61:1 (iam_generate_service_last_accessed_details.Rd:21): Warning: missing </ul> before </div>
iam_get_access_key_last_used.html:51:1 (iam_get_access_key_last_used.Rd:13): Warning: missing </ul> before </div>
iam_get_account_authorization_details.html:79:1 (iam_get_account_authorization_details.Rd:37): Warning: missing </ul> before </div>
iam_get_context_keys_for_custom_policy.html:69:1 (iam_get_context_keys_for_custom_policy.Rd:24): Warning: missing </ul> before </div>
iam_get_context_keys_for_principal_policy.html:86:1 (iam_get_context_keys_for_principal_policy.Rd:39): Warning: missing </ul> before </div>
iam_get_group.html:71:1 (iam_get_group.Rd:29): Warning: missing </ul> before </div>
iam_get_group_policy.html:61:1 (iam_get_group_policy.Rd:21): Warning: missing </ul> before </div>
iam_get_instance_profile.html:53:1 (iam_get_instance_profile.Rd:15): Warning: missing </ul> before </div>
iam_get_login_profile.html:58:1 (iam_get_login_profile.Rd:20): Warning: missing </ul> before </div>
iam_get_mfa_device.html:54:1 (iam_get_mfa_device.Rd:14): Warning: missing </ul> before </div>
iam_get_open_id_connect_provider.html:56:1 (iam_get_open_id_connect_provider.Rd:18): Warning: missing </ul> before </div>
iam_get_organizations_access_report.html:82:1 (iam_get_organizations_access_report.Rd:38): Warning: missing </ul> before </div>
iam_get_policy.html:54:1 (iam_get_policy.Rd:16): Warning: missing </ul> before </div>
iam_get_policy_version.html:62:1 (iam_get_policy_version.Rd:22): Warning: missing </ul> before </div>
iam_get_role.html:54:1 (iam_get_role.Rd:16): Warning: missing </ul> before </div>
iam_get_role_policy.html:61:1 (iam_get_role_policy.Rd:21): Warning: missing </ul> before </div>
iam_get_saml_provider.html:53:1 (iam_get_saml_provider.Rd:15): Warning: missing </ul> before </div>
iam_get_server_certificate.html:54:1 (iam_get_server_certificate.Rd:16): Warning: missing </ul> before </div>
iam_get_service_last_accessed_details.html:72:1 (iam_get_service_last_accessed_details.Rd:30): Warning: missing </ul> before </div>
iam_get_service_last_accessed_details_with_entities.html:89:1 (iam_get_service_last_accessed_details_with_entities.Rd:45): Warning: missing </ul> before </div>
iam_get_service_linked_role_deletion_status.html:51:1 (iam_get_service_linked_role_deletion_status.Rd:13): Warning: missing </ul> before </div>
iam_get_ssh_public_key.html:65:1 (iam_get_ssh_public_key.Rd:23): Warning: missing </ul> before </div>
iam_get_user.html:54:1 (iam_get_user.Rd:16): Warning: missing </ul> before </div>
iam_get_user_policy.html:61:1 (iam_get_user_policy.Rd:21): Warning: missing </ul> before </div>
iam_list_access_keys.html:72:1 (iam_list_access_keys.Rd:30): Warning: missing </ul> before </div>
iam_list_account_aliases.html:64:1 (iam_list_account_aliases.Rd:24): Warning: missing </ul> before </div>
iam_list_attached_group_policies.html:89:1 (iam_list_attached_group_policies.Rd:45): Warning: missing </ul> before </div>
iam_list_attached_role_policies.html:89:1 (iam_list_attached_role_policies.Rd:45): Warning: missing </ul> before </div>
iam_list_attached_user_policies.html:89:1 (iam_list_attached_user_policies.Rd:45): Warning: missing </ul> before </div>
iam_list_entities_for_policy.html:113:1 (iam_list_entities_for_policy.Rd:65): Warning: missing </ul> before </div>
iam_list_group_policies.html:72:1 (iam_list_group_policies.Rd:30): Warning: missing </ul> before </div>
iam_list_groups.html:77:1 (iam_list_groups.Rd:35): Warning: missing </ul> before </div>
iam_list_groups_for_user.html:71:1 (iam_list_groups_for_user.Rd:29): Warning: missing </ul> before </div>
iam_list_instance_profile_tags.html:75:1 (iam_list_instance_profile_tags.Rd:33): Warning: missing </ul> before </div>
iam_list_instance_profiles.html:78:1 (iam_list_instance_profiles.Rd:36): Warning: missing </ul> before </div>
iam_list_instance_profiles_for_role.html:71:1 (iam_list_instance_profiles_for_role.Rd:29): Warning: missing </ul> before </div>
iam_list_mfa_device_tags.html:74:1 (iam_list_mfa_device_tags.Rd:32): Warning: missing </ul> before </div>
iam_list_mfa_devices.html:71:1 (iam_list_mfa_devices.Rd:29): Warning: missing </ul> before </div>
iam_list_open_id_connect_provider_tags.html:77:1 (iam_list_open_id_connect_provider_tags.Rd:35): Warning: missing </ul> before </div>
iam_list_policies.html:115:1 (iam_list_policies.Rd:67): Warning: missing </ul> before </div>
iam_list_policies_granting_service_access.html:73:1 (iam_list_policies_granting_service_access.Rd:31): Warning: missing </ul> before </div>
iam_list_policy_tags.html:72:1 (iam_list_policy_tags.Rd:30): Warning: missing </ul> before </div>
iam_list_policy_versions.html:73:1 (iam_list_policy_versions.Rd:31): Warning: missing </ul> before </div>
iam_list_role_policies.html:72:1 (iam_list_role_policies.Rd:30): Warning: missing </ul> before </div>
iam_list_role_tags.html:71:1 (iam_list_role_tags.Rd:29): Warning: missing </ul> before </div>
iam_list_roles.html:77:1 (iam_list_roles.Rd:35): Warning: missing </ul> before </div>
iam_list_saml_provider_tags.html:73:1 (iam_list_saml_provider_tags.Rd:31): Warning: missing </ul> before </div>
iam_list_server_certificate_tags.html:75:1 (iam_list_server_certificate_tags.Rd:33): Warning: missing </ul> before </div>
iam_list_server_certificates.html:79:1 (iam_list_server_certificates.Rd:37): Warning: missing </ul> before </div>
iam_list_service_specific_credentials.html:61:1 (iam_list_service_specific_credentials.Rd:21): Warning: missing </ul> before </div>
iam_list_signing_certificates.html:72:1 (iam_list_signing_certificates.Rd:30): Warning: missing </ul> before </div>
iam_list_ssh_public_keys.html:74:1 (iam_list_ssh_public_keys.Rd:32): Warning: missing </ul> before </div>
iam_list_user_policies.html:72:1 (iam_list_user_policies.Rd:30): Warning: missing </ul> before </div>
iam_list_user_tags.html:71:1 (iam_list_user_tags.Rd:29): Warning: missing </ul> before </div>
iam_list_users.html:78:1 (iam_list_users.Rd:36): Warning: missing </ul> before </div>
iam_list_virtual_mfa_devices.html:74:1 (iam_list_virtual_mfa_devices.Rd:32): Warning: missing </ul> before </div>
iam_put_group_policy.html:89:1 (iam_put_group_policy.Rd:40): Warning: missing </ul> before </div>
iam_put_role_permissions_boundary.html:65:1 (iam_put_role_permissions_boundary.Rd:25): Warning: missing </ul> before </div>
iam_put_role_policy.html:89:1 (iam_put_role_policy.Rd:40): Warning: missing </ul> before </div>
iam_put_user_permissions_boundary.html:65:1 (iam_put_user_permissions_boundary.Rd:25): Warning: missing </ul> before </div>
iam_put_user_policy.html:89:1 (iam_put_user_policy.Rd:40): Warning: missing </ul> before </div>
iam_remove_client_id_from_open_id_connect_provider.html:66:1 (iam_remove_client_id_from_open_id_connect_provider.Rd:26): Warning: missing </ul> before </div>
iam_remove_role_from_instance_profile.html:61:1 (iam_remove_role_from_instance_profile.Rd:21): Warning: missing </ul> before </div>
iam_remove_user_from_group.html:60:1 (iam_remove_user_from_group.Rd:20): Warning: missing </ul> before </div>
iam_reset_service_specific_credential.html:64:1 (iam_reset_service_specific_credential.Rd:24): Warning: missing </ul> before </div>
iam_resync_mfa_device.html:78:1 (iam_resync_mfa_device.Rd:34): Warning: missing </ul> before </div>
iam_set_default_policy_version.html:60:1 (iam_set_default_policy_version.Rd:20): Warning: missing </ul> before </div>
iam_set_security_token_service_preferences.html:57:1 (iam_set_security_token_service_preferences.Rd:19): Warning: missing </ul> before </div>
iam_simulate_custom_policy.html:288:1 (iam_simulate_custom_policy.Rd:200): Warning: missing </ul> before </div>
iam_simulate_principal_policy.html:297:1 (iam_simulate_principal_policy.Rd:207): Warning: missing </ul> before </div>
iam_tag_instance_profile.html:57:1 (iam_tag_instance_profile.Rd:17): Warning: missing </ul> before </div>
iam_tag_mfa_device.html:60:1 (iam_tag_mfa_device.Rd:20): Warning: missing </ul> before </div>
iam_tag_open_id_connect_provider.html:59:1 (iam_tag_open_id_connect_provider.Rd:19): Warning: missing </ul> before </div>
iam_tag_policy.html:58:1 (iam_tag_policy.Rd:18): Warning: missing </ul> before </div>
iam_tag_role.html:57:1 (iam_tag_role.Rd:17): Warning: missing </ul> before </div>
iam_tag_saml_provider.html:59:1 (iam_tag_saml_provider.Rd:19): Warning: missing </ul> before </div>
iam_tag_server_certificate.html:57:1 (iam_tag_server_certificate.Rd:17): Warning: missing </ul> before </div>
iam_tag_user.html:57:1 (iam_tag_user.Rd:17): Warning: missing </ul> before </div>
iam_untag_instance_profile.html:57:1 (iam_untag_instance_profile.Rd:17): Warning: missing </ul> before </div>
iam_untag_mfa_device.html:60:1 (iam_untag_mfa_device.Rd:20): Warning: missing </ul> before </div>
iam_untag_open_id_connect_provider.html:58:1 (iam_untag_open_id_connect_provider.Rd:18): Warning: missing </ul> before </div>
iam_untag_policy.html:58:1 (iam_untag_policy.Rd:18): Warning: missing </ul> before </div>
iam_untag_role.html:57:1 (iam_untag_role.Rd:17): Warning: missing </ul> before </div>
iam_untag_saml_provider.html:59:1 (iam_untag_saml_provider.Rd:19): Warning: missing </ul> before </div>
iam_untag_server_certificate.html:58:1 (iam_untag_server_certificate.Rd:18): Warning: missing </ul> before </div>
iam_untag_user.html:57:1 (iam_untag_user.Rd:17): Warning: missing </ul> before </div>
iam_update_access_key.html:66:1 (iam_update_access_key.Rd:24): Warning: missing </ul> before </div>
iam_update_account_password_policy.html:149:1 (iam_update_account_password_policy.Rd:95): Warning: missing </ul> before </div>
iam_update_assume_role_policy.html:80:1 (iam_update_assume_role_policy.Rd:33): Warning: missing </ul> before </div>
iam_update_group.html:74:1 (iam_update_group.Rd:32): Warning: missing </ul> before </div>
iam_update_login_profile.html:89:1 (iam_update_login_profile.Rd:40): Warning: missing </ul> before </div>
iam_update_open_id_connect_provider_thumbprint.html:66:1 (iam_update_open_id_connect_provider_thumbprint.Rd:26): Warning: missing </ul> before </div>
iam_update_role.html:73:1 (iam_update_role.Rd:31): Warning: missing </ul> before </div>
iam_update_role_description.html:52:1 (iam_update_role_description.Rd:12): Warning: missing </ul> before </div>
iam_update_saml_provider.html:81:1 (iam_update_saml_provider.Rd:35): Warning: missing </ul> before </div>
iam_update_server_certificate.html:79:1 (iam_update_server_certificate.Rd:37): Warning: missing </ul> before </div>
iam_update_service_specific_credential.html:69:1 (iam_update_service_specific_credential.Rd:27): Warning: missing </ul> before </div>
iam_update_signing_certificate.html:66:1 (iam_update_signing_certificate.Rd:24): Warning: missing </ul> before </div>
iam_update_ssh_public_key.html:65:1 (iam_update_ssh_public_key.Rd:23): Warning: missing </ul> before </div>
iam_update_user.html:74:1 (iam_update_user.Rd:32): Warning: missing </ul> before </div>
iam_upload_server_certificate.html:160:1 (iam_upload_server_certificate.Rd:91): Warning: missing </ul> before </div>
iam_upload_signing_certificate.html:75:1 (iam_upload_signing_certificate.Rd:28): Warning: missing </ul> before </div>
iam_upload_ssh_public_key.html:78:1 (iam_upload_ssh_public_key.Rd:31): Warning: missing </ul> before </div>
iamrolesanywhere_create_profile.html:99:1 (iamrolesanywhere_create_profile.Rd:45): Warning: missing </ul> before </div>
iamrolesanywhere_create_trust_anchor.html:71:1 (iamrolesanywhere_create_trust_anchor.Rd:25): Warning: missing </ul> before </div>
iamrolesanywhere_delete_attribute_mapping.html:62:1 (iamrolesanywhere_delete_attribute_mapping.Rd:20): Warning: missing </ul> before </div>
iamrolesanywhere_delete_crl.html:48:1 (iamrolesanywhere_delete_crl.Rd:10): Warning: missing </ul> before </div>
iamrolesanywhere_delete_profile.html:48:1 (iamrolesanywhere_delete_profile.Rd:10): Warning: missing </ul> before </div>
iamrolesanywhere_delete_trust_anchor.html:48:1 (iamrolesanywhere_delete_trust_anchor.Rd:10): Warning: missing </ul> before </div>
iamrolesanywhere_disable_crl.html:48:1 (iamrolesanywhere_disable_crl.Rd:10): Warning: missing </ul> before </div>
iamrolesanywhere_disable_profile.html:48:1 (iamrolesanywhere_disable_profile.Rd:10): Warning: missing </ul> before </div>
iamrolesanywhere_disable_trust_anchor.html:48:1 (iamrolesanywhere_disable_trust_anchor.Rd:10): Warning: missing </ul> before </div>
iamrolesanywhere_enable_crl.html:48:1 (iamrolesanywhere_enable_crl.Rd:10): Warning: missing </ul> before </div>
iamrolesanywhere_enable_profile.html:48:1 (iamrolesanywhere_enable_profile.Rd:10): Warning: missing </ul> before </div>
iamrolesanywhere_enable_trust_anchor.html:48:1 (iamrolesanywhere_enable_trust_anchor.Rd:10): Warning: missing </ul> before </div>
iamrolesanywhere_get_crl.html:48:1 (iamrolesanywhere_get_crl.Rd:10): Warning: missing </ul> before </div>
iamrolesanywhere_get_profile.html:48:1 (iamrolesanywhere_get_profile.Rd:10): Warning: missing </ul> before </div>
iamrolesanywhere_get_subject.html:49:1 (iamrolesanywhere_get_subject.Rd:11): Warning: missing </ul> before </div>
iamrolesanywhere_get_trust_anchor.html:48:1 (iamrolesanywhere_get_trust_anchor.Rd:10): Warning: missing </ul> before </div>
iamrolesanywhere_import_crl.html:71:1 (iamrolesanywhere_import_crl.Rd:25): Warning: missing </ul> before </div>
iamrolesanywhere_list_crls.html:55:1 (iamrolesanywhere_list_crls.Rd:15): Warning: missing </ul> before </div>
iamrolesanywhere_list_profiles.html:55:1 (iamrolesanywhere_list_profiles.Rd:15): Warning: missing </ul> before </div>
iamrolesanywhere_list_subjects.html:55:1 (iamrolesanywhere_list_subjects.Rd:15): Warning: missing </ul> before </div>
iamrolesanywhere_list_tags_for_resource.html:48:1 (iamrolesanywhere_list_tags_for_resource.Rd:10): Warning: missing </ul> before </div>
iamrolesanywhere_list_trust_anchors.html:55:1 (iamrolesanywhere_list_trust_anchors.Rd:15): Warning: missing </ul> before </div>
iamrolesanywhere_put_attribute_mapping.html:61:1 (iamrolesanywhere_put_attribute_mapping.Rd:19): Warning: missing </ul> before </div>
iamrolesanywhere_put_notification_settings.html:52:1 (iamrolesanywhere_put_notification_settings.Rd:12): Warning: missing </ul> before </div>
iamrolesanywhere_reset_notification_settings.html:57:1 (iamrolesanywhere_reset_notification_settings.Rd:17): Warning: missing </ul> before </div>
iamrolesanywhere_tag_resource.html:52:1 (iamrolesanywhere_tag_resource.Rd:12): Warning: missing </ul> before </div>
iamrolesanywhere_untag_resource.html:52:1 (iamrolesanywhere_untag_resource.Rd:12): Warning: missing </ul> before </div>
iamrolesanywhere_update_crl.html:56:1 (iamrolesanywhere_update_crl.Rd:14): Warning: missing </ul> before </div>
iamrolesanywhere_update_profile.html:88:1 (iamrolesanywhere_update_profile.Rd:38): Warning: missing </ul> before </div>
iamrolesanywhere_update_trust_anchor.html:56:1 (iamrolesanywhere_update_trust_anchor.Rd:14): Warning: missing </ul> before </div>
identitystore_create_group.html:63:1 (identitystore_create_group.Rd:21): Warning: missing </ul> before </div>
identitystore_create_group_membership.html:58:1 (identitystore_create_group_membership.Rd:16): Warning: missing </ul> before </div>
identitystore_create_user.html:128:1 (identitystore_create_user.Rd:64): Warning: missing </ul> before </div>
identitystore_delete_group.html:52:1 (identitystore_delete_group.Rd:12): Warning: missing </ul> before </div>
identitystore_delete_group_membership.html:52:1 (identitystore_delete_group_membership.Rd:12): Warning: missing </ul> before </div>
identitystore_delete_user.html:52:1 (identitystore_delete_user.Rd:12): Warning: missing </ul> before </div>
identitystore_describe_group.html:57:1 (identitystore_describe_group.Rd:17): Warning: missing </ul> before </div>
identitystore_describe_group_membership.html:53:1 (identitystore_describe_group_membership.Rd:13): Warning: missing </ul> before </div>
identitystore_describe_user.html:57:1 (identitystore_describe_user.Rd:17): Warning: missing </ul> before </div>
identitystore_get_group_id.html:56:1 (identitystore_get_group_id.Rd:16): Warning: missing </ul> before </div>
identitystore_get_group_membership_id.html:58:1 (identitystore_get_group_membership_id.Rd:16): Warning: missing </ul> before </div>
identitystore_get_user_id.html:56:1 (identitystore_get_user_id.Rd:16): Warning: missing </ul> before </div>
identitystore_is_member_in_groups.html:57:1 (identitystore_is_member_in_groups.Rd:15): Warning: missing </ul> before </div>
identitystore_list_group_memberships.html:76:1 (identitystore_list_group_memberships.Rd:32): Warning: missing </ul> before </div>
identitystore_list_group_memberships_for_member.html:79:1 (identitystore_list_group_memberships_for_member.Rd:35): Warning: missing </ul> before </div>
identitystore_list_groups.html:80:1 (identitystore_list_groups.Rd:36): Warning: missing </ul> before </div>
identitystore_list_users.html:80:1 (identitystore_list_users.Rd:36): Warning: missing </ul> before </div>
identitystore_update_group.html:58:1 (identitystore_update_group.Rd:16): Warning: missing </ul> before </div>
identitystore_update_user.html:58:1 (identitystore_update_user.Rd:16): Warning: missing </ul> before </div>
inspector2_associate_member.html:50:1 (inspector2_associate_member.Rd:12): Warning: missing </ul> before </div>
inspector2_batch_get_account_status.html:50:1 (inspector2_batch_get_account_status.Rd:12): Warning: missing </ul> before </div>
inspector2_batch_get_code_snippet.html:50:1 (inspector2_batch_get_code_snippet.Rd:12): Warning: missing </ul> before </div>
inspector2_batch_get_finding_details.html:48:1 (inspector2_batch_get_finding_details.Rd:10): Warning: missing </ul> before </div>
inspector2_batch_get_free_trial_info.html:48:1 (inspector2_batch_get_free_trial_info.Rd:10): Warning: missing </ul> before </div>
inspector2_batch_get_member_ec_2_deep_inspection_status.html:52:1 (inspector2_batch_get_member_ec_2_deep_inspection_status.Rd:15): Warning: missing </ul> before </div>
inspector2_batch_update_member_ec_2_deep_inspection_status.html:50:1 (inspector2_batch_update_member_ec_2_deep_inspection_status.Rd:12): Warning: missing </ul> before </div>
inspector2_cancel_findings_report.html:48:1 (inspector2_cancel_findings_report.Rd:10): Warning: missing </ul> before </div>
inspector2_cancel_sbom_export.html:48:1 (inspector2_cancel_sbom_export.Rd:10): Warning: missing </ul> before </div>
inspector2_create_cis_scan_configuration.html:71:1 (inspector2_create_cis_scan_configuration.Rd:25): Warning: missing </ul> before </div>
inspector2_create_filter.html:78:1 (inspector2_create_filter.Rd:30): Warning: missing </ul> before </div>
inspector2_create_findings_report.html:60:1 (inspector2_create_findings_report.Rd:18): Warning: missing </ul> before </div>
inspector2_create_sbom_export.html:62:1 (inspector2_create_sbom_export.Rd:20): Warning: missing </ul> before </div>
inspector2_delete_cis_scan_configuration.html:48:1 (inspector2_delete_cis_scan_configuration.Rd:10): Warning: missing </ul> before </div>
inspector2_delete_filter.html:48:1 (inspector2_delete_filter.Rd:10): Warning: missing </ul> before </div>
inspector2_disable.html:53:1 (inspector2_disable.Rd:13): Warning: missing </ul> before </div>
inspector2_disable_delegated_admin_account.html:50:1 (inspector2_disable_delegated_admin_account.Rd:12): Warning: missing </ul> before </div>
inspector2_disassociate_member.html:50:1 (inspector2_disassociate_member.Rd:12): Warning: missing </ul> before </div>
inspector2_enable.html:57:1 (inspector2_enable.Rd:15): Warning: missing </ul> before </div>
inspector2_enable_delegated_admin_account.html:57:1 (inspector2_enable_delegated_admin_account.Rd:17): Warning: missing </ul> before </div>
inspector2_get_cis_scan_report.html:61:1 (inspector2_get_cis_scan_report.Rd:19): Warning: missing </ul> before </div>
inspector2_get_cis_scan_result_details.html:87:1 (inspector2_get_cis_scan_result_details.Rd:35): Warning: missing </ul> before </div>
inspector2_get_encryption_key.html:52:1 (inspector2_get_encryption_key.Rd:12): Warning: missing </ul> before </div>
inspector2_get_findings_report_status.html:48:1 (inspector2_get_findings_report_status.Rd:10): Warning: missing </ul> before </div>
inspector2_get_member.html:49:1 (inspector2_get_member.Rd:11): Warning: missing </ul> before </div>
inspector2_get_sbom_export.html:48:1 (inspector2_get_sbom_export.Rd:10): Warning: missing </ul> before </div>
inspector2_list_account_permissions.html:68:1 (inspector2_list_account_permissions.Rd:26): Warning: missing </ul> before </div>
inspector2_list_cis_scan_configurations.html:72:1 (inspector2_list_cis_scan_configurations.Rd:26): Warning: missing </ul> before </div>
inspector2_list_cis_scan_resul_aggre_by_targe_resou.html:77:1 (inspector2_list_cis_scan_resul_aggre_by_targe_resou.Rd:29): Warning: missing </ul> before </div>
inspector2_list_cis_scan_results_aggregated_by_checks.html:77:1 (inspector2_list_cis_scan_results_aggregated_by_checks.Rd:29): Warning: missing </ul> before </div>
inspector2_list_cis_scans.html:76:1 (inspector2_list_cis_scans.Rd:28): Warning: missing </ul> before </div>
inspector2_list_coverage.html:69:1 (inspector2_list_coverage.Rd:27): Warning: missing </ul> before </div>
inspector2_list_coverage_statistics.html:64:1 (inspector2_list_coverage_statistics.Rd:22): Warning: missing </ul> before </div>
inspector2_list_delegated_admin_accounts.html:61:1 (inspector2_list_delegated_admin_accounts.Rd:21): Warning: missing </ul> before </div>
inspector2_list_filters.html:73:1 (inspector2_list_filters.Rd:29): Warning: missing </ul> before </div>
inspector2_list_finding_aggregations.html:81:1 (inspector2_list_finding_aggregations.Rd:35): Warning: missing </ul> before </div>
inspector2_list_findings.html:73:1 (inspector2_list_findings.Rd:29): Warning: missing </ul> before </div>
inspector2_list_members.html:70:1 (inspector2_list_members.Rd:28): Warning: missing </ul> before </div>
inspector2_list_tags_for_resource.html:48:1 (inspector2_list_tags_for_resource.Rd:10): Warning: missing </ul> before </div>
inspector2_list_usage_totals.html:68:1 (inspector2_list_usage_totals.Rd:26): Warning: missing </ul> before </div>
inspector2_reset_encryption_key.html:52:1 (inspector2_reset_encryption_key.Rd:12): Warning: missing </ul> before </div>
inspector2_search_vulnerabilities.html:55:1 (inspector2_search_vulnerabilities.Rd:15): Warning: missing </ul> before </div>
inspector2_send_cis_session_health.html:52:1 (inspector2_send_cis_session_health.Rd:12): Warning: missing </ul> before </div>
inspector2_send_cis_session_telemetry.html:56:1 (inspector2_send_cis_session_telemetry.Rd:14): Warning: missing </ul> before </div>
inspector2_start_cis_session.html:52:1 (inspector2_start_cis_session.Rd:12): Warning: missing </ul> before </div>
inspector2_stop_cis_session.html:56:1 (inspector2_stop_cis_session.Rd:14): Warning: missing </ul> before </div>
inspector2_tag_resource.html:52:1 (inspector2_tag_resource.Rd:12): Warning: missing </ul> before </div>
inspector2_untag_resource.html:52:1 (inspector2_untag_resource.Rd:12): Warning: missing </ul> before </div>
inspector2_update_cis_scan_configuration.html:71:1 (inspector2_update_cis_scan_configuration.Rd:25): Warning: missing </ul> before </div>
inspector2_update_configuration.html:57:1 (inspector2_update_configuration.Rd:17): Warning: missing </ul> before </div>
inspector2_update_ec_2_deep_inspection_configuration.html:61:1 (inspector2_update_ec_2_deep_inspection_configuration.Rd:21): Warning: missing </ul> before </div>
inspector2_update_encryption_key.html:56:1 (inspector2_update_encryption_key.Rd:14): Warning: missing </ul> before </div>
inspector2_update_filter.html:77:1 (inspector2_update_filter.Rd:29): Warning: missing </ul> before </div>
inspector2_update_org_ec_2_deep_inspection_configuration.html:50:1 (inspector2_update_org_ec_2_deep_inspection_configuration.Rd:12): Warning: missing </ul> before </div>
inspector2_update_organization_configuration.html:49:1 (inspector2_update_organization_configuration.Rd:11): Warning: missing </ul> before </div>
inspector_add_attributes_to_findings.html:54:1 (inspector_add_attributes_to_findings.Rd:14): Warning: missing </ul> before </div>
inspector_create_assessment_target.html:60:1 (inspector_create_assessment_target.Rd:20): Warning: missing </ul> before </div>
inspector_create_assessment_template.html:79:1 (inspector_create_assessment_template.Rd:33): Warning: missing </ul> before </div>
inspector_create_exclusions_preview.html:50:1 (inspector_create_exclusions_preview.Rd:12): Warning: missing </ul> before </div>
inspector_create_resource_group.html:53:1 (inspector_create_resource_group.Rd:15): Warning: missing </ul> before </div>
inspector_delete_assessment_run.html:49:1 (inspector_delete_assessment_run.Rd:11): Warning: missing </ul> before </div>
inspector_delete_assessment_target.html:49:1 (inspector_delete_assessment_target.Rd:11): Warning: missing </ul> before </div>
inspector_delete_assessment_template.html:49:1 (inspector_delete_assessment_template.Rd:11): Warning: missing </ul> before </div>
inspector_describe_assessment_runs.html:49:1 (inspector_describe_assessment_runs.Rd:11): Warning: missing </ul> before </div>
inspector_describe_assessment_targets.html:50:1 (inspector_describe_assessment_targets.Rd:12): Warning: missing </ul> before </div>
inspector_describe_assessment_templates.html:49:1 (inspector_describe_assessment_templates.Rd:11): Warning: missing </ul> before </div>
inspector_describe_exclusions.html:53:1 (inspector_describe_exclusions.Rd:13): Warning: missing </ul> before </div>
inspector_describe_findings.html:53:1 (inspector_describe_findings.Rd:13): Warning: missing </ul> before </div>
inspector_describe_resource_groups.html:49:1 (inspector_describe_resource_groups.Rd:11): Warning: missing </ul> before </div>
inspector_describe_rules_packages.html:53:1 (inspector_describe_rules_packages.Rd:13): Warning: missing </ul> before </div>
inspector_get_assessment_report.html:61:1 (inspector_get_assessment_report.Rd:19): Warning: missing </ul> before </div>
inspector_get_exclusions_preview.html:79:1 (inspector_get_exclusions_preview.Rd:33): Warning: missing </ul> before </div>
inspector_get_telemetry_metadata.html:50:1 (inspector_get_telemetry_metadata.Rd:12): Warning: missing </ul> before </div>
inspector_list_assessment_run_agents.html:77:1 (inspector_list_assessment_run_agents.Rd:33): Warning: missing </ul> before </div>
inspector_list_assessment_runs.html:78:1 (inspector_list_assessment_runs.Rd:34): Warning: missing </ul> before </div>
inspector_list_assessment_targets.html:70:1 (inspector_list_assessment_targets.Rd:28): Warning: missing </ul> before </div>
inspector_list_assessment_templates.html:77:1 (inspector_list_assessment_templates.Rd:33): Warning: missing </ul> before </div>
inspector_list_event_subscriptions.html:67:1 (inspector_list_event_subscriptions.Rd:25): Warning: missing </ul> before </div>
inspector_list_exclusions.html:67:1 (inspector_list_exclusions.Rd:25): Warning: missing </ul> before </div>
inspector_list_findings.html:77:1 (inspector_list_findings.Rd:33): Warning: missing </ul> before </div>
inspector_list_rules_packages.html:57:1 (inspector_list_rules_packages.Rd:17): Warning: missing </ul> before </div>
inspector_list_tags_for_resource.html:49:1 (inspector_list_tags_for_resource.Rd:11): Warning: missing </ul> before </div>
inspector_preview_agents.html:62:1 (inspector_preview_agents.Rd:20): Warning: missing </ul> before </div>
inspector_register_cross_account_access_role.html:50:1 (inspector_register_cross_account_access_role.Rd:12): Warning: missing </ul> before </div>
inspector_remove_attributes_from_findings.html:56:1 (inspector_remove_attributes_from_findings.Rd:16): Warning: missing </ul> before </div>
inspector_set_tags_for_resource.html:54:1 (inspector_set_tags_for_resource.Rd:14): Warning: missing </ul> before </div>
inspector_start_assessment_run.html:56:1 (inspector_start_assessment_run.Rd:16): Warning: missing </ul> before </div>
inspector_stop_assessment_run.html:57:1 (inspector_stop_assessment_run.Rd:17): Warning: missing </ul> before </div>
inspector_subscribe_to_event.html:58:1 (inspector_subscribe_to_event.Rd:16): Warning: missing </ul> before </div>
inspector_unsubscribe_from_event.html:58:1 (inspector_unsubscribe_from_event.Rd:16): Warning: missing </ul> before </div>
inspector_update_assessment_target.html:62:1 (inspector_update_assessment_target.Rd:20): Warning: missing </ul> before </div>
kms_cancel_key_deletion.html:65:1 (kms_cancel_key_deletion.Rd:22): Warning: missing </ul> before </div>
kms_connect_custom_key_store.html:51:1 (kms_connect_custom_key_store.Rd:13): Warning: missing </ul> before </div>
kms_create_alias.html:85:1 (kms_create_alias.Rd:40): Warning: missing </ul> before </div>
kms_create_custom_key_store.html:246:1 (kms_create_custom_key_store.Rd:177): Warning: missing </ul> before </div>
kms_create_grant.html:189:1 (kms_create_grant.Rd:132): Warning: missing </ul> before </div>
kms_create_key.html:400:1 (kms_create_key.Rd:279): Warning: missing </ul> before </div>
kms_decrypt.html:169:1 (kms_decrypt.Rd:110): Warning: missing </ul> before </div>
kms_delete_alias.html:49:1 (kms_delete_alias.Rd:11): Warning: missing </ul> before </div>
kms_delete_custom_key_store.html:51:1 (kms_delete_custom_key_store.Rd:13): Warning: missing </ul> before </div>
kms_delete_imported_key_material.html:66:1 (kms_delete_imported_key_material.Rd:23): Warning: missing </ul> before </div>
kms_derive_shared_secret.html:156:1 (kms_derive_shared_secret.Rd:99): Warning: missing </ul> before </div>
kms_describe_custom_key_stores.html:81:1 (kms_describe_custom_key_stores.Rd:37): Warning: missing </ul> before </div>
kms_describe_key.html:90:1 (kms_describe_key.Rd:41): Warning: missing </ul> before </div>
kms_disable_key.html:65:1 (kms_disable_key.Rd:22): Warning: missing </ul> before </div>
kms_disable_key_rotation.html:70:1 (kms_disable_key_rotation.Rd:27): Warning: missing </ul> before </div>
kms_disconnect_custom_key_store.html:51:1 (kms_disconnect_custom_key_store.Rd:13): Warning: missing </ul> before </div>
kms_enable_key.html:65:1 (kms_enable_key.Rd:22): Warning: missing </ul> before </div>
kms_enable_key_rotation.html:86:1 (kms_enable_key_rotation.Rd:41): Warning: missing </ul> before </div>
kms_encrypt.html:141:1 (kms_encrypt.Rd:84): Warning: missing </ul> before </div>
kms_generate_data_key.html:167:1 (kms_generate_data_key.Rd:108): Warning: missing </ul> before </div>
kms_generate_data_key_pair.html:160:1 (kms_generate_data_key_pair.Rd:103): Warning: missing </ul> before </div>
kms_generate_data_key_pair_without_plaintext.html:131:1 (kms_generate_data_key_pair_without_plaintext.Rd:76): Warning: missing </ul> before </div>
kms_generate_data_key_without_plaintext.html:134:1 (kms_generate_data_key_without_plaintext.Rd:77): Warning: missing </ul> before </div>
kms_generate_mac.html:94:1 (kms_generate_mac.Rd:48): Warning: missing </ul> before </div>
kms_generate_random.html:87:1 (kms_generate_random.Rd:45): Warning: missing </ul> before </div>
kms_get_key_policy.html:72:1 (kms_get_key_policy.Rd:27): Warning: missing </ul> before </div>
kms_get_key_rotation_status.html:69:1 (kms_get_key_rotation_status.Rd:26): Warning: missing </ul> before </div>
kms_get_parameters_for_import.html:127:1 (kms_get_parameters_for_import.Rd:69): Warning: missing </ul> before </div>
kms_get_public_key.html:86:1 (kms_get_public_key.Rd:37): Warning: missing </ul> before </div>
kms_import_key_material.html:133:1 (kms_import_key_material.Rd:82): Warning: missing </ul> before </div>
kms_list_aliases.html:86:1 (kms_list_aliases.Rd:39): Warning: missing </ul> before </div>
kms_list_grants.html:98:1 (kms_list_grants.Rd:47): Warning: missing </ul> before </div>
kms_list_key_policies.html:82:1 (kms_list_key_policies.Rd:35): Warning: missing </ul> before </div>
kms_list_key_rotations.html:81:1 (kms_list_key_rotations.Rd:34): Warning: missing </ul> before </div>
kms_list_keys.html:60:1 (kms_list_keys.Rd:20): Warning: missing </ul> before </div>
kms_list_resource_tags.html:83:1 (kms_list_resource_tags.Rd:36): Warning: missing </ul> before </div>
kms_list_retirable_grants.html:71:1 (kms_list_retirable_grants.Rd:29): Warning: missing </ul> before </div>
kms_put_key_policy.html:139:1 (kms_put_key_policy.Rd:78): Warning: missing </ul> before </div>
kms_re_encrypt.html:214:1 (kms_re_encrypt.Rd:142): Warning: missing </ul> before </div>
kms_replicate_key.html:218:1 (kms_replicate_key.Rd:153): Warning: missing </ul> before </div>
kms_retire_grant.html:87:1 (kms_retire_grant.Rd:40): Warning: missing </ul> before </div>
kms_revoke_grant.html:81:1 (kms_revoke_grant.Rd:34): Warning: missing </ul> before </div>
kms_rotate_key_on_demand.html:72:1 (kms_rotate_key_on_demand.Rd:29): Warning: missing </ul> before </div>
kms_schedule_key_deletion.html:81:1 (kms_schedule_key_deletion.Rd:36): Warning: missing </ul> before </div>
kms_sign.html:165:1 (kms_sign.Rd:99): Warning: missing </ul> before </div>
kms_tag_resource.html:77:1 (kms_tag_resource.Rd:32): Warning: missing </ul> before </div>
kms_untag_resource.html:69:1 (kms_untag_resource.Rd:24): Warning: missing </ul> before </div>
kms_update_alias.html:85:1 (kms_update_alias.Rd:40): Warning: missing </ul> before </div>
kms_update_custom_key_store.html:185:1 (kms_update_custom_key_store.Rd:131): Warning: missing </ul> before </div>
kms_update_key_description.html:72:1 (kms_update_key_description.Rd:27): Warning: missing </ul> before </div>
kms_update_primary_region.html:75:1 (kms_update_primary_region.Rd:30): Warning: missing </ul> before </div>
kms_verify.html:167:1 (kms_verify.Rd:99): Warning: missing </ul> before </div>
kms_verify_mac.html:100:1 (kms_verify_mac.Rd:52): Warning: missing </ul> before </div>
macie2_accept_invitation.html:65:1 (macie2_accept_invitation.Rd:23): Warning: missing </ul> before </div>
macie2_batch_get_custom_data_identifiers.html:49:1 (macie2_batch_get_custom_data_identifiers.Rd:11): Warning: missing </ul> before </div>
macie2_batch_update_automated_discovery_accounts.html:52:1 (macie2_batch_update_automated_discovery_accounts.Rd:14): Warning: missing </ul> before </div>
macie2_create_allow_list.html:81:1 (macie2_create_allow_list.Rd:35): Warning: missing </ul> before </div>
macie2_create_classification_job.html:195:1 (macie2_create_classification_job.Rd:117): Warning: missing </ul> before </div>
macie2_create_custom_data_identifier.html:137:1 (macie2_create_custom_data_identifier.Rd:83): Warning: missing </ul> before </div>
macie2_create_findings_filter.html:105:1 (macie2_create_findings_filter.Rd:55): Warning: missing </ul> before </div>
macie2_create_invitations.html:66:1 (macie2_create_invitations.Rd:24): Warning: missing </ul> before </div>
macie2_create_member.html:57:1 (macie2_create_member.Rd:17): Warning: missing </ul> before </div>
macie2_create_sample_findings.html:50:1 (macie2_create_sample_findings.Rd:12): Warning: missing </ul> before </div>
macie2_decline_invitations.html:50:1 (macie2_decline_invitations.Rd:12): Warning: missing </ul> before </div>
macie2_delete_allow_list.html:61:1 (macie2_delete_allow_list.Rd:21): Warning: missing </ul> before </div>
macie2_delete_custom_data_identifier.html:49:1 (macie2_delete_custom_data_identifier.Rd:11): Warning: missing </ul> before </div>
macie2_delete_findings_filter.html:49:1 (macie2_delete_findings_filter.Rd:11): Warning: missing </ul> before </div>
macie2_delete_invitations.html:50:1 (macie2_delete_invitations.Rd:12): Warning: missing </ul> before </div>
macie2_delete_member.html:50:1 (macie2_delete_member.Rd:12): Warning: missing </ul> before </div>
macie2_describe_buckets.html:68:1 (macie2_describe_buckets.Rd:24): Warning: missing </ul> before </div>
macie2_describe_classification_job.html:48:1 (macie2_describe_classification_job.Rd:10): Warning: missing </ul> before </div>
macie2_disable_organization_admin_account.html:50:1 (macie2_disable_organization_admin_account.Rd:12): Warning: missing </ul> before </div>
macie2_disassociate_member.html:50:1 (macie2_disassociate_member.Rd:12): Warning: missing </ul> before </div>
macie2_enable_macie.html:65:1 (macie2_enable_macie.Rd:23): Warning: missing </ul> before </div>
macie2_enable_organization_admin_account.html:55:1 (macie2_enable_organization_admin_account.Rd:15): Warning: missing </ul> before </div>
macie2_get_allow_list.html:49:1 (macie2_get_allow_list.Rd:11): Warning: missing </ul> before </div>
macie2_get_bucket_statistics.html:49:1 (macie2_get_bucket_statistics.Rd:11): Warning: missing </ul> before </div>
macie2_get_classification_scope.html:49:1 (macie2_get_classification_scope.Rd:11): Warning: missing </ul> before </div>
macie2_get_custom_data_identifier.html:49:1 (macie2_get_custom_data_identifier.Rd:11): Warning: missing </ul> before </div>
macie2_get_finding_statistics.html:85:1 (macie2_get_finding_statistics.Rd:32): Warning: missing </ul> before </div>
macie2_get_findings.html:54:1 (macie2_get_findings.Rd:14): Warning: missing </ul> before </div>
macie2_get_findings_filter.html:49:1 (macie2_get_findings_filter.Rd:11): Warning: missing </ul> before </div>
macie2_get_member.html:50:1 (macie2_get_member.Rd:12): Warning: missing </ul> before </div>
macie2_get_resource_profile.html:50:1 (macie2_get_resource_profile.Rd:12): Warning: missing </ul> before </div>
macie2_get_sensitive_data_occurrences.html:48:1 (macie2_get_sensitive_data_occurrences.Rd:10): Warning: missing </ul> before </div>
macie2_get_sensitive_data_occurrences_availability.html:49:1 (macie2_get_sensitive_data_occurrences_availability.Rd:11): Warning: missing </ul> before </div>
macie2_get_sensitivity_inspection_template.html:50:1 (macie2_get_sensitivity_inspection_template.Rd:12): Warning: missing </ul> before </div>
macie2_get_usage_statistics.html:77:1 (macie2_get_usage_statistics.Rd:31): Warning: missing </ul> before </div>
macie2_get_usage_totals.html:52:1 (macie2_get_usage_totals.Rd:14): Warning: missing </ul> before </div>
macie2_list_allow_lists.html:55:1 (macie2_list_allow_lists.Rd:15): Warning: missing </ul> before </div>
macie2_list_automated_discovery_accounts.html:67:1 (macie2_list_automated_discovery_accounts.Rd:25): Warning: missing </ul> before </div>
macie2_list_classification_jobs.html:66:1 (macie2_list_classification_jobs.Rd:22): Warning: missing </ul> before </div>
macie2_list_classification_scopes.html:55:1 (macie2_list_classification_scopes.Rd:15): Warning: missing </ul> before </div>
macie2_list_custom_data_identifiers.html:54:1 (macie2_list_custom_data_identifiers.Rd:14): Warning: missing </ul> before </div>
macie2_list_findings.html:66:1 (macie2_list_findings.Rd:22): Warning: missing </ul> before </div>
macie2_list_findings_filters.html:55:1 (macie2_list_findings_filters.Rd:15): Warning: missing </ul> before </div>
macie2_list_invitations.html:55:1 (macie2_list_invitations.Rd:15): Warning: missing </ul> before </div>
macie2_list_managed_data_identifiers.html:50:1 (macie2_list_managed_data_identifiers.Rd:12): Warning: missing </ul> before </div>
macie2_list_members.html:62:1 (macie2_list_members.Rd:20): Warning: missing </ul> before </div>
macie2_list_organization_admin_accounts.html:55:1 (macie2_list_organization_admin_accounts.Rd:15): Warning: missing </ul> before </div>
macie2_list_resource_profile_artifacts.html:55:1 (macie2_list_resource_profile_artifacts.Rd:15): Warning: missing </ul> before </div>
macie2_list_resource_profile_detections.html:64:1 (macie2_list_resource_profile_detections.Rd:22): Warning: missing </ul> before </div>
macie2_list_sensitivity_inspection_templates.html:58:1 (macie2_list_sensitivity_inspection_templates.Rd:18): Warning: missing </ul> before </div>
macie2_list_tags_for_resource.html:49:1 (macie2_list_tags_for_resource.Rd:11): Warning: missing </ul> before </div>
macie2_put_classification_export_configuration.html:50:1 (macie2_put_classification_export_configuration.Rd:12): Warning: missing </ul> before </div>
macie2_put_findings_publication_configuration.html:58:1 (macie2_put_findings_publication_configuration.Rd:18): Warning: missing </ul> before </div>
macie2_search_resources.html:70:1 (macie2_search_resources.Rd:26): Warning: missing </ul> before </div>
macie2_tag_resource.html:58:1 (macie2_tag_resource.Rd:18): Warning: missing </ul> before </div>
macie2_test_custom_data_identifier.html:85:1 (macie2_test_custom_data_identifier.Rd:39): Warning: missing </ul> before </div>
macie2_untag_resource.html:54:1 (macie2_untag_resource.Rd:14): Warning: missing </ul> before </div>
macie2_update_allow_list.html:70:1 (macie2_update_allow_list.Rd:26): Warning: missing </ul> before </div>
macie2_update_automated_discovery_configuration.html:73:1 (macie2_update_automated_discovery_configuration.Rd:33): Warning: missing </ul> before </div>
macie2_update_classification_job.html:87:1 (macie2_update_classification_job.Rd:40): Warning: missing </ul> before </div>
macie2_update_classification_scope.html:54:1 (macie2_update_classification_scope.Rd:14): Warning: missing </ul> before </div>
macie2_update_findings_filter.html:100:1 (macie2_update_findings_filter.Rd:50): Warning: missing </ul> before </div>
macie2_update_macie_session.html:57:1 (macie2_update_macie_session.Rd:17): Warning: missing </ul> before </div>
macie2_update_member_session.html:56:1 (macie2_update_member_session.Rd:16): Warning: missing </ul> before </div>
macie2_update_organization_configuration.html:50:1 (macie2_update_organization_configuration.Rd:12): Warning: missing </ul> before </div>
macie2_update_resource_profile.html:56:1 (macie2_update_resource_profile.Rd:16): Warning: missing </ul> before </div>
macie2_update_resource_profile_detections.html:59:1 (macie2_update_resource_profile_detections.Rd:19): Warning: missing </ul> before </div>
macie2_update_reveal_configuration.html:58:1 (macie2_update_reveal_configuration.Rd:18): Warning: missing </ul> before </div>
macie2_update_sensitivity_inspection_template.html:77:1 (macie2_update_sensitivity_inspection_template.Rd:33): Warning: missing </ul> before </div>
pcaconnectorad_create_connector.html:71:1 (pcaconnectorad_create_connector.Rd:25): Warning: missing </ul> before </div>
pcaconnectorad_create_directory_registration.html:62:1 (pcaconnectorad_create_directory_registration.Rd:20): Warning: missing </ul> before </div>
pcaconnectorad_create_service_principal_name.html:63:1 (pcaconnectorad_create_service_principal_name.Rd:21): Warning: missing </ul> before </div>
pcaconnectorad_create_template.html:74:1 (pcaconnectorad_create_template.Rd:28): Warning: missing </ul> before </div>
pcaconnectorad_create_template_group_access_control_entry.html:74:1 (pcaconnectorad_create_template_group_access_control_entry.Rd:28): Warning: missing </ul> before </div>
pcaconnectorad_delete_connector.html:49:1 (pcaconnectorad_delete_connector.Rd:11): Warning: missing </ul> before </div>
pcaconnectorad_delete_directory_registration.html:49:1 (pcaconnectorad_delete_directory_registration.Rd:11): Warning: missing </ul> before </div>
pcaconnectorad_delete_service_principal_name.html:58:1 (pcaconnectorad_delete_service_principal_name.Rd:18): Warning: missing </ul> before </div>
pcaconnectorad_delete_template.html:49:1 (pcaconnectorad_delete_template.Rd:11): Warning: missing </ul> before </div>
pcaconnectorad_delete_template_group_access_control_entry.html:57:1 (pcaconnectorad_delete_template_group_access_control_entry.Rd:17): Warning: missing </ul> before </div>
pcaconnectorad_get_connector.html:49:1 (pcaconnectorad_get_connector.Rd:11): Warning: missing </ul> before </div>
pcaconnectorad_get_directory_registration.html:49:1 (pcaconnectorad_get_directory_registration.Rd:11): Warning: missing </ul> before </div>
pcaconnectorad_get_service_principal_name.html:58:1 (pcaconnectorad_get_service_principal_name.Rd:18): Warning: missing </ul> before </div>
pcaconnectorad_get_template.html:50:1 (pcaconnectorad_get_template.Rd:12): Warning: missing </ul> before </div>
pcaconnectorad_get_template_group_access_control_entry.html:57:1 (pcaconnectorad_get_template_group_access_control_entry.Rd:17): Warning: missing </ul> before </div>
pcaconnectorad_list_connectors.html:58:1 (pcaconnectorad_list_connectors.Rd:18): Warning: missing </ul> before </div>
pcaconnectorad_list_directory_registrations.html:62:1 (pcaconnectorad_list_directory_registrations.Rd:22): Warning: missing </ul> before </div>
pcaconnectorad_list_service_principal_names.html:68:1 (pcaconnectorad_list_service_principal_names.Rd:26): Warning: missing </ul> before </div>
pcaconnectorad_list_tags_for_resource.html:49:1 (pcaconnectorad_list_tags_for_resource.Rd:11): Warning: missing </ul> before </div>
pcaconnectorad_list_template_group_access_control_entries.html:67:1 (pcaconnectorad_list_template_group_access_control_entries.Rd:25): Warning: missing </ul> before </div>
pcaconnectorad_list_templates.html:67:1 (pcaconnectorad_list_templates.Rd:25): Warning: missing </ul> before </div>
pcaconnectorad_tag_resource.html:54:1 (pcaconnectorad_tag_resource.Rd:14): Warning: missing </ul> before </div>
pcaconnectorad_untag_resource.html:54:1 (pcaconnectorad_untag_resource.Rd:14): Warning: missing </ul> before </div>
pcaconnectorad_update_template.html:68:1 (pcaconnectorad_update_template.Rd:26): Warning: missing </ul> before </div>
pcaconnectorad_update_template_group_access_control_entry.html:70:1 (pcaconnectorad_update_template_group_access_control_entry.Rd:26): Warning: missing </ul> before </div>
ram_accept_resource_share_invitation.html:69:1 (ram_accept_resource_share_invitation.Rd:29): Warning: missing </ul> before </div>
ram_associate_resource_share.html:120:1 (ram_associate_resource_share.Rd:63): Warning: missing </ul> before </div>
ram_associate_resource_share_permission.html:106:1 (ram_associate_resource_share_permission.Rd:60): Warning: missing </ul> before </div>
ram_create_permission.html:119:1 (ram_create_permission.Rd:66): Warning: missing </ul> before </div>
ram_create_permission_version.html:101:1 (ram_create_permission_version.Rd:52): Warning: missing </ul> before </div>
ram_create_resource_share.html:140:1 (ram_create_resource_share.Rd:77): Warning: missing </ul> before </div>
ram_delete_permission.html:66:1 (ram_delete_permission.Rd:26): Warning: missing </ul> before </div>
ram_delete_permission_version.html:87:1 (ram_delete_permission_version.Rd:45): Warning: missing </ul> before </div>
ram_delete_resource_share.html:65:1 (ram_delete_resource_share.Rd:25): Warning: missing </ul> before </div>
ram_disassociate_resource_share.html:118:1 (ram_disassociate_resource_share.Rd:61): Warning: missing </ul> before </div>
ram_disassociate_resource_share_permission.html:76:1 (ram_disassociate_resource_share_permission.Rd:34): Warning: missing </ul> before </div>
ram_get_permission.html:62:1 (ram_get_permission.Rd:22): Warning: missing </ul> before </div>
ram_get_resource_policies.html:80:1 (ram_get_resource_policies.Rd:36): Warning: missing </ul> before </div>
ram_get_resource_share_associations.html:116:1 (ram_get_resource_share_associations.Rd:61): Warning: missing </ul> before </div>
ram_get_resource_share_invitations.html:81:1 (ram_get_resource_share_invitations.Rd:37): Warning: missing </ul> before </div>
ram_get_resource_shares.html:122:1 (ram_get_resource_shares.Rd:63): Warning: missing </ul> before </div>
ram_list_pending_invitation_resources.html:100:1 (ram_list_pending_invitation_resources.Rd:49): Warning: missing </ul> before </div>
ram_list_permission_associations.html:112:1 (ram_list_permission_associations.Rd:60): Warning: missing </ul> before </div>
ram_list_permission_versions.html:77:1 (ram_list_permission_versions.Rd:35): Warning: missing </ul> before </div>
ram_list_permissions.html:100:1 (ram_list_permissions.Rd:49): Warning: missing </ul> before </div>
ram_list_principals.html:141:1 (ram_list_principals.Rd:75): Warning: missing </ul> before </div>
ram_list_replace_permission_associations_work.html:83:1 (ram_list_replace_permission_associations_work.Rd:39): Warning: missing </ul> before </div>
ram_list_resource_share_permissions.html:75:1 (ram_list_resource_share_permissions.Rd:33): Warning: missing </ul> before </div>
ram_list_resource_types.html:91:1 (ram_list_resource_types.Rd:42): Warning: missing </ul> before </div>
ram_list_resources.html:135:1 (ram_list_resources.Rd:71): Warning: missing </ul> before </div>
ram_promote_permission_created_from_policy.html:80:1 (ram_promote_permission_created_from_policy.Rd:38): Warning: missing </ul> before </div>
ram_promote_resource_share_created_from_policy.html:52:1 (ram_promote_resource_share_created_from_policy.Rd:14): Warning: missing </ul> before </div>
ram_reject_resource_share_invitation.html:69:1 (ram_reject_resource_share_invitation.Rd:29): Warning: missing </ul> before </div>
ram_replace_permission_associations.html:86:1 (ram_replace_permission_associations.Rd:42): Warning: missing </ul> before </div>
ram_set_default_permission_version.html:77:1 (ram_set_default_permission_version.Rd:35): Warning: missing </ul> before </div>
ram_tag_resource.html:63:1 (ram_tag_resource.Rd:21): Warning: missing </ul> before </div>
ram_untag_resource.html:63:1 (ram_untag_resource.Rd:21): Warning: missing </ul> before </div>
ram_update_resource_share.html:80:1 (ram_update_resource_share.Rd:36): Warning: missing </ul> before </div>
secretsmanager_batch_get_secret_value.html:77:1 (secretsmanager_batch_get_secret_value.Rd:33): Warning: missing </ul> before </div>
secretsmanager_cancel_rotate_secret.html:52:1 (secretsmanager_cancel_rotate_secret.Rd:14): Warning: missing </ul> before </div>
secretsmanager_create_secret.html:199:1 (secretsmanager_create_secret.Rd:138): Warning: missing </ul> before </div>
secretsmanager_delete_resource_policy.html:52:1 (secretsmanager_delete_resource_policy.Rd:14): Warning: missing </ul> before </div>
secretsmanager_delete_secret.html:84:1 (secretsmanager_delete_secret.Rd:42): Warning: missing </ul> before </div>
secretsmanager_describe_secret.html:51:1 (secretsmanager_describe_secret.Rd:13): Warning: missing </ul> before </div>
secretsmanager_get_random_password.html:98:1 (secretsmanager_get_random_password.Rd:43): Warning: missing </ul> before </div>
secretsmanager_get_resource_policy.html:53:1 (secretsmanager_get_resource_policy.Rd:15): Warning: missing </ul> before </div>
secretsmanager_get_secret_value.html:80:1 (secretsmanager_get_secret_value.Rd:38): Warning: missing </ul> before </div>
secretsmanager_list_secret_version_ids.html:79:1 (secretsmanager_list_secret_version_ids.Rd:35): Warning: missing </ul> before </div>
secretsmanager_list_secrets.html:79:1 (secretsmanager_list_secrets.Rd:33): Warning: missing </ul> before </div>
secretsmanager_put_resource_policy.html:85:1 (secretsmanager_put_resource_policy.Rd:38): Warning: missing </ul> before </div>
secretsmanager_put_secret_value.html:159:1 (secretsmanager_put_secret_value.Rd:104): Warning: missing </ul> before </div>
secretsmanager_remove_regions_from_replication.html:53:1 (secretsmanager_remove_regions_from_replication.Rd:13): Warning: missing </ul> before </div>
secretsmanager_replicate_secret_to_regions.html:61:1 (secretsmanager_replicate_secret_to_regions.Rd:19): Warning: missing </ul> before </div>
secretsmanager_restore_secret.html:52:1 (secretsmanager_restore_secret.Rd:14): Warning: missing </ul> before </div>
secretsmanager_rotate_secret.html:106:1 (secretsmanager_rotate_secret.Rd:60): Warning: missing </ul> before </div>
secretsmanager_stop_replication_to_replica.html:49:1 (secretsmanager_stop_replication_to_replica.Rd:11): Warning: missing </ul> before </div>
secretsmanager_tag_resource.html:62:1 (secretsmanager_tag_resource.Rd:22): Warning: missing </ul> before </div>
secretsmanager_untag_resource.html:63:1 (secretsmanager_untag_resource.Rd:23): Warning: missing </ul> before </div>
secretsmanager_update_secret.html:138:1 (secretsmanager_update_secret.Rd:90): Warning: missing </ul> before </div>
secretsmanager_update_secret_version_stage.html:78:1 (secretsmanager_update_secret_version_stage.Rd:34): Warning: missing </ul> before </div>
secretsmanager_validate_resource_policy.html:57:1 (secretsmanager_validate_resource_policy.Rd:17): Warning: missing </ul> before </div>
securityhub_accept_administrator_invitation.html:55:1 (securityhub_accept_administrator_invitation.Rd:15): Warning: missing </ul> before </div>
securityhub_accept_invitation.html:54:1 (securityhub_accept_invitation.Rd:14): Warning: missing </ul> before </div>
securityhub_batch_delete_automation_rules.html:49:1 (securityhub_batch_delete_automation_rules.Rd:11): Warning: missing </ul> before </div>
securityhub_batch_disable_standards.html:49:1 (securityhub_batch_disable_standards.Rd:11): Warning: missing </ul> before </div>
securityhub_batch_enable_standards.html:48:1 (securityhub_batch_enable_standards.Rd:10): Warning: missing </ul> before </div>
securityhub_batch_get_automation_rules.html:49:1 (securityhub_batch_get_automation_rules.Rd:11): Warning: missing </ul> before </div>
securityhub_batch_get_configuration_policy_associations.html:52:1 (securityhub_batch_get_configuration_policy_associations.Rd:14): Warning: missing </ul> before </div>
securityhub_batch_get_security_controls.html:51:1 (securityhub_batch_get_security_controls.Rd:13): Warning: missing </ul> before </div>
securityhub_batch_get_standards_control_associations.html:55:1 (securityhub_batch_get_standards_control_associations.Rd:17): Warning: missing </ul> before </div>
securityhub_batch_import_findings.html:51:1 (securityhub_batch_import_findings.Rd:13): Warning: missing </ul> before </div>
securityhub_batch_update_automation_rules.html:50:1 (securityhub_batch_update_automation_rules.Rd:12): Warning: missing </ul> before </div>
securityhub_batch_update_findings.html:153:1 (securityhub_batch_update_findings.Rd:78): Warning: missing </ul> before </div>
securityhub_batch_update_standards_control_associations.html:52:1 (securityhub_batch_update_standards_control_associations.Rd:14): Warning: missing </ul> before </div>
securityhub_create_action_target.html:57:1 (securityhub_create_action_target.Rd:15): Warning: missing </ul> before </div>
securityhub_create_automation_rule.html:101:1 (securityhub_create_automation_rule.Rd:49): Warning: missing </ul> before </div>
securityhub_create_configuration_policy.html:76:1 (securityhub_create_configuration_policy.Rd:32): Warning: missing </ul> before </div>
securityhub_create_finding_aggregator.html:94:1 (securityhub_create_finding_aggregator.Rd:45): Warning: missing </ul> before </div>
securityhub_create_insight.html:61:1 (securityhub_create_insight.Rd:19): Warning: missing </ul> before </div>
securityhub_create_members.html:52:1 (securityhub_create_members.Rd:14): Warning: missing </ul> before </div>
securityhub_decline_invitations.html:50:1 (securityhub_decline_invitations.Rd:12): Warning: missing </ul> before </div>
securityhub_delete_action_target.html:48:1 (securityhub_delete_action_target.Rd:10): Warning: missing </ul> before </div>
securityhub_delete_configuration_policy.html:49:1 (securityhub_delete_configuration_policy.Rd:11): Warning: missing </ul> before </div>
securityhub_delete_finding_aggregator.html:49:1 (securityhub_delete_finding_aggregator.Rd:11): Warning: missing </ul> before </div>
securityhub_delete_insight.html:48:1 (securityhub_delete_insight.Rd:10): Warning: missing </ul> before </div>
securityhub_delete_invitations.html:50:1 (securityhub_delete_invitations.Rd:12): Warning: missing </ul> before </div>
securityhub_delete_members.html:48:1 (securityhub_delete_members.Rd:10): Warning: missing </ul> before </div>
securityhub_describe_action_targets.html:68:1 (securityhub_describe_action_targets.Rd:26): Warning: missing </ul> before </div>
securityhub_describe_hub.html:49:1 (securityhub_describe_hub.Rd:11): Warning: missing </ul> before </div>
securityhub_describe_products.html:66:1 (securityhub_describe_products.Rd:24): Warning: missing </ul> before </div>
securityhub_describe_standards.html:58:1 (securityhub_describe_standards.Rd:18): Warning: missing </ul> before </div>
securityhub_describe_standards_controls.html:69:1 (securityhub_describe_standards_controls.Rd:27): Warning: missing </ul> before </div>
securityhub_disable_import_findings_for_product.html:48:1 (securityhub_disable_import_findings_for_product.Rd:10): Warning: missing </ul> before </div>
securityhub_disable_organization_admin_account.html:49:1 (securityhub_disable_organization_admin_account.Rd:11): Warning: missing </ul> before </div>
securityhub_disassociate_members.html:50:1 (securityhub_disassociate_members.Rd:12): Warning: missing </ul> before </div>
securityhub_enable_import_findings_for_product.html:48:1 (securityhub_enable_import_findings_for_product.Rd:10): Warning: missing </ul> before </div>
securityhub_enable_organization_admin_account.html:49:1 (securityhub_enable_organization_admin_account.Rd:11): Warning: missing </ul> before </div>
securityhub_enable_security_hub.html:78:1 (securityhub_enable_security_hub.Rd:36): Warning: missing </ul> before </div>
securityhub_get_configuration_policy.html:49:1 (securityhub_get_configuration_policy.Rd:11): Warning: missing </ul> before </div>
securityhub_get_configuration_policy_association.html:50:1 (securityhub_get_configuration_policy_association.Rd:12): Warning: missing </ul> before </div>
securityhub_get_enabled_standards.html:67:1 (securityhub_get_enabled_standards.Rd:25): Warning: missing </ul> before </div>
securityhub_get_finding_aggregator.html:50:1 (securityhub_get_finding_aggregator.Rd:12): Warning: missing </ul> before </div>
securityhub_get_finding_history.html:111:1 (securityhub_get_finding_history.Rd:65): Warning: missing </ul> before </div>
securityhub_get_findings.html:79:1 (securityhub_get_findings.Rd:35): Warning: missing </ul> before </div>
securityhub_get_insight_results.html:49:1 (securityhub_get_insight_results.Rd:11): Warning: missing </ul> before </div>
securityhub_get_insights.html:68:1 (securityhub_get_insights.Rd:26): Warning: missing </ul> before </div>
securityhub_get_members.html:50:1 (securityhub_get_members.Rd:12): Warning: missing </ul> before </div>
securityhub_get_security_control_definition.html:49:1 (securityhub_get_security_control_definition.Rd:11): Warning: missing </ul> before </div>
securityhub_invite_members.html:50:1 (securityhub_invite_members.Rd:12): Warning: missing </ul> before </div>
securityhub_list_automation_rules.html:56:1 (securityhub_list_automation_rules.Rd:16): Warning: missing </ul> before </div>
securityhub_list_configuration_policies.html:69:1 (securityhub_list_configuration_policies.Rd:29): Warning: missing </ul> before </div>
securityhub_list_configuration_policy_associations.html:79:1 (securityhub_list_configuration_policy_associations.Rd:37): Warning: missing </ul> before </div>
securityhub_list_enabled_products_for_import.html:62:1 (securityhub_list_enabled_products_for_import.Rd:22): Warning: missing </ul> before </div>
securityhub_list_finding_aggregators.html:55:1 (securityhub_list_finding_aggregators.Rd:15): Warning: missing </ul> before </div>
securityhub_list_invitations.html:59:1 (securityhub_list_invitations.Rd:19): Warning: missing </ul> before </div>
securityhub_list_members.html:76:1 (securityhub_list_members.Rd:34): Warning: missing </ul> before </div>
securityhub_list_organization_admin_accounts.html:59:1 (securityhub_list_organization_admin_accounts.Rd:19): Warning: missing </ul> before </div>
securityhub_list_security_control_definitions.html:66:1 (securityhub_list_security_control_definitions.Rd:24): Warning: missing </ul> before </div>
securityhub_list_standards_control_associations.html:70:1 (securityhub_list_standards_control_associations.Rd:28): Warning: missing </ul> before </div>
securityhub_list_tags_for_resource.html:48:1 (securityhub_list_tags_for_resource.Rd:10): Warning: missing </ul> before </div>
securityhub_start_configuration_policy_association.html:59:1 (securityhub_start_configuration_policy_association.Rd:19): Warning: missing </ul> before </div>
securityhub_start_configuration_policy_disassociation.html:59:1 (securityhub_start_configuration_policy_disassociation.Rd:19): Warning: missing </ul> before </div>
securityhub_tag_resource.html:54:1 (securityhub_tag_resource.Rd:14): Warning: missing </ul> before </div>
securityhub_untag_resource.html:53:1 (securityhub_untag_resource.Rd:13): Warning: missing </ul> before </div>
securityhub_update_action_target.html:61:1 (securityhub_update_action_target.Rd:19): Warning: missing </ul> before </div>
securityhub_update_configuration_policy.html:85:1 (securityhub_update_configuration_policy.Rd:39): Warning: missing </ul> before </div>
securityhub_update_finding_aggregator.html:103:1 (securityhub_update_finding_aggregator.Rd:52): Warning: missing </ul> before </div>
securityhub_update_findings.html:57:1 (securityhub_update_findings.Rd:15): Warning: missing </ul> before </div>
securityhub_update_insight.html:65:1 (securityhub_update_insight.Rd:21): Warning: missing </ul> before </div>
securityhub_update_organization_configuration.html:83:1 (securityhub_update_organization_configuration.Rd:42): Warning: missing </ul> before </div>
securityhub_update_security_control.html:62:1 (securityhub_update_security_control.Rd:20): Warning: missing </ul> before </div>
securityhub_update_security_hub_configuration.html:79:1 (securityhub_update_security_hub_configuration.Rd:39): Warning: missing </ul> before </div>
securityhub_update_standards_control.html:62:1 (securityhub_update_standards_control.Rd:20): Warning: missing </ul> before </div>
securitylake_create_aws_log_source.html:50:1 (securitylake_create_aws_log_source.Rd:12): Warning: missing </ul> before </div>
securitylake_create_custom_log_source.html:75:1 (securitylake_create_custom_log_source.Rd:31): Warning: missing </ul> before </div>
securitylake_create_data_lake.html:66:1 (securitylake_create_data_lake.Rd:24): Warning: missing </ul> before </div>
securitylake_create_data_lake_exception_subscription.html:63:1 (securitylake_create_data_lake_exception_subscription.Rd:21): Warning: missing </ul> before </div>
securitylake_create_data_lake_organization_configuration.html:52:1 (securitylake_create_data_lake_organization_configuration.Rd:14): Warning: missing </ul> before </div>
securitylake_create_subscriber.html:80:1 (securitylake_create_subscriber.Rd:32): Warning: missing </ul> before </div>
securitylake_create_subscriber_notification.html:54:1 (securitylake_create_subscriber_notification.Rd:14): Warning: missing </ul> before </div>
securitylake_delete_aws_log_source.html:50:1 (securitylake_delete_aws_log_source.Rd:12): Warning: missing </ul> before </div>
securitylake_delete_custom_log_source.html:54:1 (securitylake_delete_custom_log_source.Rd:14): Warning: missing </ul> before </div>
securitylake_delete_data_lake.html:50:1 (securitylake_delete_data_lake.Rd:12): Warning: missing </ul> before </div>
securitylake_delete_data_lake_organization_configuration.html:52:1 (securitylake_delete_data_lake_organization_configuration.Rd:14): Warning: missing </ul> before </div>
securitylake_delete_subscriber.html:50:1 (securitylake_delete_subscriber.Rd:12): Warning: missing </ul> before </div>
securitylake_delete_subscriber_notification.html:49:1 (securitylake_delete_subscriber_notification.Rd:11): Warning: missing </ul> before </div>
securitylake_get_data_lake_sources.html:72:1 (securitylake_get_data_lake_sources.Rd:30): Warning: missing </ul> before </div>
securitylake_get_subscriber.html:49:1 (securitylake_get_subscriber.Rd:11): Warning: missing </ul> before </div>
securitylake_list_data_lake_exceptions.html:67:1 (securitylake_list_data_lake_exceptions.Rd:25): Warning: missing </ul> before </div>
securitylake_list_data_lakes.html:49:1 (securitylake_list_data_lakes.Rd:11): Warning: missing </ul> before </div>
securitylake_list_log_sources.html:72:1 (securitylake_list_log_sources.Rd:26): Warning: missing </ul> before </div>
securitylake_list_subscribers.html:53:1 (securitylake_list_subscribers.Rd:13): Warning: missing </ul> before </div>
securitylake_list_tags_for_resource.html:52:1 (securitylake_list_tags_for_resource.Rd:14): Warning: missing </ul> before </div>
securitylake_register_data_lake_delegated_administrator.html:50:1 (securitylake_register_data_lake_delegated_administrator.Rd:12): Warning: missing </ul> before </div>
securitylake_tag_resource.html:59:1 (securitylake_tag_resource.Rd:19): Warning: missing </ul> before </div>
securitylake_untag_resource.html:56:1 (securitylake_untag_resource.Rd:16): Warning: missing </ul> before </div>
securitylake_update_data_lake.html:56:1 (securitylake_update_data_lake.Rd:16): Warning: missing </ul> before </div>
securitylake_update_data_lake_exception_subscription.html:62:1 (securitylake_update_data_lake_exception_subscription.Rd:20): Warning: missing </ul> before </div>
securitylake_update_subscriber.html:74:1 (securitylake_update_subscriber.Rd:28): Warning: missing </ul> before </div>
securitylake_update_subscriber_notification.html:55:1 (securitylake_update_subscriber_notification.Rd:15): Warning: missing </ul> before </div>
shield_associate_drt_log_bucket.html:50:1 (shield_associate_drt_log_bucket.Rd:12): Warning: missing </ul> before </div>
shield_associate_drt_role.html:56:1 (shield_associate_drt_role.Rd:18): Warning: missing </ul> before </div>
shield_associate_health_check.html:55:1 (shield_associate_health_check.Rd:15): Warning: missing </ul> before </div>
shield_associate_proactive_engagement_details.html:60:1 (shield_associate_proactive_engagement_details.Rd:22): Warning: missing </ul> before </div>
shield_create_protection.html:85:1 (shield_create_protection.Rd:30): Warning: missing </ul> before </div>
shield_create_protection_group.html:107:1 (shield_create_protection_group.Rd:52): Warning: missing </ul> before </div>
shield_delete_protection.html:48:1 (shield_delete_protection.Rd:10): Warning: missing </ul> before </div>
shield_delete_protection_group.html:50:1 (shield_delete_protection_group.Rd:12): Warning: missing </ul> before </div>
shield_describe_attack.html:48:1 (shield_describe_attack.Rd:10): Warning: missing </ul> before </div>
shield_describe_protection.html:56:1 (shield_describe_protection.Rd:16): Warning: missing </ul> before </div>
shield_describe_protection_group.html:50:1 (shield_describe_protection_group.Rd:12): Warning: missing </ul> before </div>
shield_disable_application_layer_automatic_response.html:49:1 (shield_disable_application_layer_automatic_response.Rd:11): Warning: missing </ul> before </div>
shield_disassociate_drt_log_bucket.html:49:1 (shield_disassociate_drt_log_bucket.Rd:11): Warning: missing </ul> before </div>
shield_disassociate_health_check.html:55:1 (shield_disassociate_health_check.Rd:15): Warning: missing </ul> before </div>
shield_enable_application_layer_automatic_response.html:59:1 (shield_enable_application_layer_automatic_response.Rd:19): Warning: missing </ul> before </div>
shield_list_attacks.html:99:1 (shield_list_attacks.Rd:53): Warning: missing </ul> before </div>
shield_list_protection_groups.html:85:1 (shield_list_protection_groups.Rd:43): Warning: missing </ul> before </div>
shield_list_protections.html:85:1 (shield_list_protections.Rd:43): Warning: missing </ul> before </div>
shield_list_resources_in_protection_group.html:82:1 (shield_list_resources_in_protection_group.Rd:40): Warning: missing </ul> before </div>
shield_list_tags_for_resource.html:49:1 (shield_list_tags_for_resource.Rd:11): Warning: missing </ul> before </div>
shield_tag_resource.html:53:1 (shield_tag_resource.Rd:13): Warning: missing </ul> before </div>
shield_untag_resource.html:53:1 (shield_untag_resource.Rd:13): Warning: missing </ul> before </div>
shield_update_application_layer_automatic_response.html:59:1 (shield_update_application_layer_automatic_response.Rd:19): Warning: missing </ul> before </div>
shield_update_emergency_contact_settings.html:57:1 (shield_update_emergency_contact_settings.Rd:19): Warning: missing </ul> before </div>
shield_update_protection_group.html:100:1 (shield_update_protection_group.Rd:47): Warning: missing </ul> before </div>
shield_update_subscription.html:54:1 (shield_update_subscription.Rd:16): Warning: missing </ul> before </div>
sso_get_role_credentials.html:60:1 (sso_get_role_credentials.Rd:18): Warning: missing </ul> before </div>
sso_list_account_roles.html:69:1 (sso_list_account_roles.Rd:25): Warning: missing </ul> before </div>
sso_list_accounts.html:60:1 (sso_list_accounts.Rd:18): Warning: missing </ul> before </div>
sso_logout.html:53:1 (sso_logout.Rd:15): Warning: missing </ul> before </div>
ssoadmin_attac_custo_manag_polic_refer_to_permi_set.html:64:1 (ssoadmin_attac_custo_manag_polic_refer_to_permi_set.Rd:22): Warning: missing </ul> before </div>
ssoadmin_attach_managed_policy_to_permission_set.html:65:1 (ssoadmin_attach_managed_policy_to_permission_set.Rd:23): Warning: missing </ul> before </div>
ssoadmin_create_account_assignment.html:85:1 (ssoadmin_create_account_assignment.Rd:37): Warning: missing </ul> before </div>
ssoadmin_create_application.html:102:1 (ssoadmin_create_application.Rd:50): Warning: missing </ul> before </div>
ssoadmin_create_application_assignment.html:64:1 (ssoadmin_create_application_assignment.Rd:22): Warning: missing </ul> before </div>
ssoadmin_create_instanc_access_control_attribu_configu.html:63:1 (ssoadmin_create_instanc_access_control_attribu_configu.Rd:23): Warning: missing </ul> before </div>
ssoadmin_create_instance.html:70:1 (ssoadmin_create_instance.Rd:28): Warning: missing </ul> before </div>
ssoadmin_create_permission_set.html:80:1 (ssoadmin_create_permission_set.Rd:32): Warning: missing </ul> before </div>
ssoadmin_create_trusted_token_issuer.html:92:1 (ssoadmin_create_trusted_token_issuer.Rd:44): Warning: missing </ul> before </div>
ssoadmin_delete_account_assignment.html:84:1 (ssoadmin_delete_account_assignment.Rd:36): Warning: missing </ul> before </div>
ssoadmin_delete_application.html:50:1 (ssoadmin_delete_application.Rd:12): Warning: missing </ul> before </div>
ssoadmin_delete_application_access_scope.html:52:1 (ssoadmin_delete_application_access_scope.Rd:12): Warning: missing </ul> before </div>
ssoadmin_delete_application_assignment.html:65:1 (ssoadmin_delete_application_assignment.Rd:23): Warning: missing </ul> before </div>
ssoadmin_delete_application_authentication_method.html:56:1 (ssoadmin_delete_application_authentication_method.Rd:16): Warning: missing </ul> before </div>
ssoadmin_delete_application_grant.html:52:1 (ssoadmin_delete_application_grant.Rd:12): Warning: missing </ul> before </div>
ssoadmin_delete_inline_policy_from_permission_set.html:58:1 (ssoadmin_delete_inline_policy_from_permission_set.Rd:18): Warning: missing </ul> before </div>
ssoadmin_delete_instanc_access_control_attribu_configu.html:51:1 (ssoadmin_delete_instanc_access_control_attribu_configu.Rd:13): Warning: missing </ul> before </div>
ssoadmin_delete_instance.html:49:1 (ssoadmin_delete_instance.Rd:11): Warning: missing </ul> before </div>
ssoadmin_delete_permission_set.html:55:1 (ssoadmin_delete_permission_set.Rd:15): Warning: missing </ul> before </div>
ssoadmin_delete_permissions_boundary_from_permission_set.html:56:1 (ssoadmin_delete_permissions_boundary_from_permission_set.Rd:16): Warning: missing </ul> before </div>
ssoadmin_delete_trusted_token_issuer.html:49:1 (ssoadmin_delete_trusted_token_issuer.Rd:11): Warning: missing </ul> before </div>
ssoadmin_describ_instanc_access_control_attribu_configu.html:51:1 (ssoadmin_describ_instanc_access_control_attribu_configu.Rd:13): Warning: missing </ul> before </div>
ssoadmin_describe_account_assignment_creation_status.html:58:1 (ssoadmin_describe_account_assignment_creation_status.Rd:18): Warning: missing </ul> before </div>
ssoadmin_describe_account_assignment_deletion_status.html:58:1 (ssoadmin_describe_account_assignment_deletion_status.Rd:18): Warning: missing </ul> before </div>
ssoadmin_describe_application.html:51:1 (ssoadmin_describe_application.Rd:13): Warning: missing </ul> before </div>
ssoadmin_describe_application_assignment.html:66:1 (ssoadmin_describe_application_assignment.Rd:24): Warning: missing </ul> before </div>
ssoadmin_describe_application_provider.html:51:1 (ssoadmin_describe_application_provider.Rd:13): Warning: missing </ul> before </div>
ssoadmin_describe_instance.html:49:1 (ssoadmin_describe_instance.Rd:11): Warning: missing </ul> before </div>
ssoadmin_describe_permission_set.html:55:1 (ssoadmin_describe_permission_set.Rd:15): Warning: missing </ul> before </div>
ssoadmin_describe_permission_set_provisioning_status.html:60:1 (ssoadmin_describe_permission_set_provisioning_status.Rd:20): Warning: missing </ul> before </div>
ssoadmin_describe_trusted_token_issuer.html:50:1 (ssoadmin_describe_trusted_token_issuer.Rd:12): Warning: missing </ul> before </div>
ssoadmin_detac_custo_manag_polic_refer_from_permi_set.html:64:1 (ssoadmin_detac_custo_manag_polic_refer_from_permi_set.Rd:22): Warning: missing </ul> before </div>
ssoadmin_detach_managed_policy_from_permission_set.html:65:1 (ssoadmin_detach_managed_policy_from_permission_set.Rd:23): Warning: missing </ul> before </div>
ssoadmin_get_application_access_scope.html:55:1 (ssoadmin_get_application_access_scope.Rd:15): Warning: missing </ul> before </div>
ssoadmin_get_application_assignment_configuration.html:50:1 (ssoadmin_get_application_assignment_configuration.Rd:12): Warning: missing </ul> before </div>
ssoadmin_get_application_authentication_method.html:55:1 (ssoadmin_get_application_authentication_method.Rd:15): Warning: missing </ul> before </div>
ssoadmin_get_application_grant.html:52:1 (ssoadmin_get_application_grant.Rd:12): Warning: missing </ul> before </div>
ssoadmin_get_inline_policy_for_permission_set.html:55:1 (ssoadmin_get_inline_policy_for_permission_set.Rd:15): Warning: missing </ul> before </div>
ssoadmin_get_permissions_boundary_for_permission_set.html:56:1 (ssoadmin_get_permissions_boundary_for_permission_set.Rd:16): Warning: missing </ul> before </div>
ssoadmin_list_account_assignment_creation_status.html:70:1 (ssoadmin_list_account_assignment_creation_status.Rd:26): Warning: missing </ul> before </div>
ssoadmin_list_account_assignment_deletion_status.html:70:1 (ssoadmin_list_account_assignment_deletion_status.Rd:26): Warning: missing </ul> before </div>
ssoadmin_list_account_assignments.html:76:1 (ssoadmin_list_account_assignments.Rd:30): Warning: missing </ul> before </div>
ssoadmin_list_account_assignments_for_principal.html:90:1 (ssoadmin_list_account_assignments_for_principal.Rd:42): Warning: missing </ul> before </div>
ssoadmin_list_accounts_for_provisioned_permission_set.html:77:1 (ssoadmin_list_accounts_for_provisioned_permission_set.Rd:31): Warning: missing </ul> before </div>
ssoadmin_list_application_access_scopes.html:72:1 (ssoadmin_list_application_access_scopes.Rd:30): Warning: missing </ul> before </div>
ssoadmin_list_application_assignments.html:72:1 (ssoadmin_list_application_assignments.Rd:30): Warning: missing </ul> before </div>
ssoadmin_list_application_assignments_for_principal.html:90:1 (ssoadmin_list_application_assignments_for_principal.Rd:42): Warning: missing </ul> before </div>
ssoadmin_list_application_authentication_methods.html:61:1 (ssoadmin_list_application_authentication_methods.Rd:21): Warning: missing </ul> before </div>
ssoadmin_list_application_grants.html:56:1 (ssoadmin_list_application_grants.Rd:16): Warning: missing </ul> before </div>
ssoadmin_list_application_providers.html:64:1 (ssoadmin_list_application_providers.Rd:24): Warning: missing </ul> before </div>
ssoadmin_list_applications.html:80:1 (ssoadmin_list_applications.Rd:36): Warning: missing </ul> before </div>
ssoadmin_list_custo_manag_polic_refer_in_permi_set.html:68:1 (ssoadmin_list_custo_manag_polic_refer_in_permi_set.Rd:24): Warning: missing </ul> before </div>
ssoadmin_list_instances.html:55:1 (ssoadmin_list_instances.Rd:15): Warning: missing </ul> before </div>
ssoadmin_list_managed_policies_in_permission_set.html:70:1 (ssoadmin_list_managed_policies_in_permission_set.Rd:26): Warning: missing </ul> before </div>
ssoadmin_list_permission_set_provisioning_status.html:70:1 (ssoadmin_list_permission_set_provisioning_status.Rd:26): Warning: missing </ul> before </div>
ssoadmin_list_permission_sets.html:60:1 (ssoadmin_list_permission_sets.Rd:18): Warning: missing </ul> before </div>
ssoadmin_list_permission_sets_provisioned_to_account.html:76:1 (ssoadmin_list_permission_sets_provisioned_to_account.Rd:30): Warning: missing </ul> before </div>
ssoadmin_list_tags_for_resource.html:64:1 (ssoadmin_list_tags_for_resource.Rd:22): Warning: missing </ul> before </div>
ssoadmin_list_trusted_token_issuers.html:73:1 (ssoadmin_list_trusted_token_issuers.Rd:31): Warning: missing </ul> before </div>
ssoadmin_provision_permission_set.html:70:1 (ssoadmin_provision_permission_set.Rd:26): Warning: missing </ul> before </div>
ssoadmin_put_application_access_scope.html:64:1 (ssoadmin_put_application_access_scope.Rd:22): Warning: missing </ul> before </div>
ssoadmin_put_application_assignment_configuration.html:60:1 (ssoadmin_put_application_assignment_configuration.Rd:20): Warning: missing </ul> before </div>
ssoadmin_put_application_authentication_method.html:64:1 (ssoadmin_put_application_authentication_method.Rd:22): Warning: missing </ul> before </div>
ssoadmin_put_application_grant.html:56:1 (ssoadmin_put_application_grant.Rd:14): Warning: missing </ul> before </div>
ssoadmin_put_inline_policy_to_permission_set.html:63:1 (ssoadmin_put_inline_policy_to_permission_set.Rd:21): Warning: missing </ul> before </div>
ssoadmin_put_permissions_boundary_to_permission_set.html:62:1 (ssoadmin_put_permissions_boundary_to_permission_set.Rd:20): Warning: missing </ul> before </div>
ssoadmin_tag_resource.html:59:1 (ssoadmin_tag_resource.Rd:17): Warning: missing </ul> before </div>
ssoadmin_untag_resource.html:59:1 (ssoadmin_untag_resource.Rd:17): Warning: missing </ul> before </div>
ssoadmin_update_application.html:73:1 (ssoadmin_update_application.Rd:27): Warning: missing </ul> before </div>
ssoadmin_update_instanc_access_control_attribu_configu.html:58:1 (ssoadmin_update_instanc_access_control_attribu_configu.Rd:18): Warning: missing </ul> before </div>
ssoadmin_update_instance.html:56:1 (ssoadmin_update_instance.Rd:16): Warning: missing </ul> before </div>
ssoadmin_update_permission_set.html:75:1 (ssoadmin_update_permission_set.Rd:29): Warning: missing </ul> before </div>
ssoadmin_update_trusted_token_issuer.html:66:1 (ssoadmin_update_trusted_token_issuer.Rd:24): Warning: missing </ul> before </div>
ssooidc_create_token.html:127:1 (ssooidc_create_token.Rd:66): Warning: missing </ul> before </div>
ssooidc_create_token_with_iam.html:163:1 (ssooidc_create_token_with_iam.Rd:88): Warning: missing </ul> before </div>
ssooidc_register_client.html:105:1 (ssooidc_register_client.Rd:48): Warning: missing </ul> before </div>
ssooidc_start_device_authorization.html:63:1 (ssooidc_start_device_authorization.Rd:21): Warning: missing </ul> before </div>
sts_assume_role.html:308:1 (sts_assume_role.Rd:248): Warning: missing </ul> before </div>
sts_assume_role_with_saml.html:151:1 (sts_assume_role_with_saml.Rd:103): Warning: missing </ul> before </div>
sts_assume_role_with_web_identity.html:193:1 (sts_assume_role_with_web_identity.Rd:143): Warning: missing </ul> before </div>
sts_assume_root.html:82:1 (sts_assume_root.Rd:29): Warning: missing </ul> before </div>
sts_decode_authorization_message.html:50:1 (sts_decode_authorization_message.Rd:12): Warning: missing </ul> before </div>
sts_get_access_key_info.html:51:1 (sts_get_access_key_info.Rd:13): Warning: missing </ul> before </div>
sts_get_federation_token.html:183:1 (sts_get_federation_token.Rd:137): Warning: missing </ul> before </div>
sts_get_session_token.html:87:1 (sts_get_session_token.Rd:45): Warning: missing </ul> before </div>
verifiedpermissions_batch_get_policy.html:48:1 (verifiedpermissions_batch_get_policy.Rd:10): Warning: missing </ul> before </div>
verifiedpermissions_batch_is_authorized.html:68:1 (verifiedpermissions_batch_is_authorized.Rd:26): Warning: missing </ul> before </div>
verifiedpermissions_batch_is_authorized_with_token.html:104:1 (verifiedpermissions_batch_is_authorized_with_token.Rd:53): Warning: missing </ul> before </div>
verifiedpermissions_create_identity_source.html:86:1 (verifiedpermissions_create_identity_source.Rd:42): Warning: missing </ul> before </div>
verifiedpermissions_create_policy.html:79:1 (verifiedpermissions_create_policy.Rd:37): Warning: missing </ul> before </div>
verifiedpermissions_create_policy_store.html:87:1 (verifiedpermissions_create_policy_store.Rd:45): Warning: missing </ul> before </div>
verifiedpermissions_create_policy_template.html:81:1 (verifiedpermissions_create_policy_template.Rd:37): Warning: missing </ul> before </div>
verifiedpermissions_delete_identity_source.html:54:1 (verifiedpermissions_delete_identity_source.Rd:14): Warning: missing </ul> before </div>
verifiedpermissions_delete_policy.html:53:1 (verifiedpermissions_delete_policy.Rd:13): Warning: missing </ul> before </div>
verifiedpermissions_delete_policy_store.html:48:1 (verifiedpermissions_delete_policy_store.Rd:10): Warning: missing </ul> before </div>
verifiedpermissions_delete_policy_template.html:53:1 (verifiedpermissions_delete_policy_template.Rd:13): Warning: missing </ul> before </div>
verifiedpermissions_get_identity_source.html:53:1 (verifiedpermissions_get_identity_source.Rd:13): Warning: missing </ul> before </div>
verifiedpermissions_get_policy.html:53:1 (verifiedpermissions_get_policy.Rd:13): Warning: missing </ul> before </div>
verifiedpermissions_get_policy_store.html:48:1 (verifiedpermissions_get_policy_store.Rd:10): Warning: missing </ul> before </div>
verifiedpermissions_get_policy_template.html:54:1 (verifiedpermissions_get_policy_template.Rd:14): Warning: missing </ul> before </div>
verifiedpermissions_get_schema.html:49:1 (verifiedpermissions_get_schema.Rd:11): Warning: missing </ul> before </div>
verifiedpermissions_is_authorized.html:86:1 (verifiedpermissions_is_authorized.Rd:38): Warning: missing </ul> before </div>
verifiedpermissions_is_authorized_with_token.html:116:1 (verifiedpermissions_is_authorized_with_token.Rd:61): Warning: missing </ul> before </div>
verifiedpermissions_list_identity_sources.html:83:1 (verifiedpermissions_list_identity_sources.Rd:39): Warning: missing </ul> before </div>
verifiedpermissions_list_policies.html:83:1 (verifiedpermissions_list_policies.Rd:39): Warning: missing </ul> before </div>
verifiedpermissions_list_policy_stores.html:68:1 (verifiedpermissions_list_policy_stores.Rd:28): Warning: missing </ul> before </div>
verifiedpermissions_list_policy_templates.html:77:1 (verifiedpermissions_list_policy_templates.Rd:35): Warning: missing </ul> before </div>
verifiedpermissions_put_schema.html:53:1 (verifiedpermissions_put_schema.Rd:13): Warning: missing </ul> before </div>
verifiedpermissions_update_identity_source.html:70:1 (verifiedpermissions_update_identity_source.Rd:26): Warning: missing </ul> before </div>
verifiedpermissions_update_policy.html:87:1 (verifiedpermissions_update_policy.Rd:31): Warning: missing </ul> before </div>
verifiedpermissions_update_policy_store.html:62:1 (verifiedpermissions_update_policy_store.Rd:20): Warning: missing </ul> before </div>
verifiedpermissions_update_policy_template.html:92:1 (verifiedpermissions_update_policy_template.Rd:36): Warning: missing </ul> before </div>
waf_create_byte_match_set.html:54:1 (waf_create_byte_match_set.Rd:14): Warning: missing </ul> before </div>
waf_create_geo_match_set.html:54:1 (waf_create_geo_match_set.Rd:14): Warning: missing </ul> before </div>
waf_create_ip_set.html:54:1 (waf_create_ip_set.Rd:14): Warning: missing </ul> before </div>
waf_create_rate_based_rule.html:92:1 (waf_create_rate_based_rule.Rd:45): Warning: missing </ul> before </div>
waf_create_regex_match_set.html:54:1 (waf_create_regex_match_set.Rd:14): Warning: missing </ul> before </div>
waf_create_regex_pattern_set.html:54:1 (waf_create_regex_pattern_set.Rd:14): Warning: missing </ul> before </div>
waf_create_rule.html:65:1 (waf_create_rule.Rd:22): Warning: missing </ul> before </div>
waf_create_rule_group.html:66:1 (waf_create_rule_group.Rd:23): Warning: missing </ul> before </div>
waf_create_size_constraint_set.html:54:1 (waf_create_size_constraint_set.Rd:14): Warning: missing </ul> before </div>
waf_create_sql_injection_match_set.html:55:1 (waf_create_sql_injection_match_set.Rd:15): Warning: missing </ul> before </div>
waf_create_web_acl.html:72:1 (waf_create_web_acl.Rd:27): Warning: missing </ul> before </div>
waf_create_web_acl_migration_stack.html:82:1 (waf_create_web_acl_migration_stack.Rd:33): Warning: missing </ul> before </div>
waf_create_xss_match_set.html:54:1 (waf_create_xss_match_set.Rd:14): Warning: missing </ul> before </div>
waf_delete_byte_match_set.html:56:1 (waf_delete_byte_match_set.Rd:16): Warning: missing </ul> before </div>
waf_delete_geo_match_set.html:56:1 (waf_delete_geo_match_set.Rd:16): Warning: missing </ul> before </div>
waf_delete_ip_set.html:55:1 (waf_delete_ip_set.Rd:15): Warning: missing </ul> before </div>
waf_delete_logging_configuration.html:49:1 (waf_delete_logging_configuration.Rd:11): Warning: missing </ul> before </div>
waf_delete_permission_policy.html:51:1 (waf_delete_permission_policy.Rd:13): Warning: missing </ul> before </div>
waf_delete_rate_based_rule.html:55:1 (waf_delete_rate_based_rule.Rd:15): Warning: missing </ul> before </div>
waf_delete_regex_match_set.html:56:1 (waf_delete_regex_match_set.Rd:16): Warning: missing </ul> before </div>
waf_delete_regex_pattern_set.html:56:1 (waf_delete_regex_pattern_set.Rd:16): Warning: missing </ul> before </div>
waf_delete_rule.html:55:1 (waf_delete_rule.Rd:15): Warning: missing </ul> before </div>
waf_delete_rule_group.html:56:1 (waf_delete_rule_group.Rd:16): Warning: missing </ul> before </div>
waf_delete_size_constraint_set.html:56:1 (waf_delete_size_constraint_set.Rd:16): Warning: missing </ul> before </div>
waf_delete_sql_injection_match_set.html:57:1 (waf_delete_sql_injection_match_set.Rd:17): Warning: missing </ul> before </div>
waf_delete_web_acl.html:55:1 (waf_delete_web_acl.Rd:15): Warning: missing </ul> before </div>
waf_delete_xss_match_set.html:56:1 (waf_delete_xss_match_set.Rd:16): Warning: missing </ul> before </div>
waf_get_byte_match_set.html:51:1 (waf_get_byte_match_set.Rd:13): Warning: missing </ul> before </div>
waf_get_change_token_status.html:50:1 (waf_get_change_token_status.Rd:12): Warning: missing </ul> before </div>
waf_get_geo_match_set.html:51:1 (waf_get_geo_match_set.Rd:13): Warning: missing </ul> before </div>
waf_get_ip_set.html:50:1 (waf_get_ip_set.Rd:12): Warning: missing </ul> before </div>
waf_get_logging_configuration.html:49:1 (waf_get_logging_configuration.Rd:11): Warning: missing </ul> before </div>
waf_get_permission_policy.html:49:1 (waf_get_permission_policy.Rd:11): Warning: missing </ul> before </div>
waf_get_rate_based_rule.html:50:1 (waf_get_rate_based_rule.Rd:12): Warning: missing </ul> before </div>
waf_get_rate_based_rule_managed_keys.html:56:1 (waf_get_rate_based_rule_managed_keys.Rd:16): Warning: missing </ul> before </div>
waf_get_regex_match_set.html:51:1 (waf_get_regex_match_set.Rd:13): Warning: missing </ul> before </div>
waf_get_regex_pattern_set.html:51:1 (waf_get_regex_pattern_set.Rd:13): Warning: missing </ul> before </div>
waf_get_rule.html:49:1 (waf_get_rule.Rd:11): Warning: missing </ul> before </div>
waf_get_rule_group.html:50:1 (waf_get_rule_group.Rd:12): Warning: missing </ul> before </div>
waf_get_sampled_requests.html:86:1 (waf_get_sampled_requests.Rd:37): Warning: missing </ul> before </div>
waf_get_size_constraint_set.html:51:1 (waf_get_size_constraint_set.Rd:13): Warning: missing </ul> before </div>
waf_get_sql_injection_match_set.html:52:1 (waf_get_sql_injection_match_set.Rd:14): Warning: missing </ul> before </div>
waf_get_web_acl.html:50:1 (waf_get_web_acl.Rd:12): Warning: missing </ul> before </div>
waf_get_xss_match_set.html:51:1 (waf_get_xss_match_set.Rd:13): Warning: missing </ul> before </div>
waf_list_activated_rules_in_rule_group.html:70:1 (waf_list_activated_rules_in_rule_group.Rd:28): Warning: missing </ul> before </div>
waf_list_byte_match_sets.html:61:1 (waf_list_byte_match_sets.Rd:21): Warning: missing </ul> before </div>
waf_list_geo_match_sets.html:61:1 (waf_list_geo_match_sets.Rd:21): Warning: missing </ul> before </div>
waf_list_ip_sets.html:59:1 (waf_list_ip_sets.Rd:19): Warning: missing </ul> before </div>
waf_list_logging_configurations.html:63:1 (waf_list_logging_configurations.Rd:23): Warning: missing </ul> before </div>
waf_list_rate_based_rules.html:60:1 (waf_list_rate_based_rules.Rd:20): Warning: missing </ul> before </div>
waf_list_regex_match_sets.html:61:1 (waf_list_regex_match_sets.Rd:21): Warning: missing </ul> before </div>
waf_list_regex_pattern_sets.html:62:1 (waf_list_regex_pattern_sets.Rd:22): Warning: missing </ul> before </div>
waf_list_rule_groups.html:60:1 (waf_list_rule_groups.Rd:20): Warning: missing </ul> before </div>
waf_list_rules.html:60:1 (waf_list_rules.Rd:20): Warning: missing </ul> before </div>
waf_list_size_constraint_sets.html:62:1 (waf_list_size_constraint_sets.Rd:22): Warning: missing </ul> before </div>
waf_list_sql_injection_match_sets.html:61:1 (waf_list_sql_injection_match_sets.Rd:21): Warning: missing </ul> before </div>
waf_list_subscribed_rule_groups.html:61:1 (waf_list_subscribed_rule_groups.Rd:21): Warning: missing </ul> before </div>
waf_list_tags_for_resource.html:54:1 (waf_list_tags_for_resource.Rd:14): Warning: missing </ul> before </div>
waf_list_web_ac_ls.html:61:1 (waf_list_web_ac_ls.Rd:21): Warning: missing </ul> before </div>
waf_list_xss_match_sets.html:61:1 (waf_list_xss_match_sets.Rd:21): Warning: missing </ul> before </div>
waf_put_logging_configuration.html:53:1 (waf_put_logging_configuration.Rd:15): Warning: missing </ul> before </div>
waf_put_permission_policy.html:53:1 (waf_put_permission_policy.Rd:13): Warning: missing </ul> before </div>
waf_tag_resource.html:52:1 (waf_tag_resource.Rd:12): Warning: missing </ul> before </div>
waf_untag_resource.html:52:1 (waf_untag_resource.Rd:12): Warning: missing </ul> before </div>
waf_update_byte_match_set.html:75:1 (waf_update_byte_match_set.Rd:26): Warning: missing </ul> before </div>
waf_update_geo_match_set.html:75:1 (waf_update_geo_match_set.Rd:28): Warning: missing </ul> before </div>
waf_update_ip_set.html:71:1 (waf_update_ip_set.Rd:24): Warning: missing </ul> before </div>
waf_update_rate_based_rule.html:68:1 (waf_update_rate_based_rule.Rd:24): Warning: missing </ul> before </div>
waf_update_regex_match_set.html:62:1 (waf_update_regex_match_set.Rd:20): Warning: missing </ul> before </div>
waf_update_regex_pattern_set.html:61:1 (waf_update_regex_pattern_set.Rd:19): Warning: missing </ul> before </div>
waf_update_rule.html:72:1 (waf_update_rule.Rd:23): Warning: missing </ul> before </div>
waf_update_rule_group.html:69:1 (waf_update_rule_group.Rd:27): Warning: missing </ul> before </div>
waf_update_size_constraint_set.html:75:1 (waf_update_size_constraint_set.Rd:26): Warning: missing </ul> before </div>
waf_update_sql_injection_match_set.html:81:1 (waf_update_sql_injection_match_set.Rd:32): Warning: missing </ul> before </div>
waf_update_web_acl.html:86:1 (waf_update_web_acl.Rd:35): Warning: missing </ul> before </div>
waf_update_xss_match_set.html:74:1 (waf_update_xss_match_set.Rd:25): Warning: missing </ul> before </div>
wafregional_associate_web_acl.html:66:1 (wafregional_associate_web_acl.Rd:21): Warning: missing </ul> before </div>
wafregional_create_byte_match_set.html:54:1 (wafregional_create_byte_match_set.Rd:14): Warning: missing </ul> before </div>
wafregional_create_geo_match_set.html:54:1 (wafregional_create_geo_match_set.Rd:14): Warning: missing </ul> before </div>
wafregional_create_ip_set.html:54:1 (wafregional_create_ip_set.Rd:14): Warning: missing </ul> before </div>
wafregional_create_rate_based_rule.html:92:1 (wafregional_create_rate_based_rule.Rd:45): Warning: missing </ul> before </div>
wafregional_create_regex_match_set.html:54:1 (wafregional_create_regex_match_set.Rd:14): Warning: missing </ul> before </div>
wafregional_create_regex_pattern_set.html:54:1 (wafregional_create_regex_pattern_set.Rd:14): Warning: missing </ul> before </div>
wafregional_create_rule.html:65:1 (wafregional_create_rule.Rd:22): Warning: missing </ul> before </div>
wafregional_create_rule_group.html:66:1 (wafregional_create_rule_group.Rd:23): Warning: missing </ul> before </div>
wafregional_create_size_constraint_set.html:54:1 (wafregional_create_size_constraint_set.Rd:14): Warning: missing </ul> before </div>
wafregional_create_sql_injection_match_set.html:55:1 (wafregional_create_sql_injection_match_set.Rd:15): Warning: missing </ul> before </div>
wafregional_create_web_acl.html:78:1 (wafregional_create_web_acl.Rd:33): Warning: missing </ul> before </div>
wafregional_create_web_acl_migration_stack.html:82:1 (wafregional_create_web_acl_migration_stack.Rd:33): Warning: missing </ul> before </div>
wafregional_create_xss_match_set.html:54:1 (wafregional_create_xss_match_set.Rd:14): Warning: missing </ul> before </div>
wafregional_delete_byte_match_set.html:56:1 (wafregional_delete_byte_match_set.Rd:16): Warning: missing </ul> before </div>
wafregional_delete_geo_match_set.html:56:1 (wafregional_delete_geo_match_set.Rd:16): Warning: missing </ul> before </div>
wafregional_delete_ip_set.html:55:1 (wafregional_delete_ip_set.Rd:15): Warning: missing </ul> before </div>
wafregional_delete_logging_configuration.html:49:1 (wafregional_delete_logging_configuration.Rd:11): Warning: missing </ul> before </div>
wafregional_delete_permission_policy.html:51:1 (wafregional_delete_permission_policy.Rd:13): Warning: missing </ul> before </div>
wafregional_delete_rate_based_rule.html:56:1 (wafregional_delete_rate_based_rule.Rd:16): Warning: missing </ul> before </div>
wafregional_delete_regex_match_set.html:56:1 (wafregional_delete_regex_match_set.Rd:16): Warning: missing </ul> before </div>
wafregional_delete_regex_pattern_set.html:56:1 (wafregional_delete_regex_pattern_set.Rd:16): Warning: missing </ul> before </div>
wafregional_delete_rule.html:55:1 (wafregional_delete_rule.Rd:15): Warning: missing </ul> before </div>
wafregional_delete_rule_group.html:56:1 (wafregional_delete_rule_group.Rd:16): Warning: missing </ul> before </div>
wafregional_delete_size_constraint_set.html:57:1 (wafregional_delete_size_constraint_set.Rd:17): Warning: missing </ul> before </div>
wafregional_delete_sql_injection_match_set.html:57:1 (wafregional_delete_sql_injection_match_set.Rd:17): Warning: missing </ul> before </div>
wafregional_delete_web_acl.html:55:1 (wafregional_delete_web_acl.Rd:15): Warning: missing </ul> before </div>
wafregional_delete_xss_match_set.html:56:1 (wafregional_delete_xss_match_set.Rd:16): Warning: missing </ul> before </div>
wafregional_disassociate_web_acl.html:63:1 (wafregional_disassociate_web_acl.Rd:20): Warning: missing </ul> before </div>
wafregional_get_byte_match_set.html:51:1 (wafregional_get_byte_match_set.Rd:13): Warning: missing </ul> before </div>
wafregional_get_change_token_status.html:50:1 (wafregional_get_change_token_status.Rd:12): Warning: missing </ul> before </div>
wafregional_get_geo_match_set.html:51:1 (wafregional_get_geo_match_set.Rd:13): Warning: missing </ul> before </div>
wafregional_get_ip_set.html:50:1 (wafregional_get_ip_set.Rd:12): Warning: missing </ul> before </div>
wafregional_get_logging_configuration.html:49:1 (wafregional_get_logging_configuration.Rd:11): Warning: missing </ul> before </div>
wafregional_get_permission_policy.html:49:1 (wafregional_get_permission_policy.Rd:11): Warning: missing </ul> before </div>
wafregional_get_rate_based_rule.html:51:1 (wafregional_get_rate_based_rule.Rd:13): Warning: missing </ul> before </div>
wafregional_get_rate_based_rule_managed_keys.html:56:1 (wafregional_get_rate_based_rule_managed_keys.Rd:16): Warning: missing </ul> before </div>
wafregional_get_regex_match_set.html:51:1 (wafregional_get_regex_match_set.Rd:13): Warning: missing </ul> before </div>
wafregional_get_regex_pattern_set.html:51:1 (wafregional_get_regex_pattern_set.Rd:13): Warning: missing </ul> before </div>
wafregional_get_rule.html:50:1 (wafregional_get_rule.Rd:12): Warning: missing </ul> before </div>
wafregional_get_rule_group.html:50:1 (wafregional_get_rule_group.Rd:12): Warning: missing </ul> before </div>
wafregional_get_sampled_requests.html:86:1 (wafregional_get_sampled_requests.Rd:37): Warning: missing </ul> before </div>
wafregional_get_size_constraint_set.html:52:1 (wafregional_get_size_constraint_set.Rd:14): Warning: missing </ul> before </div>
wafregional_get_sql_injection_match_set.html:52:1 (wafregional_get_sql_injection_match_set.Rd:14): Warning: missing </ul> before </div>
wafregional_get_web_acl.html:50:1 (wafregional_get_web_acl.Rd:12): Warning: missing </ul> before </div>
wafregional_get_web_acl_for_resource.html:62:1 (wafregional_get_web_acl_for_resource.Rd:19): Warning: missing </ul> before </div>
wafregional_get_xss_match_set.html:51:1 (wafregional_get_xss_match_set.Rd:13): Warning: missing </ul> before </div>
wafregional_list_activated_rules_in_rule_group.html:70:1 (wafregional_list_activated_rules_in_rule_group.Rd:28): Warning: missing </ul> before </div>
wafregional_list_byte_match_sets.html:61:1 (wafregional_list_byte_match_sets.Rd:21): Warning: missing </ul> before </div>
wafregional_list_geo_match_sets.html:61:1 (wafregional_list_geo_match_sets.Rd:21): Warning: missing </ul> before </div>
wafregional_list_ip_sets.html:59:1 (wafregional_list_ip_sets.Rd:19): Warning: missing </ul> before </div>
wafregional_list_logging_configurations.html:63:1 (wafregional_list_logging_configurations.Rd:23): Warning: missing </ul> before </div>
wafregional_list_rate_based_rules.html:60:1 (wafregional_list_rate_based_rules.Rd:20): Warning: missing </ul> before </div>
wafregional_list_regex_match_sets.html:61:1 (wafregional_list_regex_match_sets.Rd:21): Warning: missing </ul> before </div>
wafregional_list_regex_pattern_sets.html:62:1 (wafregional_list_regex_pattern_sets.Rd:22): Warning: missing </ul> before </div>
wafregional_list_resources_for_web_acl.html:54:1 (wafregional_list_resources_for_web_acl.Rd:14): Warning: missing </ul> before </div>
wafregional_list_rule_groups.html:60:1 (wafregional_list_rule_groups.Rd:20): Warning: missing </ul> before </div>
wafregional_list_rules.html:60:1 (wafregional_list_rules.Rd:20): Warning: missing </ul> before </div>
wafregional_list_size_constraint_sets.html:62:1 (wafregional_list_size_constraint_sets.Rd:22): Warning: missing </ul> before </div>
wafregional_list_sql_injection_match_sets.html:61:1 (wafregional_list_sql_injection_match_sets.Rd:21): Warning: missing </ul> before </div>
wafregional_list_subscribed_rule_groups.html:61:1 (wafregional_list_subscribed_rule_groups.Rd:21): Warning: missing </ul> before </div>
wafregional_list_tags_for_resource.html:58:1 (wafregional_list_tags_for_resource.Rd:18): Warning: missing </ul> before </div>
wafregional_list_web_ac_ls.html:61:1 (wafregional_list_web_ac_ls.Rd:21): Warning: missing </ul> before </div>
wafregional_list_xss_match_sets.html:61:1 (wafregional_list_xss_match_sets.Rd:21): Warning: missing </ul> before </div>
wafregional_put_logging_configuration.html:53:1 (wafregional_put_logging_configuration.Rd:15): Warning: missing </ul> before </div>
wafregional_put_permission_policy.html:53:1 (wafregional_put_permission_policy.Rd:13): Warning: missing </ul> before </div>
wafregional_tag_resource.html:52:1 (wafregional_tag_resource.Rd:12): Warning: missing </ul> before </div>
wafregional_untag_resource.html:52:1 (wafregional_untag_resource.Rd:12): Warning: missing </ul> before </div>
wafregional_update_byte_match_set.html:75:1 (wafregional_update_byte_match_set.Rd:26): Warning: missing </ul> before </div>
wafregional_update_geo_match_set.html:75:1 (wafregional_update_geo_match_set.Rd:28): Warning: missing </ul> before </div>
wafregional_update_ip_set.html:71:1 (wafregional_update_ip_set.Rd:24): Warning: missing </ul> before </div>
wafregional_update_rate_based_rule.html:69:1 (wafregional_update_rate_based_rule.Rd:25): Warning: missing </ul> before </div>
wafregional_update_regex_match_set.html:62:1 (wafregional_update_regex_match_set.Rd:20): Warning: missing </ul> before </div>
wafregional_update_regex_pattern_set.html:61:1 (wafregional_update_regex_pattern_set.Rd:19): Warning: missing </ul> before </div>
wafregional_update_rule.html:72:1 (wafregional_update_rule.Rd:23): Warning: missing </ul> before </div>
wafregional_update_rule_group.html:69:1 (wafregional_update_rule_group.Rd:27): Warning: missing </ul> before </div>
wafregional_update_size_constraint_set.html:80:1 (wafregional_update_size_constraint_set.Rd:31): Warning: missing </ul> before </div>
wafregional_update_sql_injection_match_set.html:81:1 (wafregional_update_sql_injection_match_set.Rd:32): Warning: missing </ul> before </div>
wafregional_update_web_acl.html:91:1 (wafregional_update_web_acl.Rd:40): Warning: missing </ul> before </div>
wafregional_update_xss_match_set.html:74:1 (wafregional_update_xss_match_set.Rd:25): Warning: missing </ul> before </div>
wafv2_associate_web_acl.html:83:1 (wafv2_associate_web_acl.Rd:30): Warning: missing </ul> before </div>
wafv2_check_capacity.html:68:1 (wafv2_check_capacity.Rd:23): Warning: missing </ul> before </div>
wafv2_create_api_key.html:71:1 (wafv2_create_api_key.Rd:26): Warning: missing </ul> before </div>
wafv2_create_ip_set.html:140:1 (wafv2_create_ip_set.Rd:69): Warning: missing </ul> before </div>
wafv2_create_regex_pattern_set.html:87:1 (wafv2_create_regex_pattern_set.Rd:36): Warning: missing </ul> before </div>
wafv2_create_rule_group.html:129:1 (wafv2_create_rule_group.Rd:72): Warning: missing </ul> before </div>
wafv2_create_web_acl.html:179:1 (wafv2_create_web_acl.Rd:112): Warning: missing </ul> before </div>
wafv2_delete_api_key.html:66:1 (wafv2_delete_api_key.Rd:21): Warning: missing </ul> before </div>
wafv2_delete_firewall_manager_rule_groups.html:60:1 (wafv2_delete_firewall_manager_rule_groups.Rd:20): Warning: missing </ul> before </div>
wafv2_delete_ip_set.html:84:1 (wafv2_delete_ip_set.Rd:35): Warning: missing </ul> before </div>
wafv2_delete_logging_configuration.html:73:1 (wafv2_delete_logging_configuration.Rd:31): Warning: missing </ul> before </div>
wafv2_delete_permission_policy.html:51:1 (wafv2_delete_permission_policy.Rd:13): Warning: missing </ul> before </div>
wafv2_delete_regex_pattern_set.html:84:1 (wafv2_delete_regex_pattern_set.Rd:35): Warning: missing </ul> before </div>
wafv2_delete_rule_group.html:84:1 (wafv2_delete_rule_group.Rd:35): Warning: missing </ul> before </div>
wafv2_delete_web_acl.html:84:1 (wafv2_delete_web_acl.Rd:35): Warning: missing </ul> before </div>
wafv2_describe_all_managed_products.html:64:1 (wafv2_describe_all_managed_products.Rd:21): Warning: missing </ul> before </div>
wafv2_describe_managed_products_by_vendor.html:68:1 (wafv2_describe_managed_products_by_vendor.Rd:23): Warning: missing </ul> before </div>
wafv2_describe_managed_rule_group.html:79:1 (wafv2_describe_managed_rule_group.Rd:30): Warning: missing </ul> before </div>
wafv2_disassociate_web_acl.html:79:1 (wafv2_disassociate_web_acl.Rd:28): Warning: missing </ul> before </div>
wafv2_generate_mobile_sdk_release_url.html:53:1 (wafv2_generate_mobile_sdk_release_url.Rd:13): Warning: missing </ul> before </div>
wafv2_get_decrypted_api_key.html:66:1 (wafv2_get_decrypted_api_key.Rd:21): Warning: missing </ul> before </div>
wafv2_get_ip_set.html:73:1 (wafv2_get_ip_set.Rd:26): Warning: missing </ul> before </div>
wafv2_get_logging_configuration.html:69:1 (wafv2_get_logging_configuration.Rd:27): Warning: missing </ul> before </div>
wafv2_get_managed_rule_set.html:76:1 (wafv2_get_managed_rule_set.Rd:29): Warning: missing </ul> before </div>
wafv2_get_mobile_sdk_release.html:53:1 (wafv2_get_mobile_sdk_release.Rd:13): Warning: missing </ul> before </div>
wafv2_get_permission_policy.html:49:1 (wafv2_get_permission_policy.Rd:11): Warning: missing </ul> before </div>
wafv2_get_rate_based_statement_managed_keys.html:93:1 (wafv2_get_rate_based_statement_managed_keys.Rd:42): Warning: missing </ul> before </div>
wafv2_get_regex_pattern_set.html:73:1 (wafv2_get_regex_pattern_set.Rd:26): Warning: missing </ul> before </div>
wafv2_get_rule_group.html:77:1 (wafv2_get_rule_group.Rd:28): Warning: missing </ul> before </div>
wafv2_get_sampled_requests.html:99:1 (wafv2_get_sampled_requests.Rd:48): Warning: missing </ul> before </div>
wafv2_get_web_acl.html:73:1 (wafv2_get_web_acl.Rd:26): Warning: missing </ul> before </div>
wafv2_get_web_acl_for_resource.html:78:1 (wafv2_get_web_acl_for_resource.Rd:27): Warning: missing </ul> before </div>
wafv2_list_api_keys.html:77:1 (wafv2_list_api_keys.Rd:30): Warning: missing </ul> before </div>
wafv2_list_available_managed_rule_group_versions.html:93:1 (wafv2_list_available_managed_rule_group_versions.Rd:42): Warning: missing </ul> before </div>
wafv2_list_available_managed_rule_groups.html:81:1 (wafv2_list_available_managed_rule_groups.Rd:34): Warning: missing </ul> before </div>
wafv2_list_ip_sets.html:77:1 (wafv2_list_ip_sets.Rd:30): Warning: missing </ul> before </div>
wafv2_list_logging_configurations.html:94:1 (wafv2_list_logging_configurations.Rd:45): Warning: missing </ul> before </div>
wafv2_list_managed_rule_sets.html:76:1 (wafv2_list_managed_rule_sets.Rd:29): Warning: missing </ul> before </div>
wafv2_list_mobile_sdk_releases.html:63:1 (wafv2_list_mobile_sdk_releases.Rd:21): Warning: missing </ul> before </div>
wafv2_list_regex_pattern_sets.html:77:1 (wafv2_list_regex_pattern_sets.Rd:30): Warning: missing </ul> before </div>
wafv2_list_resources_for_web_acl.html:63:1 (wafv2_list_resources_for_web_acl.Rd:23): Warning: missing </ul> before </div>
wafv2_list_rule_groups.html:77:1 (wafv2_list_rule_groups.Rd:30): Warning: missing </ul> before </div>
wafv2_list_tags_for_resource.html:62:1 (wafv2_list_tags_for_resource.Rd:20): Warning: missing </ul> before </div>
wafv2_list_web_ac_ls.html:77:1 (wafv2_list_web_ac_ls.Rd:30): Warning: missing </ul> before </div>
wafv2_put_logging_configuration.html:49:1 (wafv2_put_logging_configuration.Rd:11): Warning: missing </ul> before </div>
wafv2_put_managed_rule_set_versions.html:105:1 (wafv2_put_managed_rule_set_versions.Rd:52): Warning: missing </ul> before </div>
wafv2_put_permission_policy.html:79:1 (wafv2_put_permission_policy.Rd:28): Warning: missing </ul> before </div>
wafv2_tag_resource.html:52:1 (wafv2_tag_resource.Rd:12): Warning: missing </ul> before </div>
wafv2_untag_resource.html:52:1 (wafv2_untag_resource.Rd:12): Warning: missing </ul> before </div>
wafv2_update_ip_set.html:141:1 (wafv2_update_ip_set.Rd:70): Warning: missing </ul> before </div>
wafv2_update_managed_rule_set_version_expiry_date.html:106:1 (wafv2_update_managed_rule_set_version_expiry_date.Rd:53): Warning: missing </ul> before </div>
wafv2_update_regex_pattern_set.html:99:1 (wafv2_update_regex_pattern_set.Rd:46): Warning: missing </ul> before </div>
wafv2_update_rule_group.html:124:1 (wafv2_update_rule_group.Rd:67): Warning: missing </ul> before </div>
wafv2_update_web_acl.html:193:1 (wafv2_update_web_acl.Rd:124): Warning: missing </ul> before </div>
Flavor: r-devel-linux-x86_64-debian-gcc
Version: 0.9.0
Check: installed package size
Result: NOTE
installed size is 7.8Mb
sub-directories of 1Mb or more:
R 3.1Mb
help 4.4Mb
Flavors: r-oldrel-macos-arm64, r-oldrel-macos-x86_64, r-oldrel-windows-x86_64