CRAN Package Check Results for Package pbv

Last updated on 2025-10-22 09:50:44 CEST.

Flavor Version Tinstall Tcheck Ttotal Status Flags
r-devel-linux-x86_64-debian-clang 0.5-47 16.47 26.36 42.83 NOTE
r-devel-linux-x86_64-debian-gcc 0.5-47 10.41 21.69 32.10 NOTE
r-devel-linux-x86_64-fedora-clang 0.5-47 46.00 19.14 65.14 OK
r-devel-linux-x86_64-fedora-gcc 0.5-47 33.00 26.11 59.11 OK
r-devel-windows-x86_64 0.5-47 21.00 58.00 79.00 OK
r-patched-linux-x86_64 0.5-47 13.43 23.72 37.15 OK
r-release-linux-x86_64 0.5-47 14.14 24.17 38.31 OK
r-release-macos-arm64 0.5-47 8.00 17.00 25.00 OK
r-release-macos-x86_64 0.5-47 27.00 33.00 60.00 OK
r-release-windows-x86_64 0.5-47 21.00 60.00 81.00 OK
r-oldrel-macos-arm64 0.5-47 6.00 19.00 25.00 OK
r-oldrel-macos-x86_64 0.5-47 11.00 24.00 35.00 OK
r-oldrel-windows-x86_64 0.5-47 26.00 69.00 95.00 OK

Check Details

Version: 0.5-47
Check: CRAN incoming feasibility
Result: NOTE Maintainer: ‘Alexander Robitzsch <robitzsch@ipn.uni-kiel.de>’ No Authors@R field in DESCRIPTION. Please add one, modifying Authors@R: person(given = "Alexander", family = "Robitzsch", role = c("aut", "cre"), email = "robitzsch@ipn.uni-kiel.de", comment = c(ORCID = "0000-0002-8226-3132")) as necessary. Flavors: r-devel-linux-x86_64-debian-clang, r-devel-linux-x86_64-debian-gcc