Last updated on 2025-10-21 09:48:41 CEST.
Flavor | Version | Tinstall | Tcheck | Ttotal | Status | Flags |
---|---|---|---|---|---|---|
r-devel-linux-x86_64-debian-clang | 1.0.4 | 7.75 | 60.23 | 67.98 | OK | |
r-devel-linux-x86_64-debian-gcc | 1.0.4 | 4.54 | 45.38 | 49.92 | NOTE | |
r-devel-linux-x86_64-fedora-clang | 1.0.4 | 102.90 | OK | |||
r-devel-linux-x86_64-fedora-gcc | 1.0.4 | 114.08 | OK | |||
r-devel-windows-x86_64 | 1.0.4 | 10.00 | 95.00 | 105.00 | OK | |
r-patched-linux-x86_64 | 1.0.4 | 8.61 | 56.21 | 64.82 | OK | |
r-release-linux-x86_64 | 1.0.4 | 7.75 | 56.66 | 64.41 | OK | |
r-release-macos-arm64 | 1.0.4 | 43.00 | OK | |||
r-release-macos-x86_64 | 1.0.4 | 74.00 | OK | |||
r-release-windows-x86_64 | 1.0.4 | 12.00 | 77.00 | 89.00 | OK | |
r-oldrel-macos-arm64 | 1.0.4 | 41.00 | OK | |||
r-oldrel-macos-x86_64 | 1.0.4 | 61.00 | OK | |||
r-oldrel-windows-x86_64 | 1.0.4 | 13.00 | 96.00 | 109.00 | OK |
Version: 1.0.4
Check: HTML version of manual
Result: NOTE
Found the following HTML validation problems:
add_left_sidebar.html:46:1 (add_left_sidebar.Rd:10): Warning: missing </ul> before </div>
add_reset_button.html:46:1 (add_reset_button.Rd:10): Warning: missing </ul> before </div>
add_right_sidebar.html:46:1 (add_right_sidebar.Rd:10): Warning: missing </ul> before </div>
remove_reset_button.html:46:1 (remove_reset_button.Rd:10): Warning: missing </ul> before </div>
ui_tooltip.html:55:1 (ui_tooltip.Rd:14): Warning: missing </ul> before </div>
Flavor: r-devel-linux-x86_64-debian-gcc